NOAA Style Reports for North Bayswater weather
Latitude S 37° 49' 25" Longitude E 145° 17' 47" Elevation 114 m
:now::gauges::today::yesterday::highs & lows::records::monthly records::trends::raincharts::NOAA Reports::forum::main pages: |
Select a Year or Month report
Report for 2022 Feb Monthly Climatological Summary for Feb 2022 Name: North Bayswater Weather City: Bayswater State: Victoria Elevation: 114 m Lat: S 37° 49' 25" Lon: E 145° 17' 47" Temperature (°C), Rain (mm), Wind Speed (km/h) Heat Cool Avg Mean Deg Deg Wind Dom Day Temp High Time Low Time Days Days Rain Speed High Time Dir ---------------------------------------------------------------------------------- 1 19.0 25.1 15:10 14.3 05:55 1.4 2.1 2.1 5.8 26.3 19:57 SW 2 16.1 20.8 13:11 12.9 01:36 2.5 0.3 0.5 3.4 28.8 15:13 SSW 3 15.7 20.3 12:57 10.5 07:01 2.8 0.2 0.0 3.4 24.1 17:40 SSW 4 19.8 26.2 15:58 13.4 06:23 1.1 2.6 0.0 4.7 22.7 20:47 SE 5 21.0 27.8 15:01 13.5 07:02 1.0 3.7 0.0 2.6 20.9 17:01 SSE 6 21.7 30.1 15:10 14.1 06:14 0.9 4.0 0.0 2.7 19.8 15:10 SE 7 22.5 30.3 16:07 14.5 05:55 0.7 5.0 0.0 2.8 23.4 17:47 SE 8 24.2 31.8 14:50 17.8 04:04 0.0 6.0 0.0 3.0 96.5 15:54 NE 9 22.9 31.5 16:06 18.8 05:57 0.0 4.6 0.0 3.7 19.1 13:42 NE 10 19.8 26.4 14:33 15.5 06:39 0.8 2.3 0.0 3.9 19.4 14:03 SSW 11 18.8 24.4 14:45 14.9 07:05 1.1 1.6 0.0 4.5 25.2 11:10 SSW 12 23.1 30.4 15:41 17.0 04:32 0.1 4.9 0.0 4.1 31.7 08:42 ENE 13 26.3 32.5 14:22 18.6 06:23 0.0 8.0 0.0 7.6 27.7 10:01 NE 14 25.6 36.8 14:19 18.6 07:50 0.0 7.3 0.0 5.6 23.8 19:20 WSW 15 21.1 28.1 15:32 15.9 05:46 0.4 3.2 0.0 3.1 17.3 18:06 SW 16 22.5 28.6 13:37 17.6 08:58 0.0 4.2 0.5 2.5 15.5 16:03 SW 17 20.0 25.3 17:27 -0.2 12:02 0.7 2.4 0.0 3.1 22.0 18:48 SW 18 17.3 22.4 16:37 11.8 06:59 1.9 0.9 0.0 4.1 24.5 13:33 SW 19 19.3 27.1 15:55 12.8 06:52 1.6 2.6 0.0 2.7 14.4 16:25 SW 20 20.0 29.4 13:08 14.5 05:35 1.2 2.9 3.1 3.0 15.5 13:43 SW 21 17.1 22.9 14:46 13.2 02:36 2.2 1.0 0.0 3.8 18.0 14:11 SSW 22 21.1 28.3 15:19 15.6 05:44 0.5 3.3 0.0 2.9 17.6 15:42 WNW 23 26.8 35.6 16:28 20.4 09:00 0.0 8.5 0.0 3.3 22.3 10:41 NNE 24 21.6 28.1 15:33 17.5 08:19 0.1 3.4 0.0 3.6 19.8 17:20 SW 25 21.5 26.1 15:14 17.9 09:00 0.0 3.2 0.0 4.0 94.0 23:31 SSW 26 22.8 30.5 16:01 15.5 07:04 0.4 4.9 0.0 2.6 19.8 18:22 SSE 27 22.7 28.1 15:55 18.1 09:00 0.0 4.4 0.0 1.9 94.0 16:51 W 28 23.1 28.4 16:26 20.1 09:00 0.0 4.8 0.0 2.6 16.2 15:27 SW ---------------------------------------------------------------------------------- 21.2 36.8 14 -0.2 17 21.4 102.3 6.2 3.6 96.5 8 SSW Max >= 40.0: 0 Max <= 18.0: 0 Min <= 18.0: 22 Min <= 10.0: 1 Max Rain: 3.1 on day 20 Days of Rain: 4 (>= 0.2 mm) 2 (>= 2.0 mm) 0 (>= 20.0 mm) Heat Base: 18.3 Cool Base: 18.3 Method: Integration |
Page updated 17/06/2018 4:30:02 PM
powered by
Cumulus
1.9.4 b1099