NOAA Style Reports for North Bayswater weather
Latitude S 37° 49' 25" Longitude E 145° 17' 47" Elevation 114 m
:now::gauges::today::yesterday::highs & lows::records::monthly records::trends::raincharts::NOAA Reports::forum::main pages: |
Select a Year or Month report
Report for 2022 Mar Monthly Climatological Summary for Mar 2022 Name: North Bayswater Weather City: Bayswater State: Victoria Elevation: 114 m Lat: S 37° 49' 25" Lon: E 145° 17' 47" Temperature (°C), Rain (mm), Wind Speed (km/h) Heat Cool Avg Mean Deg Deg Wind Dom Day Temp High Time Low Time Days Days Rain Speed High Time Dir ---------------------------------------------------------------------------------- 1 22.3 26.2 14:53 19.4 06:38 0.0 4.0 6.7 1.6 23.0 22:57 E 2 24.1 30.2 16:03 17.6 07:17 0.0 5.8 0.0 2.7 17.6 13:36 ENE 3 24.8 33.1 16:17 18.1 05:57 0.0 6.5 0.0 2.0 15.8 15:32 SE 4 25.6 33.3 14:20 18.3 07:06 0.0 7.3 32.6 3.6 24.1 18:48 N 5 19.0 23.0 18:23 15.9 07:14 0.4 1.2 2.6 4.0 16.6 00:13 SSW 6 17.8 21.1 14:33 15.1 07:51 1.1 0.6 0.0 5.6 93.2 18:19 SSE 7 20.6 27.2 15:31 15.1 04:58 0.8 3.1 0.5 4.2 23.4 02:56 SSW 8 18.0 22.3 15:54 14.8 06:17 1.2 0.9 0.0 5.3 95.8 16:17 SSE 9 17.4 23.1 15:57 12.9 05:13 2.1 1.3 0.0 4.0 17.6 11:01 SSE 10 16.8 22.6 13:41 10.9 07:34 2.6 1.1 0.0 2.8 16.9 15:24 SSW 11 16.4 23.1 14:29 10.9 07:47 2.8 0.9 0.0 2.4 94.0 15:25 SSW 12 18.6 25.8 16:34 13.1 09:00 1.6 2.0 0.0 2.5 15.1 17:36 SSW 13 24.1 30.9 15:41 16.6 09:00 0.0 5.8 0.0 4.8 28.1 12:16 NE 14 23.6 30.6 14:37 18.7 08:19 0.0 5.3 0.0 2.5 20.9 16:59 SE 15 22.7 29.5 13:21 18.5 06:03 0.0 4.4 0.0 3.3 23.4 11:27 NE 16 19.9 23.6 15:31 17.3 04:49 0.1 1.7 0.5 4.3 25.2 12:59 NE 17 23.7 30.1 16:29 19.1 08:24 0.0 5.4 0.0 3.6 20.2 10:51 N 18 18.6 24.3 15:09 13.2 07:25 1.3 1.7 0.0 3.8 16.9 01:45 S 19 22.6 30.4 16:03 14.9 09:00 0.3 4.6 0.0 2.0 17.3 13:21 NE 20 21.9 30.0 15:49 18.0 04:10 0.0 3.6 0.0 2.2 19.4 17:00 SW 21 22.9 30.8 14:42 18.1 07:50 0.0 4.6 0.0 2.9 16.2 17:48 SW 22 18.4 25.3 12:15 12.8 07:47 1.3 1.4 4.7 1.9 15.5 14:34 SW 23 15.7 20.6 14:53 11.9 05:12 2.9 0.3 0.0 2.1 18.4 16:29 SSW 24 16.0 22.6 14:52 10.1 08:00 3.3 1.0 0.0 1.9 16.6 17:41 SSW 25 16.7 23.0 15:49 -9.2 05:54 2.7 1.1 0.0 3.1 16.6 17:27 SSE 26 18.7 26.8 16:30 12.8 09:00 1.8 2.3 0.0 2.2 13.0 17:26 N 27 21.5 29.2 15:25 15.8 05:48 0.7 3.8 0.0 2.9 21.2 10:12 NNE 28 19.6 26.1 14:50 13.3 05:40 1.3 2.6 0.0 2.9 125.0 11:02 SW 29 17.9 23.1 15:46 15.1 07:07 1.3 0.9 0.0 3.1 19.4 17:03 SSW 30 15.9 21.3 15:28 11.3 04:36 2.8 0.4 0.0 3.3 95.0 15:18 SSW 31 16.1 21.8 12:49 12.2 07:44 2.9 0.6 0.0 4.4 24.1 12:53 SE ---------------------------------------------------------------------------------- 19.9 33.3 4 -9.2 25 35.3 86.2 47.6 3.2 125.0 28 SSE Max >= 40.0: 0 Max <= 18.0: 0 Min <= 18.0: 24 Min <= 10.0: 1 Max Rain: 32.6 on day 4 Days of Rain: 6 (>= 0.2 mm) 4 (>= 2.0 mm) 1 (>= 20.0 mm) Heat Base: 18.3 Cool Base: 18.3 Method: Integration |
Page updated 17/06/2018 4:30:02 PM
powered by
Cumulus
1.9.4 b1099