NOAA Style Reports for North Bayswater weather
Latitude S 37° 49' 25" Longitude E 145° 17' 47" Elevation 114 m
:now::gauges::today::yesterday::highs & lows::records::monthly records::trends::raincharts::NOAA Reports::forum::main pages: |
Select a Year or Month report
Report for 2022 Aug Monthly Climatological Summary for Aug 2022 Name: North Bayswater Weather City: Bayswater State: Victoria Elevation: 114 m Lat: S 37° 49' 25" Lon: E 145° 17' 47" Temperature (°C), Rain (mm), Wind Speed (km/h) Heat Cool Avg Mean Deg Deg Wind Dom Day Temp High Time Low Time Days Days Rain Speed High Time Dir ---------------------------------------------------------------------------------- 1 11.5 14.1 14:32 8.9 09:00 6.8 0.0 1.0 7.0 97.9 18:06 N 2 13.1 16.4 13:45 10.6 09:00 5.2 0.0 1.0 14.8 44.6 01:27 NNE 3 16.1 18.4 14:19 14.1 09:00 2.2 0.0 0.0 8.2 28.8 14:55 NNE 4 13.9 18.1 14:45 11.1 05:19 4.4 0.0 0.0 8.3 22.0 14:22 NNE 5 11.2 13.8 14:59 9.1 06:02 7.1 0.0 5.7 3.8 22.3 11:00 NNE 6 11.4 14.6 13:45 9.8 09:00 6.9 0.0 4.1 1.3 11.2 13:39 WNW 7 9.7 15.6 14:41 5.3 07:42 8.2 0.0 0.0 1.1 11.9 17:06 SW 8 8.1 14.5 14:23 2.5 05:52 10.2 0.0 0.0 1.8 11.2 12:12 SW 9 8.1 13.8 13:33 3.1 04:28 10.2 0.0 0.0 1.7 8.3 16:26 E 10 11.5 13.6 08:56 6.1 09:00 6.8 0.0 0.0 10.2 26.3 22:31 NE 11 10.8 14.1 10:21 8.8 03:24 7.5 0.0 3.6 7.5 26.6 12:40 NE 12 11.9 14.4 13:32 7.3 07:53 6.4 0.0 0.0 4.0 16.6 11:17 NE 13 11.7 19.2 18:49 7.1 02:43 7.0 0.1 0.0 1.7 11.9 15:57 SSE 14 11.1 12.1 17:08 9.3 09:00 7.2 0.0 5.2 7.2 26.3 03:45 W 15 11.6 14.9 14:42 9.4 23:57 6.7 0.0 10.4 5.0 28.4 11:51 W 16 10.4 12.9 10:36 6.8 07:21 7.9 0.0 3.1 3.2 26.6 13:44 SW 17 12.6 15.5 13:53 8.4 09:00 5.7 0.0 1.0 12.9 47.9 15:03 NE 18 11.9 14.9 14:56 -7.9 13:11 6.4 0.0 11.4 5.5 29.9 10:35 NNE 19 12.0 15.4 14:34 8.9 09:00 6.3 0.0 5.7 4.4 15.1 02:44 NNW 20 9.2 14.4 13:48 4.8 00:57 9.1 0.0 0.0 3.3 18.7 13:48 SSW 21 10.9 14.2 14:15 7.3 09:00 7.4 0.0 0.0 9.0 20.9 06:48 NNE 22 10.9 16.9 14:54 6.6 06:04 7.4 0.0 26.9 3.7 30.6 13:02 NNW 23 9.1 12.2 13:53 7.3 03:42 9.2 0.0 1.0 3.2 21.6 13:15 WSW 24 10.7 12.3 12:48 8.8 09:00 7.6 0.0 14.0 2.6 92.2 21:01 W 25 11.9 13.8 16:32 10.2 07:17 6.4 0.0 0.5 1.7 16.9 12:41 SW 26 11.6 14.9 13:46 8.1 04:12 6.7 0.0 0.0 1.4 10.8 08:53 SSE 27 13.1 19.8 14:53 8.6 03:46 5.4 0.2 0.0 2.5 16.9 11:29 NNE 28 16.2 20.2 12:43 12.4 09:00 2.3 0.2 0.0 8.4 30.6 00:34 NE 29 13.0 17.3 11:55 8.9 06:42 5.3 0.0 15.0 4.6 23.0 06:15 NE 30 9.6 12.1 13:42 5.3 07:16 8.7 0.0 6.2 3.2 20.2 18:36 WNW 31 10.5 16.5 14:08 5.8 02:09 7.8 0.0 0.0 1.6 14.0 14:18 N ---------------------------------------------------------------------------------- 11.5 20.2 28 -7.9 18 212.4 0.5 115.8 5.0 97.9 1 NNE Max >= 40.0: 0 Max <= 18.0: 26 Min <= 18.0: 31 Min <= 10.0: 26 Max Rain: 26.9 on day 22 Days of Rain: 17 (>= 0.2 mm) 12 (>= 2.0 mm) 1 (>= 20.0 mm) Heat Base: 18.3 Cool Base: 18.3 Method: Integration |
Page updated 17/06/2018 4:30:02 PM
powered by
Cumulus
1.9.4 b1099