NOAA Style Reports for North Bayswater weather
Latitude S 37° 49' 25" Longitude E 145° 17' 47" Elevation 114 m
:now::gauges::today::yesterday::highs & lows::records::monthly records::trends::raincharts::NOAA Reports::forum::main pages: |
Select a Year or Month report
Report for 2022 Oct Monthly Climatological Summary for Oct 2022 Name: North Bayswater Weather City: Bayswater State: Victoria Elevation: 114 m Lat: S 37° 49' 25" Lon: E 145° 17' 47" Temperature (°C), Rain (mm), Wind Speed (km/h) Heat Cool Avg Mean Deg Deg Wind Dom Day Temp High Time Low Time Days Days Rain Speed High Time Dir ---------------------------------------------------------------------------------- 1 13.2 21.4 15:03 6.3 07:20 5.3 0.4 0.0 2.3 10.4 10:23 N 2 12.6 19.8 13:22 6.0 05:21 5.6 0.2 0.0 2.9 16.9 16:34 SW 3 15.2 22.3 16:21 9.5 07:24 3.8 0.7 0.0 1.3 12.6 16:29 SW 4 15.0 19.1 12:18 12.5 00:24 3.4 0.0 0.0 4.2 19.1 12:01 SSE 5 13.5 15.3 12:34 11.9 03:31 4.8 0.0 8.3 2.9 18.4 15:32 E 6 17.1 21.1 14:52 14.0 09:00 1.8 0.6 14.5 8.1 29.2 16:07 NNE 7 13.9 19.1 17:30 7.9 07:02 4.4 0.0 13.5 2.3 15.8 12:09 NE 8 11.1 17.2 14:57 7.1 06:31 7.2 0.0 1.0 2.9 23.8 13:47 SW 9 10.1 15.3 15:33 4.6 04:32 8.2 0.0 0.0 2.4 19.8 15:41 SSW 10 13.3 19.8 16:38 7.6 05:57 5.2 0.2 0.0 2.0 12.2 14:28 WSW 11 17.1 22.1 14:42 12.4 09:00 2.1 0.9 0.0 5.8 26.6 12:42 NNE 12 15.9 17.6 09:00 14.8 07:51 2.5 0.0 24.3 9.0 31.3 00:47 NE 13 13.3 17.2 11:38 10.1 03:25 5.0 0.0 27.5 6.8 29.9 11:40 NNE 14 12.9 17.4 16:06 8.4 05:27 5.4 0.0 3.6 3.9 23.0 16:46 WNW 15 15.2 19.3 14:20 12.1 06:24 3.2 0.1 1.0 2.3 14.8 11:03 NW 16 11.8 17.9 15:26 4.4 06:01 6.5 0.0 0.0 2.6 14.4 10:45 WSW 17 13.0 19.0 14:48 7.2 05:22 5.4 0.1 0.0 3.5 17.3 15:50 S 18 14.1 21.3 17:02 6.8 05:34 4.8 0.6 0.0 1.9 13.7 15:43 NW 19 19.0 24.8 14:57 9.6 06:24 1.2 1.9 0.0 3.6 18.7 16:01 SW 20 19.5 26.6 15:49 13.6 06:07 3.0 2.7 0.0 2.1 13.3 11:41 SW 21 21.1 26.4 16:00 16.6 09:00 0.2 2.9 3.6 2.6 12.6 15:28 NE 22 17.0 20.7 17:15 13.6 04:53 1.8 0.5 6.7 2.5 16.6 19:55 SSW 23 17.7 22.5 14:18 14.3 05:11 1.6 1.0 1.6 4.9 18.4 11:10 SSW 24 18.9 23.4 15:45 16.0 06:32 0.6 1.2 1.0 2.5 14.8 21:15 SSE 25 18.8 25.4 15:36 15.9 07:48 1.1 1.6 19.7 2.4 13.3 17:23 ESE 26 16.6 19.6 16:56 14.2 05:54 1.8 0.1 18.6 2.4 12.6 06:41 WNW 27 14.0 17.4 15:17 10.4 05:06 4.3 0.0 19.7 4.0 25.2 03:17 NW 28 11.6 14.2 15:14 10.2 05:38 6.7 0.0 9.3 5.0 21.6 22:12 W 29 12.4 16.4 13:35 8.6 04:03 5.9 0.0 2.6 3.0 15.5 12:20 W 30 18.5 22.3 15:02 12.5 09:00 0.6 0.8 0.0 12.8 31.3 01:46 NNE 31 14.7 22.5 10:37 9.3 06:47 4.4 0.8 3.6 4.2 29.9 09:41 W ---------------------------------------------------------------------------------- 15.1 26.6 20 4.4 16 117.8 17.3 180.1 3.8 31.3 12 NNW Max >= 40.0: 0 Max <= 18.0: 10 Min <= 18.0: 31 Min <= 10.0: 14 Max Rain: 27.5 on day 13 Days of Rain: 18 (>= 0.2 mm) 14 (>= 2.0 mm) 2 (>= 20.0 mm) Heat Base: 18.3 Cool Base: 18.3 Method: Integration |
Page updated 17/06/2018 4:30:02 PM
powered by
Cumulus
1.9.4 b1099