NOAA Style Reports for North Bayswater weather
Latitude S 37° 49' 25" Longitude E 145° 17' 47" Elevation 114 m
:now::gauges::today::yesterday::highs & lows::records::monthly records::trends::raincharts::NOAA Reports::forum::main pages: |
Select a Year or Month report
Report for 2022 Nov Monthly Climatological Summary for Nov 2022 Name: North Bayswater Weather City: Bayswater State: Victoria Elevation: 114 m Lat: S 37° 49' 25" Lon: E 145° 17' 47" Temperature (°C), Rain (mm), Wind Speed (km/h) Heat Cool Avg Mean Deg Deg Wind Dom Day Temp High Time Low Time Days Days Rain Speed High Time Dir ---------------------------------------------------------------------------------- 1 9.6 15.3 11:45 6.5 05:44 8.7 0.0 19.2 3.1 19.1 12:55 W 2 11.9 15.0 15:27 9.2 05:27 6.4 0.0 8.3 4.8 20.9 02:07 WSW 3 13.4 16.4 14:48 10.8 09:00 4.9 0.0 0.5 3.3 24.1 14:35 SW 4 14.6 20.3 16:07 10.9 03:47 3.9 0.2 0.0 2.2 12.2 18:17 SSW 5 17.9 24.3 13:53 11.6 06:42 2.3 1.9 0.0 3.6 19.4 15:10 N 6 20.8 28.1 16:37 13.2 06:10 1.2 3.7 0.0 3.5 18.0 12:39 NE 7 20.8 28.1 14:52 14.2 05:45 0.9 3.4 0.0 3.2 14.4 11:48 NE 8 21.7 30.1 15:47 15.4 05:40 0.6 4.0 1.0 5.2 20.5 09:17 NE 9 24.8 31.2 16:44 19.3 05:36 0.0 6.5 0.0 7.6 27.7 08:23 NE 10 21.8 29.4 13:32 17.5 04:33 0.1 3.6 2.1 5.5 31.7 11:47 NNE 11 17.9 22.9 11:35 13.9 04:05 1.6 1.2 0.5 2.3 22.0 14:46 SSW 12 18.2 23.1 14:17 15.6 05:16 1.0 0.9 7.8 2.6 12.6 13:00 S 13 20.4 25.8 14:29 13.1 07:26 1.0 3.2 6.7 6.9 21.2 16:01 NNE 14 12.4 16.2 11:56 8.1 06:18 5.9 0.0 15.0 4.2 19.8 12:48 SW 15 9.8 14.0 15:10 6.9 05:09 8.5 0.0 27.4 4.0 25.6 17:24 SW 16 12.0 15.9 16:03 9.6 09:07 6.3 0.0 2.1 3.8 24.5 16:58 SW 17 12.3 17.1 12:43 6.7 06:17 6.0 0.0 0.0 2.4 15.5 12:13 SSW 18 19.3 25.3 15:25 -6.6 08:00 1.1 2.0 0.0 3.6 18.4 08:36 NNE 19 16.9 21.6 18:03 11.6 06:22 2.1 0.7 15.0 10.0 36.7 16:49 NNE 20 13.6 20.6 14:32 7.9 04:31 4.9 0.3 2.6 6.7 24.8 16:19 WNW 21 10.2 13.8 13:36 8.4 00:06 8.1 0.0 6.7 8.5 57.2 12:08 WSW 22 13.9 16.8 15:54 11.3 05:33 4.4 0.0 1.6 5.4 25.6 08:26 WSW 23 14.6 18.5 12:35 12.6 03:17 3.7 0.0 0.0 2.8 24.1 13:47 WSW 24 15.1 18.8 16:55 12.2 03:48 3.2 0.0 0.0 2.1 12.6 11:53 SW 25 15.8 21.4 17:52 9.9 04:33 3.2 0.6 0.0 2.3 14.8 07:43 SW 26 21.2 28.3 16:10 15.6 03:40 0.7 3.5 1.0 8.1 25.2 10:09 NNE 27 15.0 21.6 15:22 9.4 05:39 3.8 0.5 0.0 3.4 19.4 19:20 WSW 28 15.3 18.9 14:45 12.3 05:57 3.0 0.0 0.5 4.7 19.8 20:28 WSW 29 15.9 21.4 16:03 10.7 02:18 3.1 0.7 0.0 3.2 19.8 16:23 SW 30 16.5 22.1 15:37 12.9 02:24 2.4 0.7 0.0 2.7 13.7 14:41 SSW ---------------------------------------------------------------------------------- 16.1 31.2 9 -6.6 18 103.0 37.6 118.0 4.4 57.2 21 WNW Max >= 40.0: 0 Max <= 18.0: 9 Min <= 18.0: 29 Min <= 10.0: 11 Max Rain: 27.4 on day 15 Days of Rain: 17 (>= 0.2 mm) 11 (>= 2.0 mm) 1 (>= 20.0 mm) Heat Base: 18.3 Cool Base: 18.3 Method: Integration |
Page updated 17/06/2018 4:30:02 PM
powered by
Cumulus
1.9.4 b1099