NOAA Style Reports for North Bayswater weather
Latitude S 37° 49' 25" Longitude E 145° 17' 47" Elevation 114 m
:now::gauges::today::yesterday::highs & lows::records::monthly records::trends::raincharts::NOAA Reports::forum::main pages: |
Select a Year or Month report
Report for 2023 Mar Monthly Climatological Summary for Mar 2023 Name: North Bayswater Weather City: Bayswater State: Victoria Elevation: 114 m Lat: S 37° 49' 25" Lon: E 145° 17' 47" Temperature (°C), Rain (mm), Wind Speed (km/h) Heat Cool Avg Mean Deg Deg Wind Dom Day Temp High Time Low Time Days Days Rain Speed High Time Dir ---------------------------------------------------------------------------------- 1 18.2 22.9 16:53 14.8 07:46 1.1 0.9 0.0 2.2 22.7 13:25 SSW 2 17.4 21.5 15:58 14.4 05:54 1.4 0.6 0.0 2.3 19.1 07:47 S 3 18.2 24.8 16:25 12.6 06:54 1.7 1.6 0.0 2.6 16.9 13:11 S 4 23.7 31.5 15:35 16.1 09:00 0.1 5.5 0.0 5.0 21.6 11:33 NNE 5 23.2 34.3 14:45 14.6 07:47 0.0 4.9 15.5 5.6 23.8 00:25 NNE 6 19.8 24.8 15:00 14.9 06:27 0.7 2.2 0.0 5.3 23.4 04:44 WNW 7 18.0 23.9 15:48 11.8 07:28 1.8 1.4 7.3 6.5 29.2 16:58 WNW 8 15.0 19.2 15:31 11.6 07:44 3.4 0.0 0.0 5.2 25.2 15:38 WSW 9 17.5 22.8 16:43 13.3 09:00 1.6 0.9 0.0 2.9 27.0 18:07 W 10 19.1 25.3 17:48 14.2 07:50 1.1 1.8 0.0 1.7 10.4 18:40 SSW 11 19.9 26.8 15:56 16.1 09:00 0.8 2.4 0.0 2.7 13.7 20:02 SSW 12 16.5 21.5 13:34 11.6 07:52 2.4 0.6 0.0 2.9 17.3 13:08 SSW 13 19.6 26.6 16:17 13.6 09:00 0.9 2.2 0.0 1.9 9.7 05:58 N 14 23.9 30.4 15:42 18.5 09:00 0.0 5.6 2.1 3.1 20.9 11:19 NNE 15 23.0 31.4 16:11 17.8 08:04 0.0 4.7 0.0 7.5 9.7 10:50 WSW 16 21.7 27.9 16:09 16.6 07:15 0.3 3.8 2.1 8.3 8.3 09:00 WSW 17 19.6 25.9 18:02 14.4 04:03 0.9 2.2 0.0 8.1 21.2 08:09 WSW 18 22.7 32.1 17:43 17.0 07:43 0.2 4.6 0.0 12.1 32.4 11:09 NE 19 16.9 20.3 13:36 13.8 08:03 1.7 0.3 0.0 2.6 14.8 08:03 SSW 20 16.6 22.9 16:01 11.3 07:23 2.6 1.0 0.0 3.5 20.5 10:08 SSE 21 16.8 20.0 15:15 12.7 09:00 1.7 0.2 12.4 0.9 12.2 14:19 NNE 22 19.2 24.9 15:16 15.4 01:50 1.0 1.9 0.5 1.5 19.4 16:35 SW 23 18.5 24.4 17:45 15.4 01:17 1.1 1.3 17.1 2.3 21.2 10:45 SW 24 16.0 21.2 15:17 11.5 07:59 2.8 0.5 0.0 2.8 18.4 19:51 S 25 15.5 21.8 14:31 10.0 07:39 3.4 0.6 0.0 2.6 19.4 15:05 S 26 17.5 22.1 16:13 12.1 09:00 1.5 0.6 0.0 1.6 8.3 17:04 SW 27 16.8 18.4 15:04 15.8 09:25 1.5 0.0 8.3 2.2 14.8 14:23 NE 28 19.1 24.2 16:22 14.6 08:54 0.7 1.5 7.3 2.8 10.4 16:48 SW 29 13.9 17.7 16:56 -6.2 16:30 4.4 0.0 16.6 3.9 26.3 17:23 SW 30 14.9 18.5 16:25 -8.0 22:14 3.4 0.0 1.6 2.4 16.9 10:59 WSW 31 14.3 20.1 14:39 10.3 06:52 4.1 0.2 3.6 2.1 13.0 09:59 SW ---------------------------------------------------------------------------------- 18.5 34.3 5 -8.0 30 48.3 54.0 94.4 3.8 32.4 18 WSW Max >= 40.0: 0 Max <= 18.0: 1 Min <= 18.0: 30 Min <= 10.0: 3 Max Rain: 17.1 on day 23 Days of Rain: 12 (>= 0.2 mm) 10 (>= 2.0 mm) 0 (>= 20.0 mm) Heat Base: 18.3 Cool Base: 18.3 Method: Integration |
Page updated 17/06/2018 4:30:02 PM
powered by
Cumulus
1.9.4 b1099