NOAA Style Reports for North Bayswater weather
Latitude S 37° 49' 25" Longitude E 145° 17' 47" Elevation 114 m
:now::gauges::today::yesterday::highs & lows::records::monthly records::trends::raincharts::NOAA Reports::forum::main pages: |
Select a Year or Month report
Report for 2023 Sep Monthly Climatological Summary for Sep 2023 Name: North Bayswater Weather City: Bayswater State: Victoria Elevation: 114 m Lat: S 37° 49' 25" Lon: E 145° 17' 47" Temperature (°C), Rain (mm), Wind Speed (km/h) Heat Cool Avg Mean Deg Deg Wind Dom Day Temp High Time Low Time Days Days Rain Speed High Time Dir ---------------------------------------------------------------------------------- 1 9.9 15.1 12:54 4.5 05:02 8.4 0.0 0.5 1.6 14.4 12:09 S 2 11.0 18.3 15:06 5.6 05:46 7.3 0.0 0.0 3.1 11.2 11:32 NE 3 14.7 19.9 15:01 10.8 09:00 3.6 0.0 0.0 6.9 23.4 11:44 NNE 4 14.0 23.1 13:13 6.9 06:16 4.3 0.0 11.9 5.5 36.0 10:11 NNE 5 9.2 13.3 11:40 5.5 01:05 9.1 0.0 1.0 4.4 24.8 08:58 NW 6 14.5 18.3 14:43 11.3 09:00 3.8 0.0 0.0 10.4 27.7 06:25 NE 7 14.5 23.3 15:07 8.3 06:31 3.8 0.0 6.7 10.2 36.4 03:11 NNE 8 8.2 10.1 16:22 5.9 04:25 10.1 0.0 4.7 7.3 41.8 12:35 W 9 11.2 14.6 14:37 8.4 09:00 7.1 0.0 0.0 3.3 22.7 11:07 W 10 11.7 14.9 12:22 9.2 04:41 6.6 0.0 0.0 1.7 13.7 10:39 SW 11 12.7 16.4 15:15 9.3 06:07 5.6 0.0 0.0 1.2 10.4 08:19 NNE 12 14.9 22.9 13:51 7.5 05:51 3.4 0.0 0.0 3.3 16.6 13:53 W 13 15.8 23.9 15:07 9.2 06:13 2.5 0.0 0.0 2.1 21.2 08:53 N 14 19.8 24.7 13:12 16.1 06:56 0.0 1.5 0.0 8.4 25.2 00:35 NNE 15 16.7 25.2 13:32 8.4 06:14 1.6 0.0 0.0 2.3 19.4 14:37 NNW 16 18.3 24.5 14:16 10.8 05:51 0.0 0.0 0.0 4.1 20.5 14:37 NNW 17 17.7 24.3 13:00 13.4 06:33 0.6 0.0 0.0 3.3 14.8 11:47 W 18 16.4 19.4 12:20 13.9 09:00 1.9 0.0 0.0 3.2 15.8 08:32 NE 19 19.8 26.3 14:36 13.6 07:44 0.0 1.5 3.6 5.6 20.2 13:21 N 20 12.5 16.9 11:40 7.6 06:34 6.2 0.0 1.0 3.7 28.4 11:21 WSW 21 11.1 16.3 15:12 5.5 06:03 7.2 0.0 0.0 2.5 18.4 13:25 SW 22 11.2 17.6 14:24 5.2 06:30 7.1 0.0 0.0 2.1 16.2 16:39 S 23 12.9 20.4 15:12 6.6 06:01 5.7 0.2 0.0 1.6 11.2 12:55 SSW 24 18.5 24.1 14:24 14.4 09:00 1.3 1.6 1.5 14.2 26.3 12:55 NE 25 16.0 24.2 12:01 9.2 06:37 3.4 1.1 0.0 10.6 17.6 09:00 NE 26 15.4 21.1 13:56 11.8 06:17 3.3 0.4 0.0 2.9 11.9 11:32 WSW 27 14.2 18.4 13:06 11.5 06:09 4.1 0.0 0.0 2.4 22.0 14:59 SW 28 14.3 22.1 15:13 7.4 06:36 4.7 0.7 0.0 2.0 14.4 08:51 WSW 29 20.2 27.8 13:38 14.9 04:58 1.1 3.0 0.0 4.2 18.0 10:55 NE 30 23.7 29.6 13:11 19.2 23:44 0.0 5.2 0.0 7.4 18.0 09:56 NW ---------------------------------------------------------------------------------- 14.7 29.6 30 4.5 1 123.8 15.2 30.9 4.7 41.8 8 N Max >= 40.0: 0 Max <= 18.0: 9 Min <= 18.0: 29 Min <= 10.0: 18 Max Rain: 11.9 on day 4 Days of Rain: 8 (>= 0.2 mm) 4 (>= 2.0 mm) 0 (>= 20.0 mm) Heat Base: 18.3 Cool Base: 18.3 Method: Integration |
Page updated 17/06/2018 4:30:02 PM
powered by
Cumulus
1.9.4 b1099