NOAA Style Reports for North Bayswater weather
Latitude S 37° 49' 25" Longitude E 145° 17' 47" Elevation 114 m
:now::gauges::today::yesterday::highs & lows::records::monthly records::trends::raincharts::NOAA Reports::forum::main pages: |
Select a Year or Month report
Report for 2023 Nov Monthly Climatological Summary for Nov 2023 Name: North Bayswater Weather City: Bayswater State: Victoria Elevation: 114 m Lat: S 37° 49' 25" Lon: E 145° 17' 47" Temperature (°C), Rain (mm), Wind Speed (km/h) Heat Cool Avg Mean Deg Deg Wind Dom Day Temp High Time Low Time Days Days Rain Speed High Time Dir ---------------------------------------------------------------------------------- 1 13.5 17.2 12:48 10.6 04:02 4.8 0.0 0.0 2.2 16.6 16:45 SSW 2 14.2 18.7 14:15 11.6 06:01 4.1 0.0 0.0 3.2 13.7 15:45 S 3 13.6 17.8 15:18 9.2 05:36 4.7 0.0 0.0 2.8 15.1 17:26 SSW 4 15.4 22.8 15:08 9.4 06:16 3.7 0.8 0.0 4.2 20.2 20:38 SSE 5 18.4 26.3 16:22 12.1 05:54 2.0 2.1 0.0 2.5 22.7 08:52 NW 6 22.9 30.3 15:42 15.8 05:55 0.2 4.8 0.0 5.5 22.7 10:36 NNE 7 23.9 32.0 14:09 17.2 05:56 0.1 5.7 1.0 7.7 19.4 09:59 NE 8 21.2 32.6 15:12 15.1 03:42 1.1 3.9 1.0 3.6 25.9 09:57 N 9 19.5 26.2 16:28 15.1 05:47 0.7 1.9 0.0 1.6 12.2 16:47 SW 10 27.4 33.8 16:27 22.2 09:00 0.0 9.1 0.0 6.0 24.5 12:23 N 11 16.1 24.0 09:00 11.3 02:03 2.8 0.6 0.0 3.2 15.5 13:36 SSW 12 15.8 21.0 15:04 12.5 06:12 2.9 0.4 0.5 3.9 16.9 12:47 SW 13 16.8 23.2 14:48 12.8 00:09 2.6 1.2 0.0 2.9 18.4 17:58 SSW 14 14.2 17.6 15:51 11.6 02:27 4.1 0.0 0.5 1.0 11.5 15:06 SSW 15 16.6 22.1 15:57 12.9 05:39 2.6 0.9 5.2 2.5 15.8 17:35 SSW 16 14.4 19.3 12:56 10.7 04:56 3.9 0.0 0.5 4.1 24.8 15:30 SW 17 15.1 19.0 18:06 13.1 22:12 3.2 0.0 0.0 1.9 14.8 11:15 SSW 18 16.9 24.3 15:05 10.8 03:41 2.8 1.5 0.0 2.7 13.0 11:14 WSW 19 18.5 27.3 15:08 13.3 09:00 2.0 2.2 0.0 2.9 13.0 13:00 SW 20 16.5 19.9 18:07 14.5 00:20 2.0 0.2 0.0 2.3 11.2 20:18 SSW 21 16.9 21.6 15:56 13.3 06:04 2.1 0.6 0.0 3.3 18.4 03:38 SW 22 18.1 24.1 16:05 14.1 04:30 1.7 1.5 0.0 3.5 18.0 19:13 SSW 23 21.8 28.8 16:19 16.6 09:00 0.3 3.8 0.0 2.1 6.5 10:39 SSW 24 22.0 29.9 13:14 17.9 01:48 0.0 3.8 14.5 1.3 18.7 04:52 NE 25 21.3 28.1 13:26 15.9 08:02 0.5 3.5 13.5 6.2 4.0 09:00 NE 26 16.6 20.4 16:27 14.2 05:54 1.8 0.2 1.6 5.4 8.3 06:31 NE 27 15.9 18.5 18:00 13.9 00:28 2.4 0.0 0.0 2.9 10.8 20:22 SSW 28 20.1 26.8 15:38 15.6 09:00 0.3 2.1 1.0 4.3 31.7 08:14 SE 29 16.3 18.8 15:54 13.9 05:41 2.0 0.0 3.1 8.4 33.5 21:22 SE 30 16.0 18.4 13:30 14.0 01:34 2.3 0.0 1.5 4.5 22.0 10:09 SSW ---------------------------------------------------------------------------------- 17.9 33.8 10 9.2 3 63.7 50.8 43.9 3.6 33.5 29 S Max >= 40.0: 0 Max <= 18.0: 3 Min <= 18.0: 29 Min <= 10.0: 2 Max Rain: 14.5 on day 24 Days of Rain: 12 (>= 0.2 mm) 4 (>= 2.0 mm) 0 (>= 20.0 mm) Heat Base: 18.3 Cool Base: 18.3 Method: Integration |
Page updated 17/06/2018 4:30:02 PM
powered by
Cumulus
1.9.4 b1099