NOAA Style Reports for North Bayswater weather
Latitude S 37° 49' 25" Longitude E 145° 17' 47" Elevation 114 m
:now::gauges::today::yesterday::highs & lows::records::monthly records::trends::raincharts::NOAA Reports::forum::main pages: |
Select a Year or Month report
Report for 2024 Feb Monthly Climatological Summary for Feb 2024 Name: North Bayswater Weather City: Bayswater State: Victoria Elevation: 114 m Lat: S 37° 49' 25" Lon: E 145° 17' 47" Temperature (°C), Rain (mm), Wind Speed (km/h) Heat Cool Avg Mean Deg Deg Wind Dom Day Temp High Time Low Time Days Days Rain Speed High Time Dir ---------------------------------------------------------------------------------- 1 20.8 27.1 16:25 16.4 06:37 0.3 2.8 0.0 7.6 7.6 09:00 WSW 2 18.2 24.3 16:37 11.8 05:40 2.0 1.9 0.0 7.6 7.6 09:00 WSW 3 24.2 34.5 17:37 15.1 06:28 0.5 6.4 0.0 7.6 7.6 09:00 WSW 4 29.2 38.2 16:40 20.6 09:00 0.0 10.9 0.0 7.6 7.6 09:00 WSW 5 17.6 21.4 10:56 13.2 06:40 1.3 0.6 1.0 7.6 7.6 09:00 WSW 6 17.5 23.6 16:25 11.2 05:52 2.3 1.6 0.0 7.6 7.6 09:00 WSW 7 19.1 25.0 15:43 13.4 06:35 1.4 2.3 0.0 7.6 7.6 09:00 WSW 8 21.3 27.6 16:01 16.8 09:00 0.0 3.0 0.0 7.6 7.6 09:00 WSW 9 19.4 25.1 15:38 15.0 06:31 0.9 2.0 0.0 7.6 7.6 09:00 WSW 10 22.9 30.4 17:20 17.0 06:30 0.1 4.7 0.0 7.6 7.6 09:00 WSW 11 26.7 34.3 16:31 18.7 06:31 0.0 8.5 0.0 7.6 7.6 09:00 WSW 12 28.9 37.5 16:22 20.9 05:34 0.0 10.6 0.0 7.6 7.6 09:00 WSW 13 24.2 37.5 13:47 14.8 07:01 0.7 6.6 5.2 7.6 7.6 09:00 WSW 14 15.6 21.8 14:01 9.9 06:58 3.4 0.7 0.0 6.5 7.6 09:00 WSW 15 18.1 25.3 15:34 12.1 05:44 2.0 1.8 0.0 0.0 0.0 09:00 --- 16 19.2 26.6 15:39 13.6 05:36 1.4 2.3 0.0 0.0 0.0 09:00 --- 17 19.5 26.3 16:29 14.2 05:11 1.1 2.3 0.0 0.0 0.0 09:00 --- 18 20.1 27.1 16:04 16.4 01:32 0.7 2.4 0.0 0.0 0.0 09:00 --- 19 20.4 26.5 15:40 16.5 01:54 0.4 2.5 0.0 0.0 0.0 09:00 --- 20 24.6 33.9 16:55 18.4 05:53 0.0 6.3 4.1 0.0 0.0 09:00 --- 21 26.6 34.3 15:09 22.3 05:49 0.0 9.3 0.0 0.0 0.0 09:00 N 22 26.3 37.6 16:16 17.9 05:47 0.0 8.0 0.0 0.0 0.0 09:00 --- 23 18.0 22.1 13:21 15.3 02:12 1.3 0.9 0.0 0.0 0.0 09:00 --- 24 17.6 23.9 15:02 11.3 07:17 2.3 1.6 0.0 0.1 2.5 05:58 ENE 25 23.0 31.6 15:36 15.5 09:00 0.2 5.0 0.5 0.0 0.0 09:00 --- 26 17.9 24.2 13:41 12.6 06:21 1.9 1.6 0.0 1.5 15.5 22:27 SW 27 23.8 33.1 17:30 15.1 09:00 0.1 5.6 0.0 3.1 14.4 08:51 NNE 28 27.1 34.8 17:21 19.1 08:00 0.0 8.8 0.0 5.3 0.0 09:00 NE 29 20.4 27.8 15:45 14.4 06:01 0.9 3.0 0.0 4.4 5.0 08:34 NE ---------------------------------------------------------------------------------- 21.7 38.2 4 9.9 14 25.2 124.0 10.8 4.1 15.5 26 WSW Max >= 40.0: 0 Max <= 18.0: 0 Min <= 18.0: 23 Min <= 10.0: 1 Max Rain: 5.2 on day 13 Days of Rain: 4 (>= 0.2 mm) 2 (>= 2.0 mm) 0 (>= 20.0 mm) Heat Base: 18.3 Cool Base: 18.3 Method: Integration |
Page updated 17/06/2018 4:30:02 PM
powered by
Cumulus
1.9.4 b1099