NOAA-Style Climate Reports

Select a Year or Month report

Report for 2020 Sep
                   Monthly Climatological Summary for Sep 2020

Name: North Bayswater Weather   City: Bayswater   State: Victoria
Elevation: 114 m  Lat: S 37° 49' 25"   Lon: E 145° 17' 47"

                  Temperature (°C), Rain (mm), Wind Speed (km/h)

                                      Heat  Cool        Avg
    Mean                              Deg   Deg         Wind                 Dom
Day Temp  High   Time   Low    Time   Days  Days  Rain  Speed High   Time    Dir
----------------------------------------------------------------------------------
 1  12.4  15.6   14:22   7.5   09:00   5.9   0.0   0.0   8.1  35.6   23:47   ENE
 2  16.1  21.3   15:22  11.5   06:43   2.6   0.4   0.0   6.4  46.4   11:34   ENE
 3  13.3  19.6   13:30   7.2   06:37   5.1   0.1   0.0   2.8  35.6   10:04     N
 4  12.5  17.3   13:31   8.1   06:28   5.8   0.0   1.0   1.7  15.8   12:33   NNE
 5  11.4  16.4   15:40   6.3   06:29   6.8   0.0   0.0   0.5   9.4   12:08   WNW
 6  13.9  19.5   14:31   9.6   05:43   4.4   0.1   0.0   2.7  21.6   12:46   ENE
 7  19.2  22.3   14:25  14.9   09:00   0.1   1.0   0.0  14.5  41.0   01:02   ENE
 8  13.3  21.3   10:54   7.5   06:40   5.3   0.4   2.1   1.0  19.4   09:02    NE
 9  10.3  16.4   13:31 -21.2   22:08   8.0   0.0   0.0   1.0  16.9   12:44     S
10  15.1  21.9   15:24  10.1   09:00   3.8   0.5   0.0   2.8  29.2   05:17   ENE
11  16.2  20.9   13:13  13.3   08:59   2.4   0.3   0.5   6.2  31.7   09:06   ENE
12  13.5  16.1   14:08  12.1   06:22   4.8   0.0   9.8   0.9  14.0   14:33     E
13  12.3  17.2   14:39   8.9   23:52   6.0   0.0   0.0   1.2  16.6   14:07     W
14  11.6  17.1   14:45   6.9   06:55   6.7   0.0   0.0   1.0  14.8   10:26   WNW
15  11.8  18.1   14:31   6.4   04:29   6.5   0.0   0.0   1.3  14.4   07:05   ENE
16  20.4  21.9   13:00  14.4   09:00   0.2   2.4   0.0   7.8  25.6   11:41   NNE
17  20.6  20.6   09:00  20.6   09:00   0.0   2.3   0.0  ----   0.0   09:00   ---
18  16.2  20.6   09:00  11.9   01:05   2.8   0.8   0.0   0.3   9.7   08:41   ENE
19  20.6  25.9   13:54  15.9   06:53   0.4   2.7   0.0   8.2 111.0   08:38   ENE
20  19.1  23.1   12:46  16.5   08:21   0.4   1.3   0.0   9.6  36.0   00:09   ENE
21  14.7  18.9   14:57  11.4   06:35   3.6   0.0   0.0   7.1  29.2   15:38    NE
22  13.0  18.4   13:41   9.9   05:56   5.3   0.0   2.1   4.7  35.6   16:31     N
----------------------------------------------------------------------------------
    14.9  25.9    19   -21.2     9    86.9  12.3  15.5   4.2 111.0    19     ENE

Max >=  40.0:  0
Max <=  18.0:  7
Min <=  18.0: 21
Min <=  10.0: 11
Max Rain: 9.8 on day 12
Days of Rain: 5 (>= 0.2 mm)  3 (>= 2.0 mm)  0 (>= 20.0 mm)
Heat Base: 18.3  Cool Base: 18.3  Method: Integration