NOAA-Style Climate Reports
Select a Year or Month report
Report for 2020 Annual Climatological Summary for 2020 Name: North Bayswater Weather City: Bayswater State: Victoria Elevation: 114 m Lat: S 37° 49' 25" Lon: E 145° 17' 47" Temperature (°C), Heat Base: 18.3 Cool Base: 18.3 Dep. Heat Cool Max Max Min Min Mean Mean From Deg Deg >= <= <= <= YR MO Max Min Mean Norm Days Days Hi Date Low Date 40.0 18.0 18.0 10.0 ------------------------------------------------------------------------------------ 20 1 28.5 14.8 20.9 -1.1 42 121 42.8 31 8.8 23 1 2 27 1 20 2 26.0 14.9 19.8 -2.2 37 80 35.4 14 8.1 26 0 0 20 2 20 3 23.8 12.8 17.8 -2.2 69 53 32.6 19 8.6 15 0 1 30 5 20 4 19.0 10.5 14.4 -1.6 126 8 24.9 1 5.8 27 0 11 30 11 20 5 15.5 8.0 11.3 -2.2 217 0 21.9 7 2.9 14 0 26 31 22 20 6 13.8 6.1 9.8 -0.7 254 0 17.8 19 1.3 28 0 30 30 27 20 7 13.0 6.5 9.5 -0.5 274 0 17.3 1 3.2 30 0 31 31 31 20 8 14.5 6.9 10.4 -0.1 243 0 20.6 30 2.6 6 0 29 31 29 20 9 18.5 9.6 13.8 0.8 147 12 25.9 19 3.5 28 0 13 29 18 20 10 20.3 10.4 15.0 -1.5 125 22 28.8 3 5.0 11 0 9 31 12 20 11 25.8 13.7 19.5 1.0 57 92 35.1 27 7.1 7 0 2 26 8 20 12 24.7 12.3 18.1 -3.4 71 64 35.8 15 8.1 2 0 1 30 7 ------------------------------------------------------------------------------------ 20.3 10.5 15.0 -1.2 1667 457 42.8 Jan 1.3 Jun 1 155 346 173 Precipitation (mm) Dep. Max Days of Rain From Obs. >= YR MO Total Norm Day Date 0.2 2.0 20.0 --------------------------------------------- 20 1 100.7 44.4 20.2 20 14 10 1 20 2 90.2 29.2 36.8 18 9 6 2 20 3 52.9 -0.7 28.5 4 8 6 1 20 4 169.3 98.8 41.4 3 15 13 2 20 5 77.1 1.7 16.6 2 13 8 0 20 6 45.1 -31.6 15.0 1 10 9 0 20 7 39.8 -32.6 8.3 3 12 7 0 20 8 86.5 8.3 19.2 22 18 11 0 20 9 60.0 -23.5 19.7 25 11 9 0 20 10 78.7 3.7 26.9 23 10 9 1 20 11 52.7 -33.7 32.1 22 9 6 1 20 12 72.6 -8.1 17.6 22 10 7 0 --------------------------------------------- 925.6 55.9 41.4 Apr 139 101 8 Wind Speed (km/h) Dom YR MO Avg. Hi Date Dir ------------------------------ 20 1 2.6 42.5 22 E 20 2 2.4 82.8 13 SW 20 3 2.0 37.1 29 ENE 20 4 2.6 41.0 19 NE 20 5 3.8 42.1 1 ENE 20 6 2.6 38.5 30 ENE 20 7 1.5 77.4 6 ENE 20 8 3.2 36.0 27 NE 20 9 4.2 111.0 19 NE 20 10 4.3 43.6 2 E 20 11 4.1 43.2 21 NE 20 12 3.7 39.6 27 WSW ------------------------------ 3.1 111.0 Sep ENE |