NOAA-Style Climate Reports
Select a Year or Month report
Report for 2010 Jul Monthly Climatological Summary for Jul 2010 Name: North Bayswater Weather City: State: Elevation: 114 m Lat: S 37° 49' 25" Lon: E 145° 17' 47" Temperature (°C), Rain (mm), Wind Speed (km/h) Heat Cool Avg Mean Deg Deg Wind Dom Day Temp High Time Low Time Days Days Rain Speed High Time Dir ---------------------------------------------------------------------------------- 1 10.3 12.9 13:22 8.8 09:00 8.0 0.0 0.0 6.6 16.2 11:01 NNE 2 9.9 12.9 13:09 8.8 07:41 8.4 0.0 10.9 3.2 14.8 13:03 NNE 3 10.8 12.4 15:05 9.1 09:00 7.5 0.0 2.6 1.0 13.0 12:18 SW 4 9.6 12.8 13:16 5.0 06:27 8.7 0.0 0.0 0.4 6.1 08:54 NE 5 7.9 13.8 14:31 3.5 05:09 10.4 0.0 0.5 1.1 9.7 09:20 NNE 6 7.1 12.6 13:53 3.8 04:02 11.2 0.0 0.5 1.3 15.8 14:45 WSW 7 9.8 12.4 15:53 7.0 09:00 8.5 0.0 1.6 0.6 10.8 13:14 NE 8 7.8 13.0 14:12 3.5 06:25 10.5 0.0 0.0 0.5 6.5 13:12 SE 9 10.3 14.9 14:20 4.9 09:00 8.0 0.0 0.5 2.3 41.4 05:29 NNE 10 12.8 14.6 12:30 10.9 06:45 5.5 0.0 0.0 12.8 39.6 13:26 NNE 11 11.6 15.6 14:32 7.9 04:40 6.7 0.0 0.0 6.1 23.0 10:39 NNE 12 12.3 16.9 13:28 9.4 00:06 6.0 0.0 0.0 4.0 27.0 06:24 NNE 13 13.0 16.3 14:51 8.9 07:52 5.3 0.0 8.8 9.0 37.8 14:58 NNE 14 9.4 12.1 13:21 7.0 06:32 8.9 0.0 10.4 5.2 30.6 12:37 NNW 15 10.4 12.5 15:11 7.8 09:00 7.9 0.0 0.5 0.9 25.2 08:41 SSW 16 10.5 13.8 14:32 5.8 06:10 7.8 0.0 0.0 0.8 14.4 08:42 NNE 17 9.9 13.3 13:25 7.2 09:00 8.4 0.0 0.0 4.9 28.8 08:20 N 18 10.5 14.1 13:08 9.0 08:59 7.8 0.0 8.8 7.4 41.0 10:14 NNE 19 7.3 12.9 14:59 2.6 04:54 11.0 0.0 0.5 1.0 13.0 08:24 SW 20 9.0 11.3 15:09 6.0 09:00 9.3 0.0 2.6 2.6 13.0 09:20 NE 21 10.1 13.3 13:45 8.1 21:23 8.2 0.0 0.0 1.0 9.4 14:47 SW 22 11.2 12.4 15:57 9.4 09:00 7.1 0.0 4.1 0.7 5.4 06:55 NE 23 10.8 12.5 15:42 8.6 08:06 7.5 0.0 0.0 0.6 9.0 09:27 SSW 24 9.0 12.6 12:19 6.1 23:09 9.3 0.0 0.0 1.1 11.9 13:12 WSW 25 9.2 14.4 15:44 4.7 04:29 9.1 0.0 0.0 1.3 8.6 13:28 NE 26 8.1 14.0 14:40 3.5 06:42 10.2 0.0 0.0 1.3 9.7 15:04 NE 27 9.4 14.4 13:27 5.3 09:00 8.9 0.0 0.0 1.5 7.9 12:29 E 28 11.9 15.1 14:39 7.0 09:00 6.4 0.0 1.6 0.5 7.2 12:28 S 29 13.0 16.2 12:58 10.9 04:08 5.3 0.0 0.5 3.0 20.9 13:13 NNE 30 13.5 17.0 13:05 11.2 05:07 4.8 0.0 1.0 7.2 30.6 13:53 NNE 31 12.6 15.8 15:01 9.6 08:49 5.7 0.0 5.2 5.9 35.3 02:20 NNW ---------------------------------------------------------------------------------- 10.3 17.0 30 2.6 19 248.3 0.0 60.6 3.1 41.4 9 NNE Max >= 27.0: 0 Max <= 0.0: 0 Min <= 0.0: 0 Min <= -18.0: 0 Max Rain: 10.9 on day 2 Days of Rain: 17 (>= 0.2 mm) 8 (>= 2.0 mm) 0 (>= 20.0 mm) Heat Base: 18.3 Cool Base: 18.3 Method: Integration |