NOAA-Style Climate Reports
Select a Year or Month report
Report for 2010 Aug Monthly Climatological Summary for Aug 2010 Name: North Bayswater Weather City: State: Elevation: 114 m Lat: S 37° 49' 25" Lon: E 145° 17' 47" Temperature (°C), Rain (mm), Wind Speed (km/h) Heat Cool Avg Mean Deg Deg Wind Dom Day Temp High Time Low Time Days Days Rain Speed High Time Dir ---------------------------------------------------------------------------------- 1 9.2 12.8 12:43 7.6 23:39 9.1 0.0 15.5 5.5 35.3 22:28 W 2 11.2 13.8 13:04 9.0 09:00 7.1 0.0 4.1 5.3 29.2 12:34 SSW 3 10.9 12.6 15:17 9.0 06:28 7.4 0.0 0.0 1.9 16.6 07:13 SSW 4 9.6 12.7 13:58 6.0 05:06 8.7 0.0 7.8 4.3 27.4 13:51 NNE 5 9.6 11.9 14:49 8.1 09:00 8.7 0.0 5.7 2.8 23.0 16:06 SW 6 8.3 12.4 14:51 4.1 04:55 10.0 0.0 0.5 1.6 13.3 14:36 SW 7 9.3 13.9 13:39 5.9 06:00 9.0 0.0 0.0 2.7 16.6 08:56 NE 8 9.8 14.7 13:32 5.9 05:31 8.5 0.0 0.0 6.2 31.0 11:39 NE 9 10.3 16.4 15:48 5.8 01:07 8.0 0.0 0.5 2.1 14.8 11:14 NNE 10 9.4 12.1 15:47 7.3 04:00 8.9 0.0 11.4 1.1 13.3 05:17 NNE 11 10.0 11.6 11:49 8.8 20:25 8.3 0.0 26.4 2.9 40.0 04:17 NNE 12 11.2 13.3 14:03 10.1 07:16 7.1 0.0 1.6 9.1 37.8 13:51 SW 13 11.3 13.6 15:35 9.7 01:26 7.0 0.0 0.5 1.7 27.4 07:46 NNW 14 12.7 15.3 13:40 10.4 05:04 5.6 0.0 0.0 14.2 43.6 14:39 NNE 15 10.7 13.4 15:23 8.1 03:33 7.6 0.0 12.4 6.6 33.5 18:55 NNE 16 8.3 11.3 15:39 5.6 04:32 10.0 0.0 2.1 4.8 36.0 14:22 WSW 17 9.6 13.9 15:11 6.9 03:51 8.7 0.0 0.0 2.5 23.0 08:14 NE 18 11.0 12.1 08:55 9.6 09:00 7.3 0.0 0.5 11.2 40.0 12:52 NE 19 10.1 16.1 14:12 5.8 06:07 8.2 0.0 2.6 7.8 36.0 15:18 NNW 20 9.4 12.3 14:47 7.8 09:00 8.9 0.0 1.5 5.9 25.9 16:17 NNW 21 9.5 13.8 13:23 5.6 05:42 8.8 0.0 2.6 3.6 20.9 16:25 NW 22 11.6 15.9 14:31 8.1 06:22 6.7 0.0 0.0 5.1 31.0 12:40 NNE 23 12.3 16.3 13:28 9.5 06:32 6.0 0.0 0.0 6.8 25.2 12:26 NNE 24 8.8 14.0 11:27 4.1 06:48 9.5 0.0 7.3 7.7 36.4 17:10 N 25 8.3 10.3 15:08 6.9 09:00 10.0 0.0 1.0 6.8 37.8 11:59 N 26 9.8 12.9 14:22 7.3 06:28 8.5 0.0 5.7 4.5 16.9 00:00 NW 27 9.5 12.2 14:58 7.9 22:10 8.8 0.0 1.5 3.9 27.4 14:25 SW 28 10.8 13.7 16:16 8.3 03:49 7.5 0.0 0.5 1.1 14.4 15:20 SSW 29 9.7 14.4 15:16 4.9 04:33 8.6 0.0 0.0 0.7 7.2 08:50 NE 30 12.6 17.0 14:59 9.1 09:00 5.7 0.0 0.0 3.4 30.2 08:49 NNE 31 12.3 14.4 13:45 10.7 06:41 6.0 0.0 9.8 11.0 36.4 21:29 NE ---------------------------------------------------------------------------------- 10.2 17.0 30 4.1 6 250.2 0.0 121.5 5.0 43.6 14 N Max >= 27.0: 0 Max <= 0.0: 0 Min <= 0.0: 0 Min <= -18.0: 0 Max Rain: 26.4 on day 11 Days of Rain: 22 (>= 0.2 mm) 13 (>= 2.0 mm) 1 (>= 20.0 mm) Heat Base: 18.3 Cool Base: 18.3 Method: Integration |