NOAA-Style Climate Reports
Select a Year or Month report
Report for 2012 Jun Monthly Climatological Summary for Jun 2012 Name: North Bayswater Weather City: State: Elevation: 114 m Lat: S 37° 49' 25" Lon: E 145° 17' 47" Temperature (°C), Rain (mm), Wind Speed (km/h) Heat Cool Avg Mean Deg Deg Wind Dom Day Temp High Time Low Time Days Days Rain Speed High Time Dir ---------------------------------------------------------------------------------- 1 9.3 15.7 14:52 4.4 07:02 9.0 0.0 0.5 2.0 6.8 15:43 NE 2 10.6 14.5 15:00 5.3 09:00 7.7 0.0 0.0 1.1 13.7 19:04 SW 3 11.8 13.9 15:07 8.5 09:00 6.5 0.0 6.7 0.8 15.5 06:25 NE 4 11.9 14.3 11:08 10.3 05:40 6.4 0.0 19.2 4.4 35.3 19:42 SSW 5 9.5 11.8 14:14 6.9 02:08 8.8 0.0 0.0 6.1 27.0 09:57 SSW 6 10.8 12.5 11:00 8.9 09:00 7.2 0.0 0.5 1.5 12.2 10:38 S 7 11.2 13.3 13:24 9.9 05:48 7.1 0.0 0.5 1.2 15.1 16:14 SW 8 11.3 12.3 13:10 10.7 05:28 7.0 0.0 14.5 1.2 11.2 14:29 WSW 9 11.0 13.3 13:50 8.9 06:09 7.3 0.0 1.6 1.1 11.2 15:33 WSW 10 9.6 12.8 12:29 6.5 06:48 8.7 0.0 0.5 0.7 7.2 04:33 NE 11 7.2 12.3 16:13 3.3 05:56 11.1 0.0 0.0 1.0 9.4 12:35 NE 12 10.1 15.8 14:39 5.5 09:00 8.2 0.0 0.0 1.3 94.0 08:48 ENE 13 12.4 16.4 14:08 9.5 01:40 5.9 0.0 0.0 4.0 30.6 05:57 ENE 14 13.0 15.3 13:55 10.4 07:16 5.3 0.0 0.0 7.1 30.6 14:25 NE 15 11.6 15.5 13:18 9.3 06:09 6.7 0.0 0.0 3.9 21.2 14:35 NE 16 12.5 15.8 13:16 10.3 09:00 5.8 0.0 0.5 5.4 24.8 11:12 NNE 17 11.4 14.1 13:32 8.4 00:24 7.0 0.0 2.6 2.6 22.0 16:39 W 18 11.7 14.4 14:32 8.1 07:02 6.6 0.0 3.6 2.3 16.6 00:47 N 19 8.0 12.8 13:53 4.5 03:50 10.3 0.0 0.5 1.6 19.4 08:59 NE 20 11.1 12.7 01:13 6.9 09:00 7.2 0.0 17.1 10.9 41.8 13:22 NE 21 10.1 10.5 10:32 8.9 06:18 8.2 0.0 33.1 5.7 26.3 14:49 NE 22 8.4 11.1 13:58 6.1 06:00 9.9 0.0 4.7 1.6 23.4 15:41 S 23 10.6 11.6 14:49 7.1 09:00 7.7 0.0 0.0 3.0 15.1 00:46 N 24 12.8 14.9 13:09 10.4 09:00 5.5 0.0 1.0 3.3 25.2 12:41 NW 25 10.1 14.4 13:36 6.4 06:29 8.2 0.0 1.0 2.6 22.3 13:08 WSW 26 7.4 11.6 14:27 3.8 02:09 10.9 0.0 0.0 1.9 32.8 15:08 SSE 27 9.2 13.8 14:30 6.2 09:00 9.1 0.0 0.0 1.5 16.6 08:45 NE 28 12.8 15.3 14:20 10.1 09:00 5.5 0.0 0.0 9.0 38.2 12:32 NE 29 10.7 15.2 12:30 8.2 07:41 7.6 0.0 1.5 8.8 38.2 10:29 NNE 30 9.5 12.0 13:52 7.6 03:49 8.8 0.0 0.0 5.2 23.0 11:41 NNE ---------------------------------------------------------------------------------- 10.6 16.4 13 3.3 11 231.2 0.0 109.6 3.4 94.0 12 NE Max >= 27.0: 0 Max <= 0.0: 0 Min <= 0.0: 0 Min <= -18.0: 0 Max Rain: 33.1 on day 21 Days of Rain: 18 (>= 0.2 mm) 8 (>= 2.0 mm) 1 (>= 20.0 mm) Heat Base: 18.3 Cool Base: 18.3 Method: Integration |