NOAA-Style Climate Reports
Select a Year or Month report
Report for 2016 Jun Monthly Climatological Summary for Jun 2016 Name: North Bayswater Weather City: State: Elevation: 114 m Lat: S 37° 49' 25" Lon: E 145° 17' 47" Temperature (°C), Rain (mm), Wind Speed (km/h) Heat Cool Avg Mean Deg Deg Wind Dom Day Temp High Time Low Time Days Days Rain Speed High Time Dir ---------------------------------------------------------------------------------- 1 8.9 16.1 14:44 3.9 06:28 9.4 0.0 0.0 0.3 6.1 15:01 WSW 2 11.0 15.8 14:02 6.3 09:00 7.3 0.0 0.0 1.0 10.4 05:47 WSW 3 11.1 13.9 14:53 8.4 09:08 7.2 0.0 4.1 0.4 6.5 15:29 NE 4 12.4 13.5 15:25 10.8 07:27 5.9 0.0 2.6 0.5 6.1 19:01 NE 5 12.7 15.9 11:51 8.5 06:33 5.6 0.0 2.1 0.4 8.3 16:01 NE 6 11.7 13.9 14:20 9.8 09:00 6.6 0.0 0.0 3.2 15.8 12:18 NE 7 12.2 13.3 11:31 10.9 08:05 6.1 0.0 5.7 1.3 13.0 11:37 NNW 8 12.7 14.3 12:56 11.1 09:00 5.6 0.0 0.0 8.2 37.4 18:36 NE 9 12.6 16.3 13:26 9.9 02:54 5.7 0.0 2.6 3.8 20.5 13:32 NNW 10 10.9 13.9 12:06 7.5 05:49 7.4 0.0 3.1 3.2 25.2 14:34 NNE 11 8.9 12.2 14:08 6.1 06:12 9.4 0.0 1.0 2.0 19.4 15:02 WSW 12 7.5 12.7 13:27 3.3 07:05 10.8 0.0 0.0 0.7 7.9 10:05 NNE 13 10.1 13.4 14:34 4.9 09:00 8.2 0.0 0.0 8.0 32.8 16:06 NE 14 9.6 15.4 13:36 5.5 06:27 8.7 0.0 0.0 1.7 16.2 11:19 NNE 15 10.4 15.8 14:20 6.7 09:00 7.9 0.0 0.0 3.8 18.7 04:37 NE 16 12.9 14.1 23:17 8.2 09:00 5.4 0.0 0.0 8.1 40.0 03:25 NE 17 12.8 14.6 14:32 10.2 06:12 5.5 0.0 14.5 1.2 14.4 13:24 ESE 18 9.9 13.1 13:32 7.1 22:48 8.4 0.0 0.0 0.6 13.3 15:31 S 19 11.9 13.7 13:37 8.9 09:00 6.4 0.0 2.6 2.1 14.0 00:37 SW 20 11.4 13.0 11:37 9.4 05:09 6.9 0.0 5.7 1.8 18.7 11:03 SW 21 11.3 13.0 15:14 10.2 20:31 7.0 0.0 0.0 5.6 25.6 14:38 N 22 11.6 13.9 12:10 10.1 03:51 6.7 0.0 1.0 5.4 23.0 08:36 N 23 9.8 14.0 12:33 6.3 03:44 8.5 0.0 17.1 6.0 39.6 14:00 NNE 24 6.4 9.6 13:33 5.1 04:26 11.9 0.0 2.6 2.3 19.4 14:09 W 25 7.1 11.4 14:58 3.4 05:58 11.2 0.0 0.0 1.0 11.9 08:47 ENE 26 7.4 10.1 13:34 4.8 09:00 10.9 0.0 0.0 4.4 25.2 14:04 NE 27 7.3 10.2 14:31 4.0 01:20 11.0 0.0 0.0 1.6 11.2 11:09 ENE 28 10.9 14.9 13:57 8.4 09:00 7.4 0.0 0.0 4.1 16.6 23:50 ENE 29 11.5 14.5 13:05 9.8 08:01 6.8 0.0 0.0 9.4 44.3 07:41 NNE 30 8.8 11.6 11:59 6.9 21:32 9.5 0.0 6.2 5.1 33.5 10:27 NE ---------------------------------------------------------------------------------- 10.5 16.3 9 3.3 12 235.3 0.0 70.9 3.2 44.3 29 NNE Max >= 27.0: 0 Max <= 0.0: 0 Min <= 0.0: 0 Min <= -18.0: 0 Max Rain: 17.1 on day 23 Days of Rain: 14 (>= 0.2 mm) 12 (>= 2.0 mm) 0 (>= 20.0 mm) Heat Base: 18.3 Cool Base: 18.3 Method: Integration |