NOAA-Style Climate Reports
Select a Year or Month report
Report for 2016 Oct Monthly Climatological Summary for Oct 2016 Name: North Bayswater Weather City: State: Elevation: 114 m Lat: S 37° 49' 25" Lon: E 145° 17' 47" Temperature (°C), Rain (mm), Wind Speed (km/h) Heat Cool Avg Mean Deg Deg Wind Dom Day Temp High Time Low Time Days Days Rain Speed High Time Dir ---------------------------------------------------------------------------------- 1 13.5 17.6 14:10 11.2 00:58 4.6 0.0 0.5 6.5 37.8 08:50 NE 2 17.5 23.8 14:31 10.5 08:12 2.3 1.5 14.0 12.4 45.0 11:06 NE 3 12.7 16.8 15:04 10.1 06:13 5.6 0.0 4.1 7.5 38.9 14:07 N 4 10.3 14.8 14:01 7.0 05:01 8.0 0.0 7.3 6.1 39.2 16:07 WNW 5 12.6 14.6 16:07 9.9 06:26 5.7 0.0 0.0 3.8 29.2 14:54 NNE 6 20.7 25.4 15:43 13.1 09:00 0.2 2.6 0.0 10.5 37.4 04:53 NNE 7 15.6 21.5 14:15 8.9 06:21 3.5 0.7 0.0 3.5 37.8 10:13 NNW 8 14.7 19.8 16:36 9.5 00:59 3.8 0.2 0.0 4.3 33.8 08:42 E 9 17.7 22.4 15:23 12.9 05:51 1.7 1.1 0.0 11.2 39.6 17:16 NNE 10 11.2 17.2 13:12 7.4 05:53 7.1 0.0 3.1 5.8 37.1 12:27 W 11 12.5 15.8 15:12 9.4 09:00 5.8 0.0 0.0 5.5 36.0 11:51 W 12 10.7 15.3 13:28 4.9 06:21 7.6 0.0 1.6 2.7 29.9 17:17 WSW 13 11.3 17.8 14:42 4.2 06:16 7.0 0.0 0.0 2.1 24.5 14:25 SW 14 16.8 23.3 15:22 9.5 09:00 2.7 1.2 0.0 5.2 30.2 07:25 NE 15 20.8 24.7 16:00 17.1 09:00 0.0 2.5 0.0 14.7 38.2 16:17 NE 16 15.5 24.2 13:13 9.1 06:04 3.9 1.2 15.0 3.4 32.4 09:31 NNW 17 14.2 18.1 13:45 10.6 08:12 4.1 0.0 4.7 5.2 27.7 12:04 NW 18 10.4 17.9 13:09 6.0 06:28 7.9 0.0 2.6 3.7 32.0 11:46 W 19 12.6 16.9 13:00 8.6 05:12 5.7 0.0 0.0 3.5 19.8 08:44 NE 20 18.8 22.9 14:40 13.5 09:00 0.7 1.1 0.0 15.5 40.3 03:59 NE 21 11.6 18.1 10:00 7.8 06:05 6.8 0.0 17.6 2.3 27.4 09:34 W 22 9.7 13.1 15:42 7.2 06:30 8.6 0.0 9.3 3.1 38.5 17:14 WSW 23 11.7 14.5 12:28 9.9 06:23 6.6 0.0 0.0 2.3 38.2 15:04 SW 24 14.2 19.4 16:55 10.1 03:35 4.2 0.1 0.0 2.6 22.3 08:42 E 25 20.7 25.6 14:46 15.9 09:00 0.3 2.7 0.0 7.6 38.5 14:37 NE 26 13.7 20.1 11:21 9.4 00:19 4.8 0.2 2.6 1.6 18.0 15:21 WSW 27 12.5 18.9 15:25 5.7 06:16 5.8 0.0 0.0 3.0 23.4 13:55 SSW 28 14.2 21.1 15:16 8.1 03:49 4.5 0.4 0.0 2.2 26.3 16:24 WSW 29 20.4 26.5 16:36 11.6 09:00 0.7 2.8 0.0 6.2 33.1 08:35 NE 30 15.6 28.3 13:26 7.9 05:43 5.0 2.3 4.7 7.4 35.3 10:18 NW 31 12.8 17.1 16:10 8.4 05:54 5.5 0.0 0.0 3.3 26.3 10:29 WNW ---------------------------------------------------------------------------------- 14.4 28.3 30 4.2 13 140.7 20.6 87.1 5.6 45.0 2 N Max >= 27.0: 1 Max <= 0.0: 0 Min <= 0.0: 0 Min <= -18.0: 0 Max Rain: 17.6 on day 21 Days of Rain: 13 (>= 0.2 mm) 11 (>= 2.0 mm) 0 (>= 20.0 mm) Heat Base: 18.3 Cool Base: 18.3 Method: Integration |