NOAA-Style Climate Reports
Select a Year or Month report
Report for 2017 Feb Monthly Climatological Summary for Feb 2017 Name: North Bayswater Weather City: State: Elevation: 114 m Lat: S 37° 49' 25" Lon: E 145° 17' 47" Temperature (°C), Rain (mm), Wind Speed (km/h) Heat Cool Avg Mean Deg Deg Wind Dom Day Temp High Time Low Time Days Days Rain Speed High Time Dir ---------------------------------------------------------------------------------- 1 17.2 22.4 12:45 11.9 05:05 2.2 1.1 0.0 1.1 14.0 16:08 W 2 20.0 26.8 16:52 14.2 02:49 1.0 2.8 0.0 2.6 20.2 12:50 WSW 3 21.7 29.9 16:59 13.6 06:28 1.0 4.4 0.0 1.7 12.6 09:45 W 4 27.3 36.3 15:36 18.1 09:00 0.0 9.0 0.0 4.1 28.8 13:26 N 5 23.0 29.9 15:16 17.3 07:05 0.1 4.8 32.6 5.2 31.7 16:35 NNE 6 16.8 18.4 14:45 14.3 07:38 1.5 0.0 1.0 3.1 11.5 16:20 SW 7 22.0 29.5 16:25 16.2 06:24 0.4 4.1 0.0 2.0 20.2 18:42 SE 8 30.2 36.3 17:28 20.2 09:00 0.0 11.9 0.0 9.1 39.6 05:07 NE 9 27.4 37.8 16:04 19.2 06:38 0.0 8.9 0.0 8.9 27.7 10:38 WNW 10 24.7 32.9 16:29 18.9 06:54 0.0 6.4 0.0 1.9 14.0 16:25 WSW 11 21.4 27.9 16:02 15.9 06:35 0.3 3.5 2.1 2.6 17.6 13:43 SW 12 16.2 19.9 14:27 14.1 06:15 2.3 0.1 0.0 7.3 23.4 18:03 W 13 16.9 21.0 16:28 14.3 07:29 1.9 0.5 1.6 4.2 22.3 20:21 WSW 14 17.1 20.2 15:40 12.6 08:39 1.9 0.6 0.0 2.8 7.6 15:01 SW 15 23.4 31.8 16:32 13.0 09:00 0.4 5.4 0.0 4.9 36.0 11:39 NNE 16 20.8 28.6 15:44 14.2 05:58 0.7 3.2 0.0 2.5 27.4 16:08 SW 17 19.9 25.6 17:27 14.9 07:48 0.7 2.3 0.0 3.6 14.8 21:18 WSW 18 16.2 21.2 13:20 11.1 04:26 2.6 0.6 0.0 3.6 20.5 10:27 W 19 13.1 16.4 14:34 11.2 03:36 5.2 0.0 20.2 2.2 22.0 10:25 W 20 15.2 20.4 15:44 9.8 06:48 3.4 0.3 1.0 3.5 25.9 11:53 WSW 21 18.3 25.8 17:13 12.1 06:12 2.1 2.1 0.0 2.0 12.6 16:13 NE 22 24.6 33.3 16:05 15.6 06:55 0.4 6.7 0.0 5.6 34.6 17:50 NE 23 21.4 27.3 16:27 15.6 09:00 0.3 3.4 0.0 3.9 18.0 14:01 SW 24 16.0 17.4 21:07 12.9 07:15 2.3 0.0 0.0 2.3 9.4 03:25 S 25 17.8 22.9 13:44 12.3 07:22 1.8 1.3 0.0 3.7 13.7 16:38 SSW 26 21.8 30.3 17:06 12.8 09:00 0.9 4.2 0.0 2.4 15.1 17:17 ESE 27 25.4 33.4 16:16 17.5 06:11 0.1 7.1 0.0 3.0 22.7 23:32 E 28 25.0 34.2 14:44 15.3 06:28 0.4 7.1 0.0 2.7 14.8 09:26 E ---------------------------------------------------------------------------------- 20.7 37.8 9 9.8 20 33.9 101.8 58.5 3.7 39.6 8 W Max >= 27.0: 15 Max <= 0.0: 0 Min <= 0.0: 0 Min <= -18.0: 0 Max Rain: 32.6 on day 5 Days of Rain: 6 (>= 0.2 mm) 3 (>= 2.0 mm) 2 (>= 20.0 mm) Heat Base: 18.3 Cool Base: 18.3 Method: Integration |