NOAA-Style Climate Reports
Select a Year or Month report
Report for 2019 Feb Monthly Climatological Summary for Feb 2019 Name: North Bayswater Weather City: Bayswater State: Victoria Elevation: 114 m Lat: S 37° 49' 25" Lon: E 145° 17' 47" Temperature (°C), Rain (mm), Wind Speed (km/h) Heat Cool Avg Mean Deg Deg Wind Dom Day Temp High Time Low Time Days Days Rain Speed High Time Dir ---------------------------------------------------------------------------------- 1 20.4 27.9 16:55 14.5 06:27 0.9 3.1 0.0 3.0 19.4 15:02 S 2 28.2 37.2 16:47 18.9 09:00 0.0 9.9 0.0 3.3 24.5 14:52 NE 3 27.5 39.6 14:08 19.3 05:51 0.0 9.6 3.6 4.2 41.8 17:16 WNW 4 19.8 24.2 15:31 16.9 03:02 0.4 1.9 0.0 3.4 19.4 02:24 SW 5 23.1 29.9 16:34 17.9 09:00 0.0 4.8 0.0 2.0 15.8 22:55 WSW 6 26.1 34.7 15:48 21.1 04:36 0.0 7.8 7.8 3.1 34.9 20:09 ESE 7 24.2 31.3 16:14 18.8 06:12 0.0 5.9 0.5 2.3 15.1 00:31 WSW 8 19.4 24.6 17:52 13.9 06:38 1.0 2.1 0.0 3.3 24.1 01:09 W 9 14.3 19.3 16:17 9.6 06:10 4.0 0.0 5.2 3.7 35.3 19:51 W 10 18.4 24.9 16:07 12.6 05:58 1.9 2.0 0.0 1.8 13.3 17:22 WNW 11 22.7 28.8 15:29 15.4 09:00 0.1 4.4 0.0 4.9 28.4 07:54 N 12 14.2 21.4 10:22 9.9 00:49 4.4 0.2 3.1 4.2 38.9 09:00 WNW 13 14.8 20.4 16:28 8.6 06:40 3.8 0.3 0.0 2.9 33.1 12:06 W 14 18.9 24.8 17:16 12.9 09:00 1.1 1.7 0.0 1.9 18.7 17:33 WSW 15 20.5 28.1 15:36 15.0 03:48 0.7 2.9 0.0 2.5 20.2 18:12 SW 16 20.9 29.6 14:14 13.9 05:28 1.1 3.7 0.0 2.4 22.3 18:54 WSW 17 24.1 31.1 16:34 16.5 09:00 0.0 5.8 0.0 2.2 19.4 13:10 E 18 19.8 26.9 15:51 14.9 07:03 1.0 2.4 0.0 3.0 24.8 16:43 WSW 19 16.9 22.6 15:35 11.9 05:52 2.5 1.0 0.0 2.5 20.5 13:29 SW 20 18.6 23.8 16:15 14.4 09:00 1.2 1.4 0.0 2.2 17.3 13:41 WSW 21 18.1 22.9 13:48 15.3 00:01 1.3 1.2 0.0 2.4 19.4 17:35 SW 22 19.2 25.9 15:34 14.8 01:29 1.4 2.2 0.0 3.6 26.3 17:25 SSW 23 21.0 29.6 16:11 12.6 07:19 1.2 3.9 0.0 3.3 25.6 15:39 S 24 24.4 33.6 16:29 16.2 09:00 0.1 6.3 0.0 2.6 22.0 08:38 E 25 25.4 34.6 15:38 16.9 06:39 0.1 7.3 0.0 3.1 26.6 09:02 NE 26 19.6 27.6 13:38 11.4 06:44 1.9 3.2 0.0 2.5 14.8 13:02 WSW 27 24.0 33.6 16:50 14.2 09:00 0.2 5.9 2.6 2.3 25.6 08:42 E 28 30.0 37.1 16:49 24.8 07:02 0.0 11.7 0.0 5.8 37.4 09:25 NE ---------------------------------------------------------------------------------- 21.2 39.6 3 8.6 13 30.3 112.6 22.8 3.0 41.8 3 WSW Max >= 40.0: 0 Max <= 18.0: 0 Min <= 18.0: 23 Min <= 10.0: 3 Max Rain: 7.8 on day 6 Days of Rain: 6 (>= 0.2 mm) 5 (>= 2.0 mm) 0 (>= 20.0 mm) Heat Base: 18.3 Cool Base: 18.3 Method: Integration |