NOAA-Style Climate Reports
Select a Year or Month report
Report for 2019 Jul Monthly Climatological Summary for Jul 2019 Name: North Bayswater Weather City: Bayswater State: Victoria Elevation: 114 m Lat: S 37° 49' 25" Lon: E 145° 17' 47" Temperature (°C), Rain (mm), Wind Speed (km/h) Heat Cool Avg Mean Deg Deg Wind Dom Day Temp High Time Low Time Days Days Rain Speed High Time Dir ---------------------------------------------------------------------------------- 1 10.1 13.6 12:49 8.1 03:47 8.2 0.0 0.0 9.0 39.6 12:56 NE 2 11.2 15.4 12:58 8.4 06:16 7.1 0.0 0.5 1.8 19.1 11:47 N 3 9.4 13.3 13:53 5.5 04:27 8.9 0.0 0.0 0.7 7.2 11:44 SW 4 7.2 12.2 14:52 2.8 05:22 11.1 0.0 0.0 0.2 11.5 10:37 NE 5 9.5 16.7 15:00 4.2 09:00 8.8 0.0 0.0 0.3 9.4 14:58 ENE 6 11.7 17.3 14:23 7.5 00:37 6.6 0.0 0.0 1.8 25.2 13:16 ENE 7 13.2 16.8 12:33 11.3 05:47 5.0 0.0 5.7 3.4 29.5 13:05 ENE 8 10.6 14.8 14:23 6.7 06:12 7.8 0.0 0.0 0.9 11.9 10:19 W 9 10.2 13.6 12:21 8.2 06:14 8.1 0.0 1.6 2.6 11.5 08:51 ENE 10 10.6 13.8 12:13 7.3 05:20 7.7 0.0 7.3 9.5 40.0 14:26 NE 11 10.6 11.6 06:50 8.6 09:00 7.7 0.0 1.6 5.7 35.3 03:57 NNE 12 9.1 13.4 11:31 6.1 07:24 9.3 0.0 3.1 4.3 26.6 14:10 NW 13 6.6 10.0 12:20 4.4 00:47 11.7 0.0 6.7 2.0 31.0 09:07 W 14 8.7 9.6 16:32 6.9 09:00 9.6 0.0 14.0 4.3 30.6 19:57 WNW 15 10.7 11.9 15:19 8.9 09:00 7.5 0.0 1.6 3.0 17.3 23:13 W 16 10.7 12.6 16:25 8.9 06:30 7.6 0.0 0.0 3.0 19.8 12:36 W 17 9.8 11.6 12:45 7.4 07:13 8.5 0.0 3.1 2.3 17.3 11:19 NW 18 10.2 13.6 14:26 7.6 06:02 8.1 0.0 1.0 3.5 20.2 19:15 NE 19 9.9 13.9 13:29 7.2 02:01 8.4 0.0 0.0 4.9 16.6 13:31 ENE 20 12.8 16.1 14:27 10.1 09:00 5.5 0.0 0.0 13.6 40.7 01:54 NE 21 10.9 15.9 13:58 7.6 04:39 7.4 0.0 0.0 5.1 20.5 07:17 ENE 22 12.1 15.1 13:55 9.6 09:00 6.2 0.0 0.0 11.4 36.4 21:17 NE 23 9.6 14.1 13:49 4.8 05:34 8.7 0.0 12.9 5.1 31.3 11:21 N 24 10.6 12.6 12:51 6.8 09:00 7.7 0.0 0.0 4.1 18.7 08:55 ENE 25 11.3 13.9 13:16 9.6 03:50 7.0 0.0 0.0 7.2 23.4 21:26 ENE 26 11.3 13.9 12:33 9.3 08:09 7.0 0.0 4.7 1.6 14.4 11:13 ENE 27 10.2 15.1 13:26 5.6 05:40 8.1 0.0 0.0 0.8 17.3 12:28 N 28 10.9 14.5 14:42 7.9 09:00 7.4 0.0 0.0 1.4 10.8 12:42 NE 29 10.5 14.4 13:46 7.9 03:18 7.8 0.0 0.5 1.3 16.6 13:38 WSW 30 7.8 40.7 19:51 2.5 06:45 10.5 0.0 0.0 1.3 11.9 16:20 SSW 31 9.1 13.3 14:34 4.9 09:00 9.2 0.0 0.0 0.9 11.5 15:15 W ---------------------------------------------------------------------------------- 10.2 40.7 30 2.5 30 250.2 0.0 64.3 3.8 40.7 20 NE Max >= 40.0: 1 Max <= 18.0: 30 Min <= 18.0: 31 Min <= 10.0: 29 Max Rain: 14.0 on day 14 Days of Rain: 14 (>= 0.2 mm) 8 (>= 2.0 mm) 0 (>= 20.0 mm) Heat Base: 18.3 Cool Base: 18.3 Method: Integration |