NOAA-Style Climate Reports
Select a Year or Month report
Report for 2019 Aug Monthly Climatological Summary for Aug 2019 Name: North Bayswater Weather City: Bayswater State: Victoria Elevation: 114 m Lat: S 37° 49' 25" Lon: E 145° 17' 47" Temperature (°C), Rain (mm), Wind Speed (km/h) Heat Cool Avg Mean Deg Deg Wind Dom Day Temp High Time Low Time Days Days Rain Speed High Time Dir ---------------------------------------------------------------------------------- 1 10.3 12.4 15:57 8.6 09:00 8.0 0.0 0.0 0.9 8.6 10:31 W 2 10.7 12.5 14:21 9.1 06:44 7.6 0.0 0.5 1.6 10.1 14:57 W 3 10.8 12.9 15:15 9.2 05:19 7.5 0.0 1.6 1.6 22.3 15:49 W 4 10.3 12.9 13:55 9.0 06:25 7.9 0.0 1.0 1.9 11.2 17:27 ENE 5 10.5 14.2 14:20 8.4 02:33 7.8 0.0 0.0 7.6 29.5 03:09 ENE 6 11.0 12.7 13:22 9.1 10:05 7.3 0.0 0.0 10.0 31.7 13:59 ENE 7 10.5 13.8 15:32 7.1 08:23 7.8 0.0 12.4 2.6 11.9 08:45 N 8 8.9 12.1 14:38 6.9 08:10 9.4 0.0 3.6 8.8 38.2 06:38 N 9 5.6 8.3 10:40 2.8 03:44 12.7 0.0 4.7 3.3 34.9 10:27 W 10 7.0 10.6 15:33 4.1 07:48 11.3 0.0 9.3 5.1 42.8 17:29 W 11 9.2 12.8 15:07 5.0 09:00 9.1 0.0 5.7 1.7 18.4 14:37 WSW 12 9.5 11.9 14:33 8.3 00:01 8.8 0.0 4.1 1.5 15.8 14:46 W 13 9.9 11.6 14:58 8.9 09:00 8.4 0.0 4.1 0.3 17.6 08:49 ENE 14 9.2 13.8 14:17 6.4 05:19 9.1 0.0 0.0 5.4 31.7 08:51 ENE 15 13.0 16.6 13:53 9.8 09:00 5.3 0.0 0.0 12.6 40.0 12:33 ENE 16 10.0 16.2 12:20 5.9 07:26 8.3 0.0 5.2 2.5 27.0 13:35 NNW 17 11.5 15.8 15:00 7.6 09:00 6.8 0.0 0.0 6.3 33.8 03:36 ENE 18 10.2 19.7 12:18 5.4 06:14 8.1 0.1 5.2 8.2 39.6 11:32 NNW 19 8.7 11.9 13:17 6.1 09:00 9.6 0.0 0.5 4.0 27.7 14:26 W 20 11.6 13.3 17:29 10.0 09:00 6.7 0.0 1.6 6.0 27.0 08:51 NW 21 11.9 15.3 13:48 8.6 07:18 6.4 0.0 6.7 7.6 34.2 14:59 W 22 8.4 14.1 13:59 3.5 06:33 9.9 0.0 1.6 2.4 21.2 10:12 WSW 23 10.6 15.4 14:24 6.5 09:00 7.7 0.0 0.0 7.8 37.4 06:53 ENE 24 11.9 18.5 14:10 6.9 06:57 6.9 0.0 3.6 5.7 34.6 12:14 NE 25 8.9 13.3 13:35 5.4 06:20 9.4 0.0 1.0 1.6 14.0 12:33 WSW 26 8.5 14.4 14:56 3.9 04:49 9.8 0.0 0.0 1.5 13.0 13:43 ESE 27 10.0 15.7 15:38 5.1 05:48 8.3 0.0 0.0 1.5 13.0 15:47 NNE 28 7.7 12.9 11:44 3.9 02:07 10.6 0.0 7.3 1.9 32.8 12:54 NNE 29 8.0 13.4 14:09 2.3 04:47 10.3 0.0 0.0 2.6 15.1 12:15 S 30 8.3 15.2 15:40 3.5 07:03 10.0 0.0 0.0 1.5 13.3 08:56 ENE 31 13.0 17.9 14:41 9.3 09:00 5.3 0.0 0.0 8.0 31.3 14:39 ENE ---------------------------------------------------------------------------------- 9.9 19.7 18 2.3 29 262.1 0.1 79.7 4.3 42.8 10 NNE Max >= 40.0: 0 Max <= 18.0: 29 Min <= 18.0: 31 Min <= 10.0: 31 Max Rain: 12.4 on day 7 Days of Rain: 19 (>= 0.2 mm) 12 (>= 2.0 mm) 0 (>= 20.0 mm) Heat Base: 18.3 Cool Base: 18.3 Method: Integration |