NOAA-Style Climate Reports
Select a Year or Month report
Report for 2019 Dec Monthly Climatological Summary for Dec 2019 Name: North Bayswater Weather City: Bayswater State: Victoria Elevation: 114 m Lat: S 37° 49' 25" Lon: E 145° 17' 47" Temperature (°C), Rain (mm), Wind Speed (km/h) Heat Cool Avg Mean Deg Deg Wind Dom Day Temp High Time Low Time Days Days Rain Speed High Time Dir ---------------------------------------------------------------------------------- 1 12.5 17.5 12:12 9.3 05:57 5.8 0.0 5.7 3.5 41.4 15:10 N 2 11.8 14.5 17:32 10.1 09:08 6.5 0.0 1.6 4.4 34.9 21:10 W 3 15.5 20.7 14:12 11.8 06:28 3.2 0.4 0.0 6.2 30.6 10:12 WNW 4 16.4 22.9 18:08 12.1 03:16 2.8 0.9 0.0 2.7 28.1 10:36 W 5 17.2 23.7 14:54 12.6 05:51 2.4 1.3 0.0 4.3 27.7 17:20 WNW 6 15.2 20.9 15:53 10.2 06:24 3.5 0.5 0.0 3.2 24.8 12:27 W 7 17.0 24.2 15:58 12.4 00:06 2.5 1.3 0.0 1.9 17.3 15:39 WSW 8 21.7 28.8 16:26 15.4 02:58 0.6 4.0 0.0 2.0 16.9 07:49 ESE 9 25.2 38.6 15:51 14.8 06:24 0.8 7.7 0.0 4.9 33.8 19:29 NE 10 15.6 20.6 16:58 12.6 05:13 3.1 0.4 0.0 2.4 22.0 16:26 SW 11 17.0 22.6 13:10 13.5 06:20 2.2 0.9 0.0 2.9 16.6 15:42 WSW 12 15.6 20.6 16:58 12.5 05:38 3.0 0.3 0.0 2.6 22.7 15:24 WSW 13 16.9 21.6 14:29 13.6 05:55 2.0 0.6 0.0 2.3 13.7 12:42 W 14 16.0 19.2 15:20 13.8 05:09 2.3 0.0 0.0 1.1 13.0 17:58 W 15 17.3 22.5 14:34 13.4 02:21 2.1 1.0 0.0 1.3 13.3 16:42 W 16 17.2 24.1 17:58 10.3 06:06 2.6 1.4 0.0 1.0 16.6 15:46 SW 17 23.3 31.6 15:49 14.4 06:22 0.5 5.5 0.0 1.0 14.8 18:53 SSE 18 29.1 39.4 16:11 18.9 06:08 0.0 10.8 0.0 2.5 17.3 12:11 NE 19 21.9 29.1 16:14 13.9 04:43 1.1 4.6 0.0 2.4 19.1 16:56 W 20 31.0 41.1 15:51 17.8 07:41 0.0 12.7 0.0 5.3 29.5 11:53 ENE 21 17.7 24.5 15:13 12.5 05:38 2.4 1.8 0.0 3.4 34.2 12:39 WSW 22 17.2 25.0 15:33 9.8 05:43 2.9 1.8 0.0 2.5 23.8 16:59 SW 23 18.5 26.4 15:27 13.2 06:01 1.7 1.9 0.0 1.5 23.4 17:06 WSW 24 20.3 28.6 16:11 12.8 05:38 1.5 3.4 0.0 1.9 20.9 16:19 SSW 25 23.1 32.5 15:29 16.6 09:00 0.4 5.2 0.0 1.7 12.6 15:55 SW 26 18.7 26.1 14:02 10.9 06:10 2.1 2.5 0.0 2.0 15.5 15:38 WSW 27 24.6 33.2 17:44 16.6 09:00 0.0 6.3 0.0 1.6 11.2 16:18 W 28 25.6 35.9 15:08 16.8 06:41 0.1 7.4 0.0 2.0 16.6 17:46 NW 29 29.4 40.6 15:32 20.9 05:44 0.0 11.1 0.0 2.8 28.4 08:14 N 30 27.7 41.2 15:38 15.6 06:26 0.4 9.8 0.5 6.1 43.2 14:50 NE 31 17.5 24.4 14:32 9.8 06:44 2.6 1.7 0.0 1.5 19.8 15:56 SW ---------------------------------------------------------------------------------- 19.8 41.2 30 9.3 1 61.1 107.2 7.8 2.7 43.2 30 W Max >= 40.0: 3 Max <= 18.0: 2 Min <= 18.0: 29 Min <= 10.0: 3 Max Rain: 5.7 on day 1 Days of Rain: 3 (>= 0.2 mm) 1 (>= 2.0 mm) 0 (>= 20.0 mm) Heat Base: 18.3 Cool Base: 18.3 Method: Integration |