NOAA-Style Climate Reports
Select a Year or Month report
Report for 2020 Aug Monthly Climatological Summary for Aug 2020 Name: North Bayswater Weather City: Bayswater State: Victoria Elevation: 114 m Lat: S 37° 49' 25" Lon: E 145° 17' 47" Temperature (°C), Rain (mm), Wind Speed (km/h) Heat Cool Avg Mean Deg Deg Wind Dom Day Temp High Time Low Time Days Days Rain Speed High Time Dir ---------------------------------------------------------------------------------- 1 11.5 15.8 15:22 8.4 09:22 6.9 0.0 0.0 3.9 20.5 15:47 E 2 12.1 17.6 13:59 8.1 05:23 6.2 0.0 0.0 2.4 19.1 09:13 ENE 3 10.0 15.5 14:20 4.6 08:07 8.3 0.0 1.5 1.3 18.7 04:05 WNW 4 5.8 8.7 14:19 3.5 00:02 12.5 0.0 18.1 1.9 20.5 17:04 WNW 5 7.8 10.6 12:12 5.6 06:08 10.5 0.0 0.0 1.6 31.0 12:34 W 6 7.0 12.1 13:12 2.6 04:37 11.3 0.0 0.0 0.4 11.2 13:33 SW 7 9.5 11.6 13:07 5.1 09:00 9.1 0.0 7.3 2.1 17.6 13:45 SE 8 11.4 14.9 14:52 7.9 07:08 6.9 0.0 0.0 2.3 15.5 08:55 SSW 9 9.8 14.6 15:38 4.9 06:51 8.5 0.0 0.0 2.2 14.4 15:19 SSW 10 9.4 15.8 14:55 4.2 05:11 8.9 0.0 0.0 1.7 16.9 08:54 NE 11 11.6 15.9 13:50 8.2 09:00 6.7 0.0 0.5 8.8 34.2 08:54 ENE 12 12.5 15.6 13:36 10.6 09:00 5.8 0.0 0.5 7.2 28.1 11:00 E 13 13.7 17.6 11:57 9.9 04:14 4.6 0.0 1.5 4.6 22.7 11:08 ENE 14 11.7 16.8 11:19 6.4 07:36 6.8 0.0 9.9 1.4 16.2 09:57 E 15 12.6 16.4 13:30 8.4 09:00 5.7 0.0 0.5 1.8 14.8 07:26 W 16 11.0 13.1 13:47 9.5 04:00 7.3 0.0 1.6 2.5 16.2 13:05 W 17 11.8 15.7 14:32 9.4 06:58 6.5 0.0 0.0 4.9 19.1 00:41 ENE 18 11.4 16.9 12:19 8.5 06:10 6.9 0.0 2.1 5.7 28.4 11:30 NE 19 9.6 11.7 11:55 8.3 01:34 8.7 0.0 5.7 2.9 24.8 03:11 NW 20 10.0 13.7 14:43 7.3 06:28 8.3 0.0 2.6 4.6 27.0 09:47 NNW 21 8.1 13.3 13:42 5.1 06:02 10.3 0.0 6.7 5.9 33.1 11:10 NNW 22 7.2 8.5 13:01 5.8 09:00 11.1 0.0 19.2 ---- 30.2 09:00 WNW 23 8.2 10.8 15:20 6.4 05:13 10.1 0.0 2.6 ---- 25.6 14:42 W 24 7.9 12.4 13:22 3.8 03:53 10.4 0.0 1.0 ---- 13.3 15:34 W 25 9.6 12.8 14:02 6.8 09:00 8.7 0.0 0.0 ---- 14.4 13:42 WNW 26 10.8 14.7 14:49 8.3 00:44 7.5 0.0 0.0 ---- 19.1 08:46 ENE 27 12.4 17.9 13:22 4.7 06:30 4.2 0.0 2.6 ---- 36.0 14:28 N 28 10.3 16.1 15:35 7.4 09:18 5.8 0.0 0.0 ---- 21.6 08:44 E 29 14.6 19.3 15:01 11.9 09:00 3.8 0.1 0.0 ---- 35.6 06:49 ENE 30 13.1 20.6 12:08 7.4 06:49 5.5 0.3 2.6 ---- 33.5 14:36 NNE 31 8.8 13.2 14:27 4.4 06:03 9.5 0.0 0.0 ---- 15.8 13:59 W ---------------------------------------------------------------------------------- 10.4 20.6 30 2.6 6 243.3 0.4 86.5 3.3 36.0 27 NE Max >= 40.0: 0 Max <= 18.0: 29 Min <= 18.0: 31 Min <= 10.0: 29 Max Rain: 19.2 on day 22 Days of Rain: 18 (>= 0.2 mm) 11 (>= 2.0 mm) 0 (>= 20.0 mm) Heat Base: 18.3 Cool Base: 18.3 Method: Integration |