NOAA-Style Climate Reports
Select a Year or Month report
Report for 2021 Feb Monthly Climatological Summary for Feb 2021 Name: North Bayswater Weather City: Bayswater State: Victoria Elevation: 114 m Lat: S 37° 49' 25" Lon: E 145° 17' 47" Temperature (°C), Rain (mm), Wind Speed (km/h) Heat Cool Avg Mean Deg Deg Wind Dom Day Temp High Time Low Time Days Days Rain Speed High Time Dir ---------------------------------------------------------------------------------- 1 17.1 22.4 13:52 11.9 03:25 2.1 0.8 0.0 2.1 14.0 17:13 WSW 2 16.4 20.4 12:29 12.1 06:42 2.3 0.4 0.0 2.6 15.5 14:06 SW 3 19.4 26.6 16:05 12.9 05:28 1.6 2.7 0.0 2.1 17.3 17:26 SSE 4 25.9 31.5 14:44 19.0 09:00 0.0 7.6 0.5 6.9 28.8 03:47 ENE 5 21.9 29.5 12:20 15.6 06:44 0.5 4.2 6.2 7.3 40.0 16:39 ENE 6 19.8 25.2 15:37 15.3 07:29 0.7 2.2 1.0 4.4 22.0 12:26 NNW 7 16.1 19.9 16:53 13.8 04:31 2.4 0.2 2.1 2.9 20.9 15:08 SW 8 15.9 20.6 13:00 11.1 06:42 2.8 0.4 0.0 2.3 14.8 17:54 SSW 9 20.3 28.6 16:29 12.9 06:09 1.4 3.3 0.0 2.1 15.5 11:32 SSE 10 24.9 32.5 16:54 17.0 09:00 0.1 6.9 0.0 3.1 34.9 12:39 ENE 11 26.2 32.9 15:31 18.1 08:57 0.0 7.9 4.1 7.5 40.0 19:46 ENE 12 18.8 25.0 17:26 14.8 04:28 1.0 1.4 0.0 2.0 19.1 10:35 W 13 16.4 22.2 15:45 11.3 05:42 2.5 0.6 0.0 0.2 14.8 10:54 W 14 17.7 23.7 16:23 13.9 06:43 1.8 1.2 0.0 0.0 0.0 09:00 --- 15 21.0 28.9 16:19 14.9 05:40 0.8 3.5 0.0 0.0 0.0 09:00 --- 16 23.6 30.9 16:20 15.6 06:37 0.3 5.6 0.0 0.0 0.0 09:00 --- 17 24.6 33.1 14:36 17.8 04:55 0.0 6.4 2.1 0.0 0.4 15:32 ENE 18 25.4 32.4 16:16 19.2 06:02 0.0 7.1 0.0 0.0 0.0 09:00 --- 19 27.4 33.4 15:44 21.6 07:10 0.0 9.1 0.0 0.0 0.0 09:00 --- 20 23.4 32.9 17:01 18.1 06:51 0.0 5.1 0.0 0.0 0.0 09:00 --- 21 18.8 23.3 13:00 16.5 05:29 0.7 1.2 0.0 0.0 0.0 09:00 --- 22 16.9 23.6 15:11 11.3 07:23 2.5 1.1 0.0 0.0 0.0 09:00 --- 23 14.1 19.6 12:02 8.9 04:16 4.3 0.0 0.0 0.0 0.0 09:00 --- 24 15.9 23.0 16:05 9.3 05:32 3.6 1.1 0.0 0.0 0.0 09:00 --- 25 17.0 24.5 16:19 12.2 09:00 2.5 1.2 0.5 0.0 0.0 09:00 --- 26 15.4 21.4 16:40 10.9 06:17 3.4 0.5 0.0 0.0 0.0 09:00 --- 27 14.5 20.4 15:51 9.3 06:57 4.1 0.3 0.0 0.0 0.0 09:00 --- 28 21.8 29.1 16:25 12.8 09:00 0.5 3.9 0.0 0.0 0.0 09:00 --- ---------------------------------------------------------------------------------- 19.9 33.4 19 8.9 23 41.9 85.9 16.5 1.6 40.0 5 ENE Max >= 40.0: 0 Max <= 18.0: 0 Min <= 18.0: 23 Min <= 10.0: 3 Max Rain: 6.2 on day 5 Days of Rain: 7 (>= 0.2 mm) 4 (>= 2.0 mm) 0 (>= 20.0 mm) Heat Base: 18.3 Cool Base: 18.3 Method: Integration |