NOAA-Style Climate Reports
Select a Year or Month report
Report for 2021 Mar Monthly Climatological Summary for Mar 2021 Name: North Bayswater Weather City: Bayswater State: Victoria Elevation: 114 m Lat: S 37° 49' 25" Lon: E 145° 17' 47" Temperature (°C), Rain (mm), Wind Speed (km/h) Heat Cool Avg Mean Deg Deg Wind Dom Day Temp High Time Low Time Days Days Rain Speed High Time Dir ---------------------------------------------------------------------------------- 1 16.2 23.8 14:35 11.3 06:34 2.9 0.8 0.0 2.7 31.3 20:13 SW 2 14.5 18.4 13:12 11.1 23:54 3.8 0.0 0.0 2.1 19.1 15:38 SSW 3 14.7 18.8 15:37 11.8 00:19 3.6 0.0 0.0 2.4 14.0 17:38 SSW 4 16.2 20.8 18:27 13.1 06:09 2.6 0.3 2.6 3.9 19.4 19:37 WSW 5 14.8 17.9 14:45 12.9 04:56 3.5 0.0 0.0 3.1 18.0 14:09 SSW 6 16.5 23.8 15:14 10.4 07:00 3.0 1.2 0.0 2.7 19.1 16:44 SSW 7 21.1 28.9 14:54 12.9 09:00 0.7 3.5 0.0 1.9 15.8 11:05 N 8 16.8 22.6 12:25 13.8 05:42 2.1 0.6 15.5 1.4 14.0 12:59 SW 9 15.2 19.8 16:52 11.2 04:43 3.2 0.1 3.1 1.6 24.1 14:03 SSW 10 17.4 24.5 16:49 11.0 06:06 2.5 1.6 0.0 2.2 12.2 12:00 SSE 11 19.8 26.9 13:57 13.8 09:00 1.0 2.6 0.0 2.0 19.1 14:10 NE 12 24.2 29.4 16:56 16.3 09:00 0.0 5.9 0.0 6.1 20.2 05:40 NE 13 16.7 26.5 11:55 9.9 07:39 3.3 1.6 21.2 2.8 22.3 13:16 W 14 13.2 18.4 16:30 7.9 05:36 5.1 0.0 0.0 2.4 18.7 17:28 SSW 15 17.3 21.8 15:53 10.2 09:00 1.8 0.8 0.0 2.1 17.3 15:25 SSW 16 18.0 24.1 16:43 12.8 06:42 1.8 1.5 0.0 1.6 16.6 15:13 SSW 17 19.7 27.8 15:44 13.3 06:37 1.6 3.0 0.0 1.5 15.5 18:20 SSE 18 19.3 26.7 15:13 13.1 06:29 1.5 2.5 0.0 1.2 14.0 15:17 S 19 19.7 27.3 15:46 13.3 07:58 1.2 2.6 0.0 1.7 18.4 17:10 SE 20 20.2 25.6 13:15 15.1 09:00 0.2 2.1 1.0 3.0 20.5 15:28 ESE 21 18.7 22.0 14:48 16.9 01:48 0.5 0.9 3.6 0.5 35.3 00:08 SSW 22 20.0 23.6 12:39 17.6 06:06 0.1 1.8 7.8 0.9 25.6 12:48 NNE 23 19.2 23.1 14:40 16.9 05:19 0.3 1.2 1.6 1.3 15.5 17:44 SW 24 17.1 19.9 12:57 15.1 06:41 1.5 0.2 14.5 3.1 14.8 18:03 WSW 25 14.3 19.3 15:00 9.6 06:17 4.0 0.0 7.3 1.5 13.7 10:48 WSW 26 17.1 21.1 13:43 11.1 09:00 1.8 0.7 1.0 4.3 12.2 13:43 NNE 27 14.9 21.1 14:57 9.8 04:57 3.7 0.3 2.1 1.5 16.6 17:59 WSW 28 16.2 20.4 15:35 11.3 09:00 2.4 0.3 2.1 1.5 15.5 13:23 WSW 29 13.3 19.8 14:45 8.0 04:13 5.1 0.2 0.0 1.5 13.7 13:02 SSW 30 15.1 21.3 16:15 8.9 09:00 3.7 0.5 0.0 2.0 12.6 13:00 SSW 31 17.3 24.4 16:39 11.6 07:51 2.6 1.6 0.0 1.4 13.0 18:11 WSW ---------------------------------------------------------------------------------- 17.2 29.4 12 7.9 14 71.1 38.4 83.4 2.2 35.3 21 SSW Max >= 40.0: 0 Max <= 18.0: 1 Min <= 18.0: 31 Min <= 10.0: 6 Max Rain: 21.2 on day 13 Days of Rain: 13 (>= 0.2 mm) 10 (>= 2.0 mm) 1 (>= 20.0 mm) Heat Base: 18.3 Cool Base: 18.3 Method: Integration |