NOAA-Style Climate Reports
Select a Year or Month report
Report for 2021 Apr Monthly Climatological Summary for Apr 2021 Name: North Bayswater Weather City: Bayswater State: Victoria Elevation: 114 m Lat: S 37° 49' 25" Lon: E 145° 17' 47" Temperature (°C), Rain (mm), Wind Speed (km/h) Heat Cool Avg Mean Deg Deg Wind Dom Day Temp High Time Low Time Days Days Rain Speed High Time Dir ---------------------------------------------------------------------------------- 1 19.8 28.6 16:25 12.1 07:37 1.8 3.3 0.0 2.1 11.2 09:43 NNW 2 21.4 30.3 15:58 14.0 09:00 1.0 4.1 0.0 1.7 13.0 08:53 NNE 3 22.9 30.8 15:27 14.5 06:45 0.6 5.4 0.0 3.5 24.5 11:06 NNE 4 19.6 28.2 11:28 14.7 06:35 1.3 2.5 0.0 3.0 24.1 13:49 SSW 5 15.5 21.0 14:09 11.6 04:19 3.3 0.5 0.0 2.8 15.5 17:39 SSW 6 15.9 19.9 12:45 11.9 02:27 2.6 0.2 0.0 1.4 14.4 13:17 SSE 7 18.7 24.1 14:53 14.8 09:00 0.9 1.3 0.0 2.0 17.3 08:52 N 8 21.2 28.8 14:15 13.9 06:46 1.0 3.9 9.8 4.3 23.0 13:13 NNW 9 13.6 17.6 13:46 10.9 02:22 4.7 0.0 0.0 2.7 19.1 14:50 SW 10 10.9 16.8 14:56 7.1 05:15 7.4 0.0 24.9 5.0 24.1 15:13 WSW 11 9.7 11.8 15:22 7.6 09:00 8.6 0.0 13.5 2.5 19.4 12:13 SW 12 11.0 15.8 12:24 6.4 06:12 7.5 0.0 1.0 1.0 11.5 08:44 E 13 16.4 18.1 14:49 10.5 09:49 2.0 0.0 0.5 9.1 30.6 18:57 NE 14 14.9 20.9 13:15 9.6 01:38 3.8 0.4 0.0 3.7 24.1 10:43 W 15 13.8 19.3 12:59 10.6 04:25 4.5 0.0 2.1 2.7 21.6 11:44 W 16 12.6 14.9 12:48 11.1 04:50 5.7 0.0 0.0 0.9 10.1 17:50 SW 17 13.3 16.6 14:56 11.6 19:32 4.9 0.0 0.0 1.0 13.3 15:07 SW 18 14.8 18.2 14:03 11.6 06:27 3.5 0.0 0.0 0.5 8.6 11:11 SSW 19 15.9 19.4 12:59 13.6 09:00 2.4 0.1 0.0 3.6 20.5 23:26 NNE 20 10.0 17.8 11:13 5.6 06:34 8.3 0.0 11.9 2.0 21.2 11:36 WNW 21 11.2 13.8 15:38 8.4 09:00 7.1 0.0 0.0 2.2 10.8 12:23 NE 22 13.1 15.9 14:53 11.1 07:44 5.2 0.0 0.5 2.4 21.2 17:03 W 23 13.7 16.2 11:23 11.8 06:11 4.6 0.0 0.5 2.2 18.4 14:36 W 24 13.5 17.1 12:30 11.0 04:39 4.8 0.0 4.7 1.4 14.4 12:48 NNW 25 13.3 17.4 12:30 10.2 03:17 5.0 0.0 0.5 1.3 14.0 12:49 WSW 26 13.7 17.0 14:12 11.8 04:20 4.6 0.0 0.0 0.8 9.4 13:57 WSW 27 11.3 16.6 15:12 5.9 05:52 7.0 0.0 0.0 0.8 12.2 16:59 SW 28 12.2 18.3 14:54 7.2 05:15 6.1 0.0 0.0 1.2 18.0 15:11 WSW 29 13.2 20.2 15:21 8.1 07:06 5.3 0.2 0.0 0.9 8.6 08:10 N 30 14.9 22.9 14:12 9.4 07:01 4.3 0.9 0.0 2.8 17.3 09:38 NE ---------------------------------------------------------------------------------- 14.7 30.8 3 5.6 20 129.8 22.8 69.9 2.3 30.6 13 NW Max >= 40.0: 0 Max <= 18.0: 14 Min <= 18.0: 30 Min <= 10.0: 10 Max Rain: 24.9 on day 10 Days of Rain: 11 (>= 0.2 mm) 6 (>= 2.0 mm) 1 (>= 20.0 mm) Heat Base: 18.3 Cool Base: 18.3 Method: Integration |