NOAA-Style Climate Reports
Select a Year or Month report
Report for 2021 May Monthly Climatological Summary for May 2021 Name: North Bayswater Weather City: Bayswater State: Victoria Elevation: 114 m Lat: S 37° 49' 25" Lon: E 145° 17' 47" Temperature (°C), Rain (mm), Wind Speed (km/h) Heat Cool Avg Mean Deg Deg Wind Dom Day Temp High Time Low Time Days Days Rain Speed High Time Dir ---------------------------------------------------------------------------------- 1 17.4 23.3 14:07 13.9 03:24 2.0 1.1 0.0 4.7 21.6 12:20 NE 2 17.6 24.4 15:21 11.8 04:52 2.2 1.6 4.7 4.8 27.7 15:06 NE 3 13.2 17.2 14:33 10.4 05:20 5.1 0.0 8.8 1.1 14.4 15:16 SW 4 10.9 14.6 11:54 7.1 06:40 7.4 0.0 1.0 1.8 14.4 16:24 S 5 11.9 16.6 14:38 7.2 05:31 6.4 0.0 0.0 2.1 16.9 09:40 SSE 6 12.8 18.9 15:20 9.3 09:00 5.6 0.0 0.0 1.0 10.1 11:37 NE 7 14.4 20.6 14:03 9.8 05:00 4.3 0.4 0.0 0.7 8.3 14:30 N 8 14.9 19.1 12:58 12.3 07:19 3.5 0.1 0.0 1.2 13.7 17:41 WSW 9 14.4 19.6 14:21 11.5 04:22 3.9 0.1 1.0 4.9 22.7 07:01 NNE 10 12.7 15.4 14:11 9.9 03:49 5.6 0.0 11.4 3.8 22.3 10:46 NNE 11 10.7 15.3 14:47 7.4 05:04 7.6 0.0 0.5 3.8 27.7 18:49 SE 12 11.2 16.9 15:29 7.9 02:38 7.1 0.0 0.0 1.5 16.9 08:14 NE 13 10.4 16.5 13:35 6.1 02:38 7.9 0.0 6.7 2.5 24.1 13:14 N 14 10.2 14.3 13:05 6.9 05:40 8.1 0.0 12.4 5.6 31.3 03:31 WSW 15 8.7 13.4 14:24 4.7 03:13 9.6 0.0 0.0 3.8 29.5 13:56 SSW 16 11.2 13.1 11:45 8.3 09:00 7.1 0.0 10.9 2.9 19.1 00:43 W 17 10.4 13.4 14:04 8.3 04:02 7.9 0.0 0.5 1.5 12.2 13:15 SW 18 11.7 14.9 15:01 8.3 04:10 6.6 0.0 0.0 3.1 19.4 08:35 NE 19 13.1 17.3 13:05 10.9 03:15 5.2 0.0 0.0 7.2 19.1 01:35 NE 20 10.9 15.8 14:45 5.6 05:51 7.4 0.0 0.0 1.8 18.7 09:28 NE 21 8.2 16.5 14:48 2.8 07:01 10.1 0.0 0.0 1.4 10.1 11:29 NE 22 9.8 17.8 14:07 4.2 07:27 8.5 0.0 0.0 2.6 16.2 13:39 NE 23 10.5 18.1 14:17 5.6 05:46 7.7 0.0 0.0 2.6 13.3 15:42 NE 24 15.3 18.1 13:29 7.9 09:00 3.0 0.0 0.0 10.6 40.3 06:51 NE 25 13.7 19.5 13:08 10.7 00:42 4.6 0.0 8.8 8.3 31.7 12:46 NNE 26 10.4 13.6 13:56 7.9 21:37 7.9 0.0 0.0 3.6 27.4 13:31 W 27 10.6 13.2 11:41 7.6 06:47 7.7 0.0 5.7 2.2 17.3 14:20 WSW 28 10.1 12.6 13:30 8.9 09:00 8.2 0.0 0.0 1.6 15.5 12:13 SSE 29 7.2 13.1 14:15 2.3 04:31 11.1 0.0 0.0 1.5 15.1 13:04 SE 30 6.2 12.2 15:16 2.4 06:05 12.1 0.0 0.0 1.5 9.4 07:15 NE 31 9.8 14.3 13:07 4.5 09:00 8.5 0.0 0.0 5.9 23.8 13:28 NE ---------------------------------------------------------------------------------- 11.6 24.4 2 2.3 29 209.9 3.3 72.4 3.3 40.3 24 NNE Max >= 40.0: 0 Max <= 18.0: 22 Min <= 18.0: 31 Min <= 10.0: 24 Max Rain: 12.4 on day 14 Days of Rain: 12 (>= 0.2 mm) 8 (>= 2.0 mm) 0 (>= 20.0 mm) Heat Base: 18.3 Cool Base: 18.3 Method: Integration |