NOAA-Style Climate Reports
Select a Year or Month report
Report for 2021 Jun Monthly Climatological Summary for Jun 2021 Name: North Bayswater Weather City: Bayswater State: Victoria Elevation: 114 m Lat: S 37° 49' 25" Lon: E 145° 17' 47" Temperature (°C), Rain (mm), Wind Speed (km/h) Heat Cool Avg Mean Deg Deg Wind Dom Day Temp High Time Low Time Days Days Rain Speed High Time Dir ---------------------------------------------------------------------------------- 1 11.3 14.3 14:25 8.9 06:01 7.0 0.0 0.0 6.6 25.2 12:06 NE 2 13.2 18.4 14:11 10.1 06:13 5.1 0.0 0.0 3.0 22.3 10:59 NE 3 12.5 17.2 14:02 9.6 06:41 5.7 0.0 2.6 1.8 16.9 05:28 WSW 4 7.8 11.4 13:17 2.9 06:45 10.5 0.0 3.6 1.8 14.8 08:59 SW 5 9.5 11.4 13:42 5.5 09:00 8.7 0.0 0.5 7.6 24.1 13:17 NE 6 11.2 12.6 14:12 10.4 09:00 7.3 0.0 0.0 9.9 24.1 11:23 NE 7 12.5 15.4 13:55 8.6 08:23 6.0 0.0 9.8 12.9 34.2 18:16 NNE 8 8.2 10.3 13:36 6.9 03:34 10.1 0.0 17.1 4.1 18.7 13:06 NE 9 10.8 12.7 07:16 7.8 09:00 7.5 0.0 81.3 10.0 34.2 00:55 SSW 10 9.6 13.6 12:54 5.9 05:39 8.7 0.0 1.6 2.9 76.7 10:44 S 11 10.8 13.8 15:05 7.2 09:00 7.5 0.0 8.3 1.9 13.0 01:52 W 12 12.0 14.3 14:45 10.7 07:45 6.3 0.0 0.0 1.4 11.9 12:49 WSW 13 11.4 14.2 13:52 9.2 04:49 6.9 0.0 0.0 0.5 6.8 11:00 W 14 10.2 14.8 15:06 6.3 06:42 8.1 0.0 0.0 0.9 14.0 10:47 NE 15 11.5 14.2 14:40 7.9 09:00 6.8 0.0 2.1 3.7 18.4 13:08 NE 16 10.9 15.4 13:16 8.5 03:33 7.4 0.0 0.5 3.2 18.7 14:42 NNE 17 9.2 12.8 13:35 6.3 22:52 9.1 0.0 1.6 0.9 8.3 12:38 N 18 10.2 12.1 14:22 8.2 07:44 8.1 0.0 10.4 0.9 16.9 17:00 SSW 19 9.5 14.9 13:33 5.5 03:30 8.8 0.0 0.5 1.7 22.7 12:39 SSE 20 7.9 13.6 14:26 3.6 05:55 10.4 0.0 0.0 1.1 8.6 11:30 NNE 21 7.5 13.9 14:08 2.9 06:03 10.8 0.0 0.0 1.8 14.4 14:30 NNE 22 11.4 14.9 14:16 4.6 09:00 6.8 0.0 0.0 6.0 22.3 05:41 NE 23 11.9 14.4 13:26 9.8 06:10 6.4 0.0 0.0 7.9 29.2 13:15 NNE 24 12.1 16.1 14:03 10.1 09:00 6.2 0.0 4.7 7.5 29.2 13:33 NNE 25 10.2 11.4 11:37 9.4 07:05 8.1 0.0 10.9 2.1 12.6 09:50 N 26 9.7 11.8 14:37 8.6 21:39 8.6 0.0 0.0 3.8 16.9 22:50 NNE 27 9.7 14.4 14:10 5.6 08:05 8.6 0.0 0.5 1.0 10.8 11:46 NE 28 7.5 13.7 14:26 2.9 05:36 10.8 0.0 0.0 1.7 13.0 10:48 NE 29 10.1 14.6 14:30 4.4 09:00 8.2 0.0 0.0 4.6 21.2 11:49 NE 30 12.3 16.3 14:06 9.5 09:00 6.0 0.0 0.0 5.9 67.3 10:01 NE ---------------------------------------------------------------------------------- 10.4 18.4 2 2.9 4 236.5 0.0 156.0 4.0 76.7 10 NE Max >= 40.0: 0 Max <= 18.0: 29 Min <= 18.0: 30 Min <= 10.0: 26 Max Rain: 81.3 on day 9 Days of Rain: 16 (>= 0.2 mm) 10 (>= 2.0 mm) 1 (>= 20.0 mm) Heat Base: 18.3 Cool Base: 18.3 Method: Integration |