NOAA-Style Climate Reports
Select a Year or Month report
Report for 2021 Jul Monthly Climatological Summary for Jul 2021 Name: North Bayswater Weather City: Bayswater State: Victoria Elevation: 114 m Lat: S 37° 49' 25" Lon: E 145° 17' 47" Temperature (°C), Rain (mm), Wind Speed (km/h) Heat Cool Avg Mean Deg Deg Wind Dom Day Temp High Time Low Time Days Days Rain Speed High Time Dir ---------------------------------------------------------------------------------- 1 12.4 17.1 13:40 9.7 06:07 5.9 0.0 0.0 6.1 18.7 13:01 NE 2 10.3 14.4 13:46 5.8 08:14 8.0 0.0 7.8 4.8 24.8 12:14 NNE 3 7.3 10.4 13:44 5.4 04:26 10.9 0.0 0.0 5.6 25.2 08:09 NNE 4 7.5 10.9 13:36 3.9 04:49 10.7 0.0 6.7 2.8 27.0 13:32 N 5 8.6 11.3 14:57 5.9 23:42 9.7 0.0 0.0 1.1 15.1 14:34 WSW 6 8.7 11.5 14:29 5.3 08:41 9.9 0.0 0.0 1.2 10.1 11:16 N 7 7.7 11.6 11:52 2.7 06:53 11.1 0.0 0.0 0.3 7.6 15:34 NNE 8 6.0 11.5 12:31 1.7 05:27 12.3 0.0 0.0 0.6 7.2 11:49 NE 9 6.8 12.8 13:05 2.6 01:39 11.5 0.0 0.0 1.1 10.1 14:03 SW 10 8.1 12.6 14:15 4.6 07:45 9.7 0.0 0.0 1.4 10.1 14:06 NE 11 10.6 14.5 13:53 5.9 09:00 7.7 0.0 0.0 6.9 25.2 14:34 NE 12 11.3 14.9 13:23 7.1 06:10 7.0 0.0 5.7 7.0 38.9 13:33 NNE 13 11.5 14.3 13:33 9.2 07:21 6.8 0.0 2.6 6.7 25.9 08:55 NNE 14 10.8 12.5 14:44 9.2 09:21 7.5 0.0 11.4 8.6 23.8 22:57 NE 15 11.9 15.3 12:07 9.7 05:29 6.4 0.0 7.3 6.8 25.6 10:52 NNE 16 9.7 11.9 14:55 6.7 07:22 8.6 0.0 4.2 5.0 20.9 11:42 N 17 9.2 9.9 13:13 7.3 09:00 9.1 0.0 13.5 4.1 18.0 17:13 W 18 10.0 13.4 13:48 7.8 01:27 8.3 0.0 0.0 2.3 16.6 10:44 W 19 10.2 12.9 13:51 9.0 22:08 8.1 0.0 0.5 5.9 27.0 00:38 NNE 20 7.2 10.2 12:06 4.8 06:25 11.1 0.0 14.0 2.4 26.3 13:06 WSW 21 8.9 10.9 14:31 6.9 09:00 9.4 0.0 0.0 2.3 8.3 16:42 NE 22 8.9 11.3 14:05 7.2 09:00 10.4 0.0 0.0 7.4 29.5 13:48 NNE 23 8.5 10.9 13:45 6.8 06:34 9.8 0.0 0.0 4.4 20.9 08:34 NNE 24 8.5 12.7 15:12 5.2 07:53 9.8 0.0 3.6 6.8 27.4 13:08 N 25 9.5 11.3 08:43 5.9 09:00 8.8 0.0 0.0 4.9 21.6 08:09 NNW 26 12.3 15.3 12:50 9.5 05:49 6.0 0.0 0.0 6.9 31.0 13:22 NNE 27 14.3 15.3 12:06 11.1 09:00 4.0 0.0 0.0 13.7 45.0 20:34 NNE 28 10.1 16.3 14:05 -10.0 18:29 8.2 0.0 1.0 4.7 31.3 16:55 NNW 29 10.4 14.4 13:48 -8.9 17:28 7.9 0.0 0.0 7.1 28.1 08:33 NNE 30 12.3 15.4 13:30 9.8 09:00 6.0 0.0 0.0 16.7 36.7 23:38 NNE 31 12.2 17.3 13:42 7.1 07:22 6.0 0.0 22.3 7.1 34.6 13:52 NE ---------------------------------------------------------------------------------- 9.7 17.3 31 -10.0 28 266.6 0.0 100.6 5.3 45.0 27 NNE Max >= 40.0: 0 Max <= 18.0: 31 Min <= 18.0: 31 Min <= 10.0: 30 Max Rain: 22.3 on day 31 Days of Rain: 13 (>= 0.2 mm) 11 (>= 2.0 mm) 1 (>= 20.0 mm) Heat Base: 18.3 Cool Base: 18.3 Method: Integration |