NOAA-Style Climate Reports
Select a Year or Month report
Report for 2021 Sep Monthly Climatological Summary for Sep 2021 Name: North Bayswater Weather City: Bayswater State: Victoria Elevation: 114 m Lat: S 37° 49' 25" Lon: E 145° 17' 47" Temperature (°C), Rain (mm), Wind Speed (km/h) Heat Cool Avg Mean Deg Deg Wind Dom Day Temp High Time Low Time Days Days Rain Speed High Time Dir ---------------------------------------------------------------------------------- 1 18.7 23.8 14:02 12.1 09:02 0.2 0.3 0.0 8.5 27.7 03:29 NE 2 21.1 25.5 14:34 -1.9 20:27 0.2 2.3 0.0 14.1 40.0 23:45 NNE 3 14.9 23.6 09:41 10.7 07:08 4.3 0.9 30.0 3.8 28.8 10:13 NNW 4 10.8 14.8 12:38 8.2 01:14 7.5 0.0 12.9 4.0 21.6 13:02 SSW 5 10.7 14.2 13:35 -9.1 11:12 7.6 0.0 3.1 5.1 22.7 01:18 SW 6 12.1 15.6 13:03 9.8 21:15 6.2 0.0 0.0 3.1 16.6 16:58 WSW 7 12.4 15.4 14:19 10.4 06:21 5.9 0.0 0.0 3.3 22.3 13:39 WSW 8 14.6 19.9 14:49 11.4 04:59 3.9 0.2 0.0 8.7 27.7 08:36 NNE 9 17.0 23.4 16:03 10.4 06:32 2.7 1.4 0.0 5.4 93.6 20:35 NW 10 15.8 19.3 08:59 13.1 09:00 2.5 0.0 0.0 9.0 33.8 03:55 NE 11 15.5 20.8 13:50 9.6 06:58 3.3 0.5 0.0 3.9 23.8 09:52 W 12 10.7 16.3 13:47 7.3 06:44 7.6 0.0 0.5 2.5 19.4 13:47 W 13 9.8 15.3 13:03 4.3 06:39 8.5 0.0 0.0 2.1 19.1 11:40 SSW 14 10.1 16.8 14:28 3.8 06:11 8.2 0.0 0.0 2.0 12.2 11:28 S 15 10.0 17.1 14:15 3.2 06:20 8.3 0.0 0.0 2.1 16.2 11:43 SSE 16 11.6 18.1 15:46 6.1 02:34 6.7 0.0 0.0 2.9 18.0 08:08 NE 17 16.1 20.1 12:06 11.8 07:02 2.4 0.2 0.5 11.2 34.9 17:03 NNE 18 10.9 16.8 11:51 7.3 01:29 7.4 0.0 1.0 6.2 30.6 16:10 WNW 19 13.1 16.5 14:27 9.6 06:52 5.2 0.0 12.4 7.5 25.6 08:32 NNW 20 8.4 13.8 12:01 5.9 23:58 10.0 0.0 12.4 5.5 29.5 12:46 WSW 21 10.7 13.1 13:24 8.4 09:21 7.6 0.0 2.6 3.4 22.7 12:45 SW 22 12.1 17.1 16:34 8.1 06:15 6.2 0.0 0.5 1.4 15.1 10:55 NNW 23 14.6 20.5 14:23 9.2 06:27 4.1 0.4 0.0 4.6 25.6 17:06 N 24 12.0 18.2 10:14 6.8 06:28 6.3 0.0 2.1 6.8 32.0 16:52 WSW 25 8.3 13.6 14:32 3.3 06:34 10.0 0.0 1.0 2.7 29.9 16:19 SW 26 10.8 17.4 15:31 4.6 05:18 7.5 0.0 0.0 2.8 16.9 08:31 SE 27 12.7 19.4 12:22 5.9 05:40 5.7 0.1 0.0 3.6 26.6 10:20 NNE 28 16.6 23.1 14:34 12.3 04:29 2.8 1.1 0.0 2.6 92.2 17:46 NE 29 15.5 20.3 13:48 13.5 05:35 2.9 0.2 0.5 2.0 22.0 15:39 SSW 30 14.9 18.8 11:45 13.1 04:12 3.5 0.0 0.0 3.0 14.4 20:30 NE ---------------------------------------------------------------------------------- 13.1 25.5 2 -9.1 5 165.2 7.6 79.5 4.6 93.6 9 NNW Max >= 40.0: 0 Max <= 18.0: 15 Min <= 18.0: 30 Min <= 10.0: 20 Max Rain: 30.0 on day 3 Days of Rain: 13 (>= 0.2 mm) 7 (>= 2.0 mm) 1 (>= 20.0 mm) Heat Base: 18.3 Cool Base: 18.3 Method: Integration |