NOAA-Style Climate Reports
Select a Year or Month report
Report for 2021 Oct Monthly Climatological Summary for Oct 2021 Name: North Bayswater Weather City: Bayswater State: Victoria Elevation: 114 m Lat: S 37° 49' 25" Lon: E 145° 17' 47" Temperature (°C), Rain (mm), Wind Speed (km/h) Heat Cool Avg Mean Deg Deg Wind Dom Day Temp High Time Low Time Days Days Rain Speed High Time Dir ---------------------------------------------------------------------------------- 1 16.6 21.2 15:34 13.4 06:29 2.3 0.6 1.6 2.6 13.7 11:19 NE 2 14.9 17.9 13:14 12.6 08:00 3.2 0.0 0.0 2.4 92.9 09:33 WSW 3 16.4 22.9 14:00 11.4 07:55 2.8 0.9 0.5 4.8 19.1 21:57 N 4 12.8 18.2 13:16 9.6 06:26 5.5 0.0 0.5 5.9 25.2 12:25 NW 5 11.6 16.5 17:15 9.0 06:53 6.7 0.0 1.6 5.1 32.8 12:15 WSW 6 16.1 21.9 15:19 9.9 06:07 3.0 0.7 0.5 6.2 28.1 02:57 N 7 11.3 16.5 13:59 6.4 05:37 7.0 0.0 0.0 3.7 27.4 16:29 WSW 8 16.2 21.8 15:43 10.6 09:00 2.7 0.6 0.0 6.5 26.6 23:42 NNE 9 17.4 25.7 14:20 -5.9 09:42 2.8 1.9 0.5 4.2 26.6 12:39 N 10 11.1 16.3 16:19 -8.6 18:17 7.2 0.0 0.5 2.6 22.3 15:21 SSW 11 10.4 15.8 14:31 5.0 06:43 7.9 0.0 0.0 2.8 16.9 19:09 SSW 12 14.7 21.9 14:45 9.3 09:00 4.2 0.6 0.0 2.3 17.6 08:29 NE 13 14.5 20.0 12:38 8.3 06:46 4.0 0.2 0.5 5.5 20.9 12:12 NE 14 13.1 19.5 15:50 8.6 03:41 5.2 0.1 0.0 3.1 23.0 16:46 NNE 15 12.1 17.5 13:35 10.0 09:00 6.2 0.0 0.5 8.7 29.2 02:18 WSW 16 12.1 15.1 15:16 10.1 06:34 6.2 0.0 0.0 5.5 29.2 11:39 SW 17 14.1 18.9 15:40 10.7 01:45 4.2 0.0 0.0 2.8 16.6 14:30 N 18 12.8 17.8 11:51 8.3 04:31 5.5 0.0 0.5 2.1 15.5 17:31 SW 19 13.0 17.9 16:02 8.5 06:45 5.3 0.0 0.5 2.8 17.3 23:28 S 20 18.3 24.9 15:10 12.6 09:00 1.7 1.8 0.0 3.3 11.9 07:22 NE 21 19.9 25.9 15:54 14.2 06:40 0.9 2.5 0.0 4.2 24.8 11:41 NE 22 20.2 28.5 16:22 13.1 08:09 1.6 3.4 0.5 4.8 19.1 22:13 NNE 23 12.4 16.6 14:28 9.6 06:56 5.9 0.0 0.5 3.6 20.5 19:53 SW 24 12.6 17.3 15:53 9.6 05:08 5.7 0.0 36.8 5.0 24.1 10:28 SW 25 11.4 17.3 15:01 4.7 06:13 6.9 0.0 0.0 3.2 25.2 13:27 SW 26 15.2 22.1 15:49 9.2 06:17 3.8 0.7 0.0 2.7 16.9 16:43 NNE 27 21.2 27.6 16:31 15.4 06:47 0.4 3.3 0.0 6.7 21.6 10:27 NNE 28 19.7 28.9 16:18 10.6 08:02 1.1 2.5 12.4 9.4 46.4 06:16 NNE 29 10.6 15.6 15:14 6.0 06:20 7.7 0.0 1.6 6.4 35.3 16:49 SW 30 11.8 16.4 14:05 7.4 06:32 6.5 0.0 0.0 3.1 27.7 15:52 WSW 31 14.9 22.1 17:02 8.3 05:08 4.1 0.7 0.0 1.9 14.8 12:38 WSW ---------------------------------------------------------------------------------- 14.5 28.9 28 -8.6 10 138.2 20.5 59.5 4.3 92.9 2 NW Max >= 40.0: 0 Max <= 18.0: 14 Min <= 18.0: 31 Min <= 10.0: 20 Max Rain: 36.8 on day 24 Days of Rain: 16 (>= 0.2 mm) 2 (>= 2.0 mm) 1 (>= 20.0 mm) Heat Base: 18.3 Cool Base: 18.3 Method: Integration |