NOAA-Style Climate Reports
Select a Year or Month report
Report for 2022 Jan Monthly Climatological Summary for Jan 2022 Name: North Bayswater Weather City: Bayswater State: Victoria Elevation: 114 m Lat: S 37° 49' 25" Lon: E 145° 17' 47" Temperature (°C), Rain (mm), Wind Speed (km/h) Heat Cool Avg Mean Deg Deg Wind Dom Day Temp High Time Low Time Days Days Rain Speed High Time Dir ---------------------------------------------------------------------------------- 1 29.0 39.6 14:33 21.8 06:22 0.0 10.5 0.0 5.2 18.4 09:12 NE 2 22.8 33.6 15:22 16.4 05:57 0.4 4.6 0.0 4.1 18.7 18:51 SSW 3 19.7 25.4 15:09 15.8 04:45 0.8 2.2 0.0 4.8 23.0 11:10 SSW 4 22.3 27.9 18:25 17.7 09:00 0.0 4.1 0.0 3.9 19.1 14:23 SSW 5 23.4 29.9 18:23 18.6 06:29 0.0 5.1 0.0 4.8 94.7 14:13 ENE 6 25.5 32.3 13:37 19.3 06:11 0.0 7.2 3.6 3.1 16.2 20:56 NNE 7 21.3 26.5 17:55 17.6 07:38 0.1 3.4 13.0 4.2 94.7 15:06 NE 8 18.4 22.4 16:22 15.3 07:13 0.9 1.0 0.0 3.0 16.6 10:20 SSW 9 20.2 27.3 16:13 14.2 06:25 0.9 2.8 0.0 2.7 23.0 16:45 SSW 10 25.6 33.8 16:07 18.4 09:00 0.0 7.3 0.0 3.5 14.4 17:09 SSW 11 24.6 31.6 14:51 18.6 05:50 0.0 6.3 1.0 5.1 22.3 04:16 SSE 12 24.8 32.3 15:19 17.7 06:29 0.0 6.5 0.0 3.2 17.6 15:41 ESE 13 27.5 34.9 15:46 21.8 05:58 0.0 9.2 0.0 4.5 16.9 20:35 NE 14 25.2 32.5 14:00 18.9 06:12 0.0 6.9 8.3 6.5 29.2 13:06 NE 15 20.5 25.8 15:52 17.0 07:13 0.2 2.3 0.0 2.7 19.1 18:46 SW 16 26.7 33.5 16:25 18.9 08:47 0.0 8.4 0.0 2.4 14.4 05:43 NE 17 19.6 26.4 16:58 15.9 01:46 0.7 2.1 0.0 3.0 95.0 14:13 SSW 18 18.7 24.8 14:33 14.8 03:00 1.3 1.7 0.0 4.6 23.4 15:52 SSW 19 20.7 27.5 13:28 13.3 07:15 0.0 2.4 0.0 4.7 26.3 14:28 SE 20 23.3 31.8 17:28 15.8 06:15 0.3 5.4 0.0 3.2 18.7 07:38 E 21 25.0 32.6 16:24 17.2 05:54 0.1 6.8 0.0 3.8 17.3 09:02 E 22 26.2 34.4 16:23 17.4 06:26 0.1 7.9 0.0 3.7 19.1 13:36 ENE 23 27.4 35.1 16:59 20.2 06:33 0.0 9.1 0.0 2.6 11.5 09:32 NNE 24 28.3 35.9 16:34 20.6 07:07 0.0 10.0 0.0 2.3 11.9 09:09 NNE 25 28.1 35.9 14:45 20.3 06:42 0.0 9.8 0.0 0.8 11.2 09:50 N 26 29.3 36.8 17:03 21.4 08:54 0.0 11.0 7.3 5.9 11.5 09:19 NE 27 26.8 32.5 16:02 21.1 09:28 0.0 8.5 2.6 10.1 28.8 13:09 NNE 28 23.9 35.4 13:39 17.9 03:23 0.0 5.6 16.1 4.3 33.1 14:59 NW 29 20.2 23.6 14:59 18.2 03:17 0.0 1.9 0.0 2.7 19.4 19:01 SSW 30 25.3 32.0 16:06 20.4 03:36 0.0 7.0 0.0 2.4 18.7 12:45 SSW 31 28.2 35.9 17:35 21.2 08:53 0.0 9.9 0.0 3.7 16.9 13:14 NNE ---------------------------------------------------------------------------------- 24.1 39.6 1 13.3 19 5.8 186.9 51.9 3.9 95.0 17 E Max >= 40.0: 0 Max <= 18.0: 0 Min <= 18.0: 15 Min <= 10.0: 0 Max Rain: 16.1 on day 28 Days of Rain: 7 (>= 0.2 mm) 6 (>= 2.0 mm) 0 (>= 20.0 mm) Heat Base: 18.3 Cool Base: 18.3 Method: Integration |