NOAA-Style Climate Reports
Select a Year or Month report
Report for 2022 Apr Monthly Climatological Summary for Apr 2022 Name: North Bayswater Weather City: Bayswater State: Victoria Elevation: 114 m Lat: S 37° 49' 25" Lon: E 145° 17' 47" Temperature (°C), Rain (mm), Wind Speed (km/h) Heat Cool Avg Mean Deg Deg Wind Dom Day Temp High Time Low Time Days Days Rain Speed High Time Dir ---------------------------------------------------------------------------------- 1 15.6 20.4 14:39 13.3 09:00 2.9 0.2 0.0 4.5 20.5 05:56 S 2 14.9 16.4 16:04 13.4 05:06 3.9 0.0 4.7 2.7 15.8 21:32 SSW 3 15.8 17.4 14:44 14.6 09:00 2.4 0.0 2.1 1.6 12.2 15:49 SW 4 15.8 18.2 12:17 13.8 02:35 2.8 0.0 0.0 1.3 12.6 10:53 WSW 5 16.8 21.1 14:33 14.2 09:00 2.0 0.5 0.0 2.4 15.8 04:58 S 6 16.5 22.6 15:23 10.8 06:14 2.6 0.9 0.0 1.7 14.4 20:23 S 7 17.5 24.4 14:22 12.2 06:24 2.1 1.3 0.0 2.6 19.1 15:31 SE 8 19.6 25.4 14:32 15.4 09:00 0.5 1.8 0.0 1.6 17.6 15:36 ENE 9 19.8 25.2 13:12 16.1 04:24 0.7 2.1 0.0 4.9 29.5 11:59 NE 10 21.3 26.9 14:30 14.7 08:48 0.5 3.5 0.5 5.1 21.2 11:19 N 11 14.7 18.9 14:41 11.6 22:54 3.6 0.0 0.0 2.0 13.0 09:07 S 12 14.4 18.2 13:19 11.8 04:18 3.9 0.0 0.0 1.6 16.6 12:44 S 13 15.8 22.6 14:31 9.9 06:13 3.4 0.9 0.0 2.5 16.6 18:07 SE 14 18.5 25.3 14:27 13.6 01:01 1.5 1.8 0.0 3.5 21.6 13:21 NNE 15 20.0 26.8 15:20 15.4 04:47 0.9 2.6 0.0 3.3 18.7 12:12 NNE 16 20.3 27.7 14:03 14.2 05:28 1.0 3.0 0.0 3.4 21.6 10:12 NNE 17 21.9 28.4 14:32 16.3 07:42 0.4 4.0 15.0 7.0 27.4 14:21 NNE 18 16.1 17.6 15:25 14.9 06:05 2.2 0.0 11.9 2.3 24.1 12:36 NE 19 12.8 16.4 11:54 8.8 05:36 5.5 0.0 4.7 1.4 29.9 17:58 WSW 20 14.1 18.4 14:47 11.9 09:00 4.2 0.0 1.0 1.3 18.7 15:51 W 21 13.3 16.9 10:59 9.2 05:35 5.0 0.0 0.5 2.0 16.9 14:16 S 22 12.5 18.8 13:50 7.1 05:30 5.8 0.0 0.0 2.2 15.1 15:56 SSE 23 13.2 19.6 14:47 7.8 05:42 5.3 0.1 0.0 1.5 13.3 14:27 SW 24 12.4 18.8 13:12 8.2 05:26 5.9 0.0 0.0 1.2 11.5 16:29 NE 25 15.1 22.8 14:15 9.3 05:47 4.1 0.9 0.0 1.6 14.4 13:02 NNE 26 17.7 23.0 15:08 13.3 09:00 1.8 1.2 0.0 1.2 11.9 12:57 NE 27 18.3 22.1 13:33 15.2 09:00 0.9 0.9 0.0 1.5 12.6 11:09 NE 28 18.3 21.2 14:55 15.8 05:33 0.9 0.9 0.0 6.5 27.7 08:42 NNE 29 17.0 21.9 12:10 10.9 07:07 2.4 1.1 32.6 4.8 25.9 09:23 NNE 30 13.8 17.4 15:32 11.8 21:17 4.5 0.0 0.0 3.9 20.5 10:43 NW ---------------------------------------------------------------------------------- 16.5 28.4 17 7.1 22 83.6 27.7 73.0 2.8 29.9 19 NE Max >= 40.0: 0 Max <= 18.0: 6 Min <= 18.0: 30 Min <= 10.0: 7 Max Rain: 32.6 on day 29 Days of Rain: 9 (>= 0.2 mm) 6 (>= 2.0 mm) 1 (>= 20.0 mm) Heat Base: 18.3 Cool Base: 18.3 Method: Integration |