NOAA-Style Climate Reports
Select a Year or Month report
Report for 2022 May Monthly Climatological Summary for May 2022 Name: North Bayswater Weather City: Bayswater State: Victoria Elevation: 114 m Lat: S 37° 49' 25" Lon: E 145° 17' 47" Temperature (°C), Rain (mm), Wind Speed (km/h) Heat Cool Avg Mean Deg Deg Wind Dom Day Temp High Time Low Time Days Days Rain Speed High Time Dir ---------------------------------------------------------------------------------- 1 16.0 20.1 13:34 13.6 09:00 2.3 0.1 0.0 4.4 17.3 13:08 NNE 2 16.4 21.8 13:39 12.5 05:56 2.5 0.6 0.0 4.5 93.6 02:30 NNE 3 15.5 20.6 13:36 12.9 23:16 3.1 0.3 0.0 5.7 28.8 13:47 NE 4 10.6 15.4 14:54 5.8 05:58 8.0 0.0 4.7 1.1 16.2 16:07 SW 5 9.0 13.8 15:00 4.4 05:53 9.3 0.0 0.0 1.3 8.3 13:28 NE 6 10.8 14.3 13:51 7.6 09:00 7.5 0.0 2.6 5.3 27.7 14:38 NNW 7 11.8 13.5 13:31 9.5 09:00 6.5 0.0 1.0 2.3 19.4 12:25 NW 8 11.4 15.1 13:18 6.9 07:22 6.9 0.0 0.5 0.7 8.3 12:27 WSW 9 10.6 16.9 13:52 5.8 05:49 7.7 0.0 0.0 1.3 11.2 13:26 ESE 10 13.2 19.4 15:02 7.2 09:00 5.2 0.1 0.0 0.9 92.2 07:06 NE 11 14.9 18.1 14:29 11.9 09:00 3.4 0.0 0.0 0.3 4.3 08:46 E 12 16.9 20.6 13:50 14.1 09:00 1.8 0.3 0.0 0.7 6.5 14:50 W 13 16.9 19.4 13:37 15.6 09:00 1.5 0.1 0.5 1.6 12.6 15:22 N 14 15.0 16.7 10:13 12.1 06:44 3.3 0.0 1.6 5.2 23.4 13:53 NE 15 15.7 20.4 14:40 11.4 04:46 2.9 0.3 1.6 5.2 33.1 11:55 N 16 11.1 15.5 10:37 7.1 05:07 7.2 0.0 5.2 2.4 19.8 13:13 NW 17 12.1 14.7 14:19 9.5 09:00 6.2 0.0 0.0 3.9 14.8 12:32 NNW 18 10.9 15.3 14:12 8.5 05:09 7.4 0.0 0.5 3.0 24.1 14:16 WSW 19 12.0 13.5 14:48 9.6 09:00 6.3 0.0 0.5 1.0 8.3 15:37 SSW 20 9.9 16.4 13:13 4.3 07:19 8.4 0.0 0.0 1.7 14.4 11:17 ESE 21 10.8 16.6 15:08 5.6 09:00 7.5 0.0 0.0 1.3 10.4 14:15 NNW 22 10.8 14.8 14:48 8.4 21:10 7.5 0.0 0.0 1.7 11.2 08:40 N 23 10.8 18.6 15:06 5.2 05:50 7.5 0.0 0.0 1.0 9.7 09:42 NNE 24 11.5 19.1 14:24 6.3 06:03 6.9 0.1 0.0 1.5 16.9 11:42 NE 25 13.5 18.6 14:20 8.2 09:00 4.8 0.0 0.0 3.9 18.0 05:58 NE 26 13.7 15.3 11:55 12.4 08:18 4.6 0.0 4.1 2.8 29.5 10:32 NE 27 12.0 15.8 13:22 8.9 05:09 6.3 0.0 0.0 0.7 4.7 14:57 ENE 28 9.2 14.1 13:28 4.9 04:08 9.1 0.0 0.0 1.3 9.7 08:45 N 29 10.5 15.4 12:43 7.6 02:32 7.8 0.0 0.0 4.7 18.0 10:59 NE 30 9.6 12.4 11:35 7.9 02:20 8.7 0.0 7.8 3.0 20.5 04:07 NNE 31 7.7 10.3 14:33 5.5 03:41 10.6 0.0 3.1 6.8 29.5 08:11 W ---------------------------------------------------------------------------------- 12.3 21.8 2 4.3 20 188.7 1.9 33.7 2.6 93.6 2 N Max >= 40.0: 0 Max <= 18.0: 20 Min <= 18.0: 31 Min <= 10.0: 22 Max Rain: 7.8 on day 30 Days of Rain: 13 (>= 0.2 mm) 6 (>= 2.0 mm) 0 (>= 20.0 mm) Heat Base: 18.3 Cool Base: 18.3 Method: Integration |