NOAA-Style Climate Reports
Select a Year or Month report
Report for 2022 Jun Monthly Climatological Summary for Jun 2022 Name: North Bayswater Weather City: Bayswater State: Victoria Elevation: 114 m Lat: S 37° 49' 25" Lon: E 145° 17' 47" Temperature (°C), Rain (mm), Wind Speed (km/h) Heat Cool Avg Mean Deg Deg Wind Dom Day Temp High Time Low Time Days Days Rain Speed High Time Dir ---------------------------------------------------------------------------------- 1 9.4 12.0 15:01 6.8 07:49 8.9 0.0 5.7 3.9 30.6 10:28 WSW 2 9.2 12.5 13:49 7.2 00:04 9.1 0.0 0.5 3.9 13.7 08:47 NNE 3 9.8 12.0 12:31 8.5 01:27 8.5 0.0 0.0 7.1 23.0 14:27 NE 4 11.9 13.9 13:11 -9.0 10:50 6.3 0.0 0.5 9.3 27.7 01:45 NNE 5 9.3 12.8 12:07 7.4 02:40 8.7 0.0 6.7 4.9 92.2 17:58 NNW 6 9.0 11.9 13:57 7.5 07:48 9.3 0.0 7.3 3.7 27.0 11:04 W 7 8.5 10.9 14:38 7.2 04:27 9.8 0.0 8.3 3.4 19.1 22:03 WSW 8 9.7 11.4 13:35 8.1 09:00 8.6 0.0 0.5 3.2 17.6 00:46 W 9 10.4 12.3 14:54 9.4 09:00 7.9 0.0 1.0 4.3 20.9 14:14 WSW 10 10.1 13.3 12:07 8.2 07:23 8.2 0.0 3.6 3.5 92.2 15:39 SW 11 10.4 12.1 14:40 9.3 09:00 7.9 0.0 2.6 7.8 27.4 17:40 WSW 12 10.3 12.3 13:59 -9.2 16:37 8.0 0.0 5.7 2.8 20.9 15:05 WSW 13 9.0 12.8 14:04 -9.0 13:06 9.3 0.0 0.0 1.4 14.8 08:40 NNE 14 10.8 13.1 13:49 8.6 09:00 7.5 0.0 0.0 11.3 37.8 07:23 NNE 15 11.6 12.9 14:02 10.8 18:25 6.7 0.0 2.6 8.6 33.1 10:06 NE 16 12.6 14.7 13:15 11.3 04:46 5.7 0.0 2.1 2.3 18.0 10:55 WSW 17 10.5 13.6 11:52 7.6 06:48 7.8 0.0 0.5 1.6 8.6 15:44 N 18 9.4 15.8 14:35 4.2 06:58 8.9 0.0 0.0 0.7 7.2 09:41 NNE 19 11.1 15.2 13:37 5.8 09:00 7.2 0.0 0.0 3.3 19.8 13:43 NNE 20 13.9 17.3 13:55 11.3 08:16 4.4 0.0 8.8 6.8 27.7 14:06 NNE 21 10.3 14.9 13:46 6.3 00:35 8.0 0.0 1.5 3.5 17.3 13:37 NNW 22 12.0 14.6 12:47 10.4 09:00 6.2 0.0 0.5 4.4 19.1 22:45 NE 23 13.7 15.4 13:08 11.8 07:31 4.6 0.0 5.2 6.9 25.6 13:00 NNE 24 11.2 15.6 15:12 8.6 22:01 7.1 0.0 1.0 2.1 13.0 12:14 NNW 25 12.3 15.8 13:38 9.9 07:31 6.0 0.0 0.0 5.4 94.3 22:03 N 26 9.6 12.5 11:03 6.9 04:58 8.7 0.0 7.3 0.9 10.4 10:43 WSW 27 8.6 11.5 15:22 6.2 05:52 9.7 0.0 1.0 1.1 10.4 13:45 NNE 28 8.8 12.5 14:47 6.4 09:00 9.5 0.0 0.0 6.1 23.0 15:19 NE 29 9.1 12.0 14:40 4.8 07:52 9.2 0.0 0.0 4.6 18.7 13:10 NNE 30 7.8 14.5 14:18 3.9 01:39 10.5 0.0 0.0 1.7 13.0 10:01 NE ---------------------------------------------------------------------------------- 10.3 17.3 20 -9.2 12 238.2 0.0 72.9 4.3 94.3 25 N Max >= 40.0: 0 Max <= 18.0: 30 Min <= 18.0: 30 Min <= 10.0: 25 Max Rain: 8.8 on day 20 Days of Rain: 21 (>= 0.2 mm) 12 (>= 2.0 mm) 0 (>= 20.0 mm) Heat Base: 18.3 Cool Base: 18.3 Method: Integration |