NOAA-Style Climate Reports
Select a Year or Month report
Report for 2022 Jul Monthly Climatological Summary for Jul 2022 Name: North Bayswater Weather City: Bayswater State: Victoria Elevation: 114 m Lat: S 37° 49' 25" Lon: E 145° 17' 47" Temperature (°C), Rain (mm), Wind Speed (km/h) Heat Cool Avg Mean Deg Deg Wind Dom Day Temp High Time Low Time Days Days Rain Speed High Time Dir ---------------------------------------------------------------------------------- 1 9.1 13.3 14:04 4.3 08:12 9.2 0.0 0.0 1.7 12.2 16:21 SSW 2 9.0 13.2 14:12 4.8 05:23 9.3 0.0 0.0 2.5 13.3 14:40 SSW 3 8.5 12.6 13:42 4.9 05:37 9.8 0.0 0.0 3.0 19.1 10:01 SSW 4 10.3 13.8 14:20 7.0 09:00 8.0 0.0 0.0 1.8 11.5 15:58 SSW 5 8.5 15.3 13:28 2.8 07:42 9.8 0.0 0.0 1.7 14.0 15:10 SE 6 8.8 15.2 14:20 4.1 09:00 9.5 0.0 0.0 1.6 11.9 12:29 NE 7 9.6 12.3 13:20 7.6 09:00 8.7 0.0 4.7 3.5 18.7 06:49 WSW 8 9.4 11.8 15:50 8.2 03:11 8.9 0.0 4.7 3.1 19.4 11:45 WSW 11 10.1 13.8 14:48 7.6 06:52 8.2 0.0 0.0 3.2 23.4 12:33 NNE 13 7.8 11.5 14:06 5.2 04:40 10.5 0.0 7.3 1.1 12.2 13:10 SW 15 10.2 13.8 13:50 8.1 09:00 8.1 0.0 0.0 6.6 27.4 08:48 NE 16 10.6 12.8 14:31 9.3 09:00 7.7 0.0 0.0 11.4 36.7 12:52 NNE 18 7.0 11.9 14:26 2.6 08:19 11.3 0.0 1.6 1.6 20.9 14:03 SW 19 6.0 12.1 14:30 0.6 05:23 12.3 0.0 0.0 1.7 16.6 12:49 E 20 5.8 13.3 14:38 0.9 06:12 12.5 0.0 0.0 1.1 10.1 12:53 WSW 22 11.3 17.5 14:08 5.5 09:00 7.0 0.0 0.0 2.8 22.7 14:02 NE 23 12.2 14.9 13:27 10.7 03:05 6.1 0.0 3.6 3.8 20.9 10:25 NE 25 11.9 15.6 11:19 8.6 04:47 6.4 0.0 4.1 4.4 20.9 14:13 NE 26 9.6 11.5 11:55 7.7 23:36 8.7 0.0 1.5 4.0 27.7 15:32 WSW 27 11.5 14.5 13:36 8.5 07:54 6.8 0.0 3.1 1.6 13.3 14:42 WSW 28 9.7 13.2 14:56 7.6 00:20 8.6 0.0 4.2 1.6 11.2 14:50 SW 29 6.9 13.2 14:02 -10.2 08:27 12.7 0.0 0.0 2.2 92.2 22:38 ENE 30 10.4 13.3 14:35 4.6 09:00 7.9 0.0 0.0 9.8 29.5 07:33 NNE 31 11.0 15.0 13:00 7.6 07:43 7.3 0.0 0.0 7.2 28.4 13:03 NNE ---------------------------------------------------------------------------------- 9.4 17.5 22 -10.2 29 215.3 0.0 34.8 3.5 92.2 29 NNE Max >= 40.0: 0 Max <= 18.0: 24 Min <= 18.0: 24 Min <= 10.0: 23 Max Rain: 7.3 on day 13 Days of Rain: 9 (>= 0.2 mm) 7 (>= 2.0 mm) 0 (>= 20.0 mm) Heat Base: 18.3 Cool Base: 18.3 Method: Integration |