NOAA-Style Climate Reports
Select a Year or Month report
Report for 2022 Sep Monthly Climatological Summary for Sep 2022 Name: North Bayswater Weather City: Bayswater State: Victoria Elevation: 114 m Lat: S 37° 49' 25" Lon: E 145° 17' 47" Temperature (°C), Rain (mm), Wind Speed (km/h) Heat Cool Avg Mean Deg Deg Wind Dom Day Temp High Time Low Time Days Days Rain Speed High Time Dir ---------------------------------------------------------------------------------- 1 11.6 14.9 15:14 9.1 06:03 6.7 0.0 1.6 1.8 11.9 10:47 WNW 2 8.8 13.4 12:54 5.2 05:58 9.5 0.0 0.0 2.0 21.6 11:42 SSW 3 9.8 14.7 12:28 5.6 04:41 8.5 0.0 0.5 1.9 13.7 12:58 SSW 4 10.0 13.0 13:08 7.4 07:16 8.3 0.0 0.0 1.0 10.8 13:51 SSW 5 10.5 16.4 14:29 4.3 05:56 7.8 0.0 0.0 4.0 27.7 18:12 ESE 6 11.9 18.6 14:36 6.4 04:23 6.4 0.0 0.0 1.8 17.3 13:09 ENE 7 16.3 20.8 15:10 12.6 09:00 2.0 0.0 0.0 6.2 20.9 15:57 NE 8 14.6 17.5 11:05 12.1 04:32 3.7 0.0 0.0 9.4 31.0 13:20 NE 9 15.1 20.8 16:06 11.2 06:12 3.2 0.0 8.3 3.6 24.8 13:00 NNE 10 11.9 15.9 14:33 9.2 05:41 6.4 0.0 0.0 4.6 24.1 14:59 WSW 11 11.8 16.3 15:47 8.2 07:25 6.5 0.0 2.6 2.9 20.2 09:52 W 12 9.3 13.8 14:12 4.9 04:25 9.0 0.0 0.0 2.6 20.9 12:34 SW 13 8.5 13.7 16:24 3.2 04:50 9.8 0.0 0.0 1.6 14.8 08:49 ESE 14 13.8 18.4 14:21 10.4 05:36 4.5 0.0 6.2 11.8 31.7 11:30 NE 15 12.8 16.4 13:27 9.1 04:44 5.5 0.0 0.0 4.6 23.0 11:49 NNE 16 12.1 17.4 11:48 8.4 04:20 6.2 0.0 4.7 6.4 19.8 09:00 NNE 17 11.0 13.6 13:32 9.5 04:56 7.3 0.0 11.9 4.7 24.1 09:58 N 18 11.0 15.4 13:56 7.1 06:13 7.3 0.0 8.8 3.0 29.2 12:43 NW 19 11.4 15.4 14:25 6.8 03:55 6.9 0.0 0.0 2.9 23.4 08:48 WNW 20 15.9 20.8 14:51 12.9 05:23 2.7 0.4 0.0 4.6 29.5 10:09 NNE 21 15.3 21.2 13:14 9.0 06:07 3.5 0.5 0.5 1.3 13.7 11:16 NE 22 16.7 22.3 14:13 13.4 07:23 2.3 0.7 0.0 2.6 14.4 14:32 WSW 23 12.9 18.4 12:47 8.3 06:47 5.4 0.0 0.0 1.9 18.4 15:06 SW 24 10.3 16.7 12:55 4.8 05:44 8.0 0.0 0.0 3.0 25.2 11:53 WSW 25 14.3 19.1 13:52 8.1 09:00 4.1 0.1 0.0 4.8 16.6 12:50 NNE 26 13.4 16.9 11:09 11.5 04:30 4.9 0.0 0.5 3.8 22.7 12:36 NNE 27 14.2 17.3 15:10 12.4 05:31 4.1 0.0 5.7 3.4 18.4 17:08 SSW 28 13.0 17.5 14:48 9.9 06:01 5.3 0.0 0.0 3.5 21.2 14:35 SSW 29 14.0 18.8 12:41 10.4 05:58 4.3 0.0 0.0 4.7 15.8 13:11 SSE 30 14.2 21.2 14:43 6.5 06:12 4.6 0.5 0.0 5.5 25.6 15:51 ESE ---------------------------------------------------------------------------------- 12.5 22.3 22 3.2 13 174.7 2.2 51.3 3.9 31.7 14 NNE Max >= 40.0: 0 Max <= 18.0: 19 Min <= 18.0: 30 Min <= 10.0: 21 Max Rain: 11.9 on day 17 Days of Rain: 11 (>= 0.2 mm) 7 (>= 2.0 mm) 0 (>= 20.0 mm) Heat Base: 18.3 Cool Base: 18.3 Method: Integration |