NOAA-Style Climate Reports
Select a Year or Month report
Report for 2023 Jan Monthly Climatological Summary for Jan 2023 Name: North Bayswater Weather City: Bayswater State: Victoria Elevation: 114 m Lat: S 37° 49' 25" Lon: E 145° 17' 47" Temperature (°C), Rain (mm), Wind Speed (km/h) Heat Cool Avg Mean Deg Deg Wind Dom Day Temp High Time Low Time Days Days Rain Speed High Time Dir ---------------------------------------------------------------------------------- 1 30.2 36.6 17:37 24.3 04:12 0.0 11.8 0.0 3.1 4.7 09:00 NNE 2 23.7 34.5 14:24 16.2 07:11 0.3 5.7 0.0 3.0 8.3 06:09 NNE 3 17.5 22.8 15:08 14.2 04:50 1.7 0.9 0.0 3.7 19.4 21:44 SSW 4 15.5 18.5 08:58 13.3 06:22 2.8 0.0 1.0 4.5 25.9 18:16 SW 5 18.9 25.3 14:26 13.6 04:53 1.5 2.1 0.0 4.2 20.9 13:22 SE 6 20.0 26.9 15:50 12.6 05:29 1.4 3.0 0.0 3.3 13.7 09:31 SSE 7 22.6 32.6 17:05 13.6 06:06 1.0 5.3 0.0 2.3 14.4 09:40 NNW 8 25.4 33.6 15:48 17.4 05:50 0.1 7.2 0.0 1.9 12.2 09:32 NE 9 22.9 31.8 11:45 16.5 06:42 0.4 5.0 0.0 3.4 16.6 22:19 WSW 10 21.1 27.8 15:50 15.9 05:02 0.4 3.3 0.0 3.1 18.4 13:05 SSW 11 25.9 36.1 16:53 2.8 15:45 0.1 7.7 0.0 2.2 12.2 09:24 N 12 23.5 29.9 15:29 19.4 03:02 0.0 5.2 0.0 3.8 23.4 17:18 SW 13 24.3 30.9 16:38 20.1 09:00 0.0 6.0 0.0 2.9 11.5 10:53 W 14 28.6 37.5 17:13 18.3 08:47 0.0 10.3 0.0 4.7 4.7 09:00 W 15 17.6 22.3 16:02 13.1 05:31 1.7 1.0 0.0 4.6 22.3 18:51 SW 16 24.5 32.4 17:24 15.9 09:00 0.1 6.3 0.0 2.3 20.9 08:40 NE 17 27.7 37.6 17:25 20.2 05:46 0.0 9.4 8.3 6.6 17.6 02:41 NNE 18 15.5 21.0 09:00 12.6 05:03 2.9 0.2 4.7 4.5 19.1 12:59 SW 19 16.6 20.5 15:23 11.9 06:40 2.2 0.4 0.0 2.4 8.6 20:15 SSE 20 19.3 25.8 15:35 13.3 06:11 1.4 2.4 0.0 2.4 2.9 09:00 SW 21 21.9 28.9 14:38 15.7 07:01 0.4 4.0 0.0 6.0 6.1 09:45 NNE 22 22.4 27.5 15:34 17.8 06:34 0.0 4.1 0.0 6.1 6.1 09:00 NNE 23 23.0 29.9 16:25 16.5 05:58 0.3 5.0 0.0 6.1 6.1 09:00 NNE 24 19.1 27.2 11:58 14.5 02:55 1.2 2.0 25.9 3.2 9.0 18:30 NNE 25 24.0 32.1 15:16 17.4 06:41 0.1 5.8 0.0 15.1 23.0 11:12 SE 26 18.4 24.7 14:37 12.1 06:31 1.8 1.9 0.0 13.9 23.0 09:00 SSE 27 22.9 31.2 17:46 15.4 06:11 0.4 5.0 0.0 2.8 27.4 08:10 NE 28 25.8 34.5 13:29 19.8 06:43 0.0 7.5 0.0 4.4 27.0 12:12 N 29 20.5 24.5 16:02 17.4 06:10 0.1 2.4 0.0 2.8 15.8 16:47 SW 30 18.9 23.9 15:07 13.9 05:43 1.2 1.8 0.0 3.4 15.8 23:09 SSW 31 19.5 25.9 15:15 13.8 03:25 1.3 2.4 0.0 2.7 18.4 16:02 SSW ---------------------------------------------------------------------------------- 21.9 37.6 17 2.8 11 24.8 135.1 39.9 4.4 27.4 27 SSE Max >= 40.0: 0 Max <= 18.0: 0 Min <= 18.0: 25 Min <= 10.0: 1 Max Rain: 25.9 on day 24 Days of Rain: 4 (>= 0.2 mm) 3 (>= 2.0 mm) 1 (>= 20.0 mm) Heat Base: 18.3 Cool Base: 18.3 Method: Integration |