NOAA-Style Climate Reports
Select a Year or Month report
Report for 2023 Feb Monthly Climatological Summary for Feb 2023 Name: North Bayswater Weather City: Bayswater State: Victoria Elevation: 114 m Lat: S 37° 49' 25" Lon: E 145° 17' 47" Temperature (°C), Rain (mm), Wind Speed (km/h) Heat Cool Avg Mean Deg Deg Wind Dom Day Temp High Time Low Time Days Days Rain Speed High Time Dir ---------------------------------------------------------------------------------- 1 16.6 21.5 11:01 11.6 04:09 2.4 0.7 0.0 2.6 18.4 13:53 SW 2 14.3 22.3 14:15 10.5 04:49 4.6 0.6 11.4 4.7 31.3 15:28 NNW 3 13.2 17.3 17:25 11.1 01:35 5.1 0.0 8.8 4.6 29.5 17:10 WNW 4 16.0 20.2 17:31 11.9 09:00 2.5 0.2 6.2 4.8 27.4 14:52 SW 5 17.2 20.9 15:11 14.2 09:00 1.7 0.5 0.0 1.5 15.8 16:23 SW 6 18.0 22.8 16:53 15.6 03:26 1.2 0.9 0.0 1.8 13.0 14:23 SSW 7 17.8 24.3 15:47 12.1 06:04 2.1 1.6 0.0 3.1 17.6 19:02 SSW 8 19.3 26.2 16:13 12.8 05:15 1.6 2.6 0.0 2.1 15.1 16:50 SSW 9 23.0 31.2 15:46 16.1 09:00 0.3 5.0 0.0 1.4 12.6 18:57 SW 10 24.0 32.5 15:36 15.9 07:06 0.3 6.1 0.0 2.3 10.8 16:58 SW 11 22.9 31.8 12:20 16.7 06:17 0.2 4.8 1.0 3.9 23.0 13:23 SW 12 17.0 22.2 15:49 12.4 01:04 2.0 0.8 0.5 4.2 25.6 12:54 SW 13 16.3 22.5 15:29 -6.8 09:21 2.7 0.7 0.0 3.0 16.6 14:12 SSW 14 18.6 26.0 15:49 -6.2 23:04 1.9 2.3 0.0 3.4 20.9 19:06 S 15 24.8 33.0 15:46 1.2 14:56 0.1 6.6 0.0 2.8 16.9 09:29 NNE 16 29.2 36.9 14:34 23.1 09:00 0.0 10.9 0.0 5.1 27.0 13:08 NE 17 25.7 39.3 15:25 17.6 06:49 0.1 7.4 0.0 10.2 31.3 13:04 NNE 18 19.6 25.9 16:21 13.7 06:05 1.2 2.5 0.0 3.0 17.6 12:41 SW 19 21.5 29.5 16:35 14.6 05:54 0.8 4.0 0.0 2.2 13.3 15:16 SW 20 22.0 29.1 15:32 17.2 07:37 0.1 3.9 0.0 3.6 16.9 08:59 SW 21 18.7 24.2 14:26 14.0 06:30 1.2 1.6 0.0 4.1 21.2 10:27 S 22 23.1 30.8 14:49 16.9 09:00 0.0 4.8 0.0 2.8 21.6 08:26 ENE 23 25.4 31.9 16:41 19.3 05:25 0.0 7.1 0.0 5.7 22.7 09:39 NE 24 26.9 32.9 17:22 22.3 04:34 0.0 8.6 0.0 11.5 27.4 13:10 NE 25 21.6 27.0 09:44 16.3 07:09 0.3 3.6 0.5 4.0 23.8 09:04 NNE 26 19.6 25.5 15:02 16.1 03:02 0.5 1.9 0.0 3.2 19.1 16:09 SW 27 17.6 19.9 12:23 15.8 04:50 1.1 0.3 0.0 2.9 18.0 14:55 SSW 28 16.8 20.9 14:30 15.1 04:24 1.7 0.3 0.0 2.2 12.2 14:45 SSW ---------------------------------------------------------------------------------- 20.2 39.3 17 -6.8 13 35.7 90.3 28.4 3.8 31.3 2 WSW Max >= 40.0: 0 Max <= 18.0: 1 Min <= 18.0: 25 Min <= 10.0: 3 Max Rain: 11.4 on day 2 Days of Rain: 6 (>= 0.2 mm) 3 (>= 2.0 mm) 0 (>= 20.0 mm) Heat Base: 18.3 Cool Base: 18.3 Method: Integration |