NOAA-Style Climate Reports
Select a Year or Month report
Report for 2023 Apr Monthly Climatological Summary for Apr 2023 Name: North Bayswater Weather City: Bayswater State: Victoria Elevation: 114 m Lat: S 37° 49' 25" Lon: E 145° 17' 47" Temperature (°C), Rain (mm), Wind Speed (km/h) Heat Cool Avg Mean Deg Deg Wind Dom Day Temp High Time Low Time Days Days Rain Speed High Time Dir ---------------------------------------------------------------------------------- 1 12.1 16.4 14:50 7.4 06:41 6.4 0.0 0.0 2.5 14.8 09:31 SE 2 13.4 20.6 15:04 8.4 05:53 5.0 0.2 0.0 2.1 4.7 07:15 WSW 3 16.8 24.1 15:31 11.3 05:52 2.9 1.4 0.0 1.0 8.3 09:04 NE 4 18.9 26.4 12:58 14.4 00:57 1.5 2.1 0.0 0.9 0.0 09:00 NE 5 16.3 19.2 15:48 13.8 07:16 2.1 0.1 0.0 0.9 0.0 09:00 NE 6 19.8 25.8 12:20 16.4 04:28 0.6 2.2 3.6 0.9 0.0 09:00 NE 7 16.8 20.0 14:40 14.1 06:20 1.9 0.4 13.5 0.9 0.0 09:00 NE 8 12.9 17.4 14:31 10.4 06:50 5.4 0.0 11.9 0.9 0.0 09:00 NE 9 12.1 15.4 14:15 10.6 06:55 6.2 0.0 2.6 0.9 0.0 09:00 NE 10 12.8 15.3 12:59 11.1 06:09 5.5 0.0 0.0 0.9 0.0 09:00 NE 11 15.4 20.1 14:13 12.4 09:00 3.2 0.3 5.7 0.9 0.0 09:00 NE 12 14.3 18.4 16:04 9.9 06:21 4.0 0.0 1.6 0.9 0.0 09:00 NE 13 15.7 22.1 15:10 10.9 03:12 3.2 0.7 0.0 0.9 0.0 09:00 NE 14 18.5 24.5 15:46 13.1 09:00 1.2 1.4 0.0 0.9 0.0 09:00 NE 15 16.4 22.0 11:08 12.6 07:51 2.6 0.7 41.4 0.9 0.0 09:00 NE 16 11.5 15.7 15:57 7.5 06:16 6.8 0.0 7.3 0.9 0.0 09:00 NE 17 15.2 19.1 12:50 11.9 09:00 3.1 0.0 0.0 0.9 0.0 09:00 NE 18 17.2 22.7 14:21 13.8 01:55 2.1 1.0 2.1 0.9 0.0 09:00 NE 19 11.8 17.4 13:12 7.5 05:57 6.5 0.0 0.0 0.9 0.0 09:00 NE 20 14.8 18.5 14:33 10.7 09:00 3.5 0.0 0.0 0.9 0.0 09:00 NE 21 16.1 17.8 14:58 13.9 09:00 2.2 0.0 0.0 0.9 0.0 09:00 NE 22 16.0 20.6 14:23 12.9 05:16 2.6 0.3 0.0 0.9 0.0 09:00 NE 23 15.0 20.9 14:48 10.2 07:32 3.7 0.4 0.0 0.9 0.0 09:00 NE 24 17.4 24.5 14:49 11.8 06:38 2.6 1.6 0.0 0.9 0.0 09:00 NE 25 16.6 24.3 13:20 11.0 06:20 3.1 1.4 0.0 0.9 0.0 09:00 NE 26 19.5 23.9 14:24 15.3 09:00 0.3 1.5 0.0 0.9 0.0 09:00 NE 27 19.4 21.5 14:59 16.9 12:01 0.1 1.2 0.5 0.9 0.0 09:00 NE 28 14.4 22.3 13:15 8.6 06:54 4.4 0.5 6.7 0.9 0.0 09:00 NE 29 10.0 16.0 15:28 4.9 05:44 8.3 0.0 0.0 0.9 0.0 09:00 NE 30 11.3 17.1 14:06 6.2 09:00 7.0 0.0 0.0 0.9 0.0 09:00 NE ---------------------------------------------------------------------------------- 15.3 26.4 4 4.9 29 108.0 17.4 96.9 1.0 14.8 1 NE Max >= 40.0: 0 Max <= 18.0: 9 Min <= 18.0: 30 Min <= 10.0: 8 Max Rain: 41.4 on day 15 Days of Rain: 11 (>= 0.2 mm) 9 (>= 2.0 mm) 1 (>= 20.0 mm) Heat Base: 18.3 Cool Base: 18.3 Method: Integration |