NOAA-Style Climate Reports
Select a Year or Month report
Report for 2023 Jun Monthly Climatological Summary for Jun 2023 Name: North Bayswater Weather City: Bayswater State: Victoria Elevation: 114 m Lat: S 37° 49' 25" Lon: E 145° 17' 47" Temperature (°C), Rain (mm), Wind Speed (km/h) Heat Cool Avg Mean Deg Deg Wind Dom Day Temp High Time Low Time Days Days Rain Speed High Time Dir ---------------------------------------------------------------------------------- 1 10.4 15.2 13:37 5.4 06:30 7.9 0.0 0.0 1.9 18.4 14:18 SW 2 10.8 13.8 13:22 6.1 09:00 7.5 0.0 2.1 2.4 23.0 13:52 NNE 3 11.6 15.3 14:26 8.8 03:21 6.7 0.0 1.0 0.9 8.6 12:43 SE 4 12.2 18.3 15:08 8.8 07:48 5.8 0.0 0.0 0.9 12.2 09:51 N 5 15.2 19.1 13:38 10.4 09:00 3.2 0.0 0.0 4.1 5.0 10:59 NNE 6 15.4 17.1 13:19 14.2 00:15 3.8 0.0 3.1 0.6 14.4 10:52 NE 7 15.7 17.4 10:21 13.8 07:51 2.6 0.0 14.5 0.0 0.0 09:00 --- 8 12.8 16.1 13:36 9.1 08:09 5.5 0.0 2.6 0.0 0.0 09:00 --- 9 10.7 14.9 13:16 7.5 06:37 7.6 0.0 0.0 0.0 0.0 09:00 --- 10 12.2 14.5 12:39 8.9 09:00 6.1 0.0 0.0 0.0 0.0 09:00 --- 11 12.6 16.3 12:21 10.5 05:01 5.7 0.0 0.0 0.0 0.0 09:00 --- 12 11.6 14.9 13:19 9.8 22:18 6.7 0.0 0.0 0.0 0.0 09:00 --- 13 10.8 13.6 12:03 8.7 08:31 7.5 0.0 3.1 0.0 0.0 09:00 --- 14 10.6 13.3 12:03 8.5 21:05 7.7 0.0 0.5 0.0 0.0 09:00 --- 15 12.2 13.8 14:41 10.7 02:00 6.1 0.0 0.5 0.0 0.0 09:00 --- 16 12.9 16.5 15:01 10.6 07:30 5.4 0.0 0.0 0.0 0.0 09:00 --- 17 11.6 16.4 14:17 6.8 07:31 6.7 0.0 7.3 0.0 0.0 09:00 --- 18 10.8 13.5 13:14 7.8 08:48 7.5 0.0 10.9 5.7 22.7 13:16 N 19 7.1 10.9 14:11 4.8 01:56 11.2 0.0 1.5 1.7 16.9 14:33 W 20 7.4 11.9 14:26 3.9 07:42 10.9 0.0 0.0 1.0 11.2 14:19 NNE 21 7.9 11.8 13:12 5.4 09:00 10.4 0.0 0.0 1.7 17.3 12:10 NNE 22 10.1 13.3 13:16 7.5 09:00 8.2 0.0 0.5 6.7 30.6 21:41 NE 23 9.5 11.2 13:56 8.0 03:55 8.8 0.0 0.5 6.8 24.5 08:21 NE 24 10.3 14.9 13:47 7.6 05:25 8.0 0.0 0.0 8.1 27.4 16:23 NE 25 10.1 11.4 08:35 8.6 09:00 8.2 0.0 1.5 7.0 27.0 09:07 NNE 26 10.1 13.8 12:54 6.2 06:20 8.2 0.0 1.6 2.2 18.4 12:41 WSW 27 10.6 13.1 13:15 8.4 09:00 7.7 0.0 0.5 3.9 16.6 12:45 NNE 28 8.8 11.9 11:02 6.2 08:03 9.5 0.0 6.2 1.4 15.5 12:36 WSW 29 10.3 11.4 15:01 6.6 09:00 8.0 0.0 0.0 3.9 20.9 17:10 W 30 11.2 13.9 14:31 9.6 05:51 7.1 0.0 0.5 3.4 15.5 12:08 WSW ---------------------------------------------------------------------------------- 11.1 19.1 5 3.9 20 216.2 0.0 58.4 2.1 30.6 22 N Max >= 40.0: 0 Max <= 18.0: 28 Min <= 18.0: 30 Min <= 10.0: 24 Max Rain: 14.5 on day 7 Days of Rain: 18 (>= 0.2 mm) 8 (>= 2.0 mm) 0 (>= 20.0 mm) Heat Base: 18.3 Cool Base: 18.3 Method: Integration |