NOAA-Style Climate Reports
Select a Year or Month report
Report for 2023 Jul Monthly Climatological Summary for Jul 2023 Name: North Bayswater Weather City: Bayswater State: Victoria Elevation: 114 m Lat: S 37° 49' 25" Lon: E 145° 17' 47" Temperature (°C), Rain (mm), Wind Speed (km/h) Heat Cool Avg Mean Deg Deg Wind Dom Day Temp High Time Low Time Days Days Rain Speed High Time Dir ---------------------------------------------------------------------------------- 1 10.8 12.9 14:25 9.6 07:46 7.5 0.0 1.0 2.0 21.6 12:55 SW 2 10.3 12.6 16:00 6.8 06:22 7.6 0.0 0.5 0.4 7.6 12:43 S 3 10.2 13.1 14:56 7.7 09:00 8.1 0.0 0.0 1.8 14.4 11:20 NE 4 11.9 13.8 13:54 10.9 04:54 6.4 0.0 2.1 1.4 10.1 09:03 NE 5 10.5 12.6 14:30 9.0 05:02 7.8 0.0 0.0 6.6 20.9 23:39 NE 6 10.9 14.6 12:15 8.9 01:32 7.4 0.0 2.1 7.7 26.6 13:26 NNE 7 11.9 14.5 12:23 9.6 08:27 6.4 0.0 1.0 8.2 29.5 02:04 NNE 8 11.0 13.9 14:40 9.4 03:18 7.3 0.0 1.6 6.0 28.4 16:16 WNW 9 12.3 14.9 15:18 10.4 09:00 6.0 0.0 1.0 2.5 19.1 14:52 W 10 12.9 15.5 15:04 11.1 05:47 5.4 0.0 0.5 4.5 16.2 20:28 N 11 12.5 16.2 12:53 9.5 04:25 5.8 0.0 0.0 3.1 15.1 11:53 N 12 11.9 16.5 12:29 9.0 00:09 6.4 0.0 0.0 5.3 20.5 08:57 NNE 13 12.9 16.2 13:46 11.0 09:00 5.4 0.0 0.0 10.8 31.7 18:16 NNE 14 12.3 15.3 13:02 10.0 07:41 6.0 0.0 0.0 8.7 30.6 13:26 NNE 15 9.1 13.4 10:30 4.6 03:02 9.2 0.0 0.5 1.3 16.6 15:54 WNW 16 9.2 14.1 14:08 3.9 05:48 9.1 0.0 0.0 1.5 9.4 12:08 NNE 17 9.7 15.8 14:48 5.4 09:00 8.6 0.0 0.0 4.1 22.0 13:07 NE 18 8.5 12.5 15:19 4.8 03:32 9.8 0.0 1.0 2.7 21.2 15:54 WNW 19 8.5 12.7 15:04 6.3 20:19 9.8 0.0 0.0 6.2 37.8 07:48 NE 20 9.3 12.3 12:34 6.7 05:59 9.0 0.0 2.6 4.9 35.6 12:21 NNE 21 8.7 13.1 15:03 5.8 07:52 9.6 0.0 0.0 1.1 12.6 14:16 SW 22 10.6 14.1 12:29 6.8 09:00 7.7 0.0 0.0 2.8 18.4 13:26 NE 23 9.4 12.4 14:41 6.2 01:01 8.9 0.0 1.6 1.1 9.7 14:48 NE 24 10.6 11.8 16:55 8.8 09:00 7.7 0.0 0.5 1.2 8.3 10:40 NE 25 8.8 14.9 15:27 4.6 05:57 9.8 0.0 0.0 1.2 8.3 05:46 ENE 26 8.2 13.9 12:37 3.4 05:54 10.1 0.0 0.0 ---- 18.7 08:32 NNE 27 13.7 16.8 14:34 8.5 09:00 4.6 0.0 7.8 ---- 29.9 00:23 NE 28 13.2 17.5 14:01 10.2 03:50 5.1 0.0 0.0 ---- 16.9 12:48 NNE 29 13.2 17.6 14:33 9.9 04:24 5.1 0.0 0.0 ---- 22.7 12:03 NNE 30 12.5 17.0 14:02 8.6 01:56 5.8 0.0 5.2 ---- 28.1 12:00 N 31 13.0 15.9 14:32 10.4 09:00 5.3 0.0 0.0 ---- 38.5 17:08 NNW ---------------------------------------------------------------------------------- 10.9 17.6 29 3.4 26 228.7 0.0 29.0 4.0 38.5 31 NNE Max >= 40.0: 0 Max <= 18.0: 31 Min <= 18.0: 31 Min <= 10.0: 25 Max Rain: 7.8 on day 27 Days of Rain: 15 (>= 0.2 mm) 5 (>= 2.0 mm) 0 (>= 20.0 mm) Heat Base: 18.3 Cool Base: 18.3 Method: Integration |