NOAA-Style Climate Reports
Select a Year or Month report
Report for 2023 Aug Monthly Climatological Summary for Aug 2023 Name: North Bayswater Weather City: Bayswater State: Victoria Elevation: 114 m Lat: S 37° 49' 25" Lon: E 145° 17' 47" Temperature (°C), Rain (mm), Wind Speed (km/h) Heat Cool Avg Mean Deg Deg Wind Dom Day Temp High Time Low Time Days Days Rain Speed High Time Dir ---------------------------------------------------------------------------------- 1 10.1 14.8 12:59 4.6 06:25 8.2 0.0 0.0 2.0 15.5 13:42 WSW 2 12.7 16.8 13:40 7.1 09:00 5.6 0.0 0.0 6.7 23.4 13:59 NNE 3 16.8 20.0 14:09 14.1 09:00 1.8 0.2 0.0 12.5 31.7 19:53 NNE 4 13.1 18.4 11:10 8.8 06:01 5.2 0.0 0.0 6.4 38.2 13:23 N 5 10.8 13.9 15:29 8.9 02:07 7.5 0.0 0.0 1.4 11.9 10:16 SW 6 11.0 14.4 13:12 7.7 04:01 7.0 0.0 0.0 1.4 13.3 14:37 SW 7 9.5 15.3 12:58 4.9 03:41 8.8 0.0 0.0 1.8 11.9 14:30 S 8 8.7 14.8 15:23 4.9 04:40 9.6 0.0 0.0 1.5 17.3 08:42 N 9 14.2 18.1 13:38 10.1 09:00 4.1 0.0 4.1 9.8 33.8 14:37 NNE 10 11.7 13.8 14:47 10.1 06:23 6.6 0.0 0.0 2.9 26.6 14:19 WSW 11 11.8 14.8 13:58 9.9 04:06 6.5 0.0 0.0 5.2 92.2 18:59 NNE 12 11.1 15.0 12:40 7.8 04:10 7.2 0.0 6.7 1.6 95.0 10:14 NNW 13 8.6 13.4 13:10 4.1 03:52 10.1 0.0 0.0 1.0 7.2 15:42 SW 14 7.2 12.1 14:03 2.2 05:02 11.1 0.0 0.5 1.1 10.4 15:26 SSW 15 6.6 13.9 15:00 1.3 05:57 11.7 0.0 0.0 1.1 10.1 14:28 N 16 10.0 15.1 14:10 5.3 09:00 8.3 0.0 0.0 4.9 17.3 14:40 NNE 17 10.5 12.9 12:24 8.6 06:00 7.8 0.0 7.8 6.3 25.2 11:54 NNE 18 9.1 11.6 14:25 7.9 01:02 9.2 0.0 6.7 4.0 22.0 11:28 WSW 19 11.4 12.8 17:57 8.9 09:00 6.9 0.0 1.0 2.8 16.6 23:57 NE 20 13.6 17.7 15:11 10.5 06:22 4.7 0.0 3.6 4.0 16.6 08:56 NNE 21 14.4 18.3 12:56 11.3 06:02 3.9 0.0 0.5 7.5 28.1 12:39 NE 22 10.3 15.3 09:15 4.8 06:33 8.0 0.0 7.3 1.4 14.8 10:45 SW 23 11.9 16.0 15:33 8.2 09:00 6.4 0.0 0.0 3.2 13.0 12:20 NNE 24 12.9 17.8 15:07 9.9 05:38 5.7 0.0 0.0 7.6 23.4 13:33 NNE 25 14.2 20.4 14:46 10.4 07:22 4.4 0.2 0.0 3.6 20.9 11:03 NNW 26 12.5 16.9 13:50 9.1 07:32 5.8 0.0 0.0 1.0 7.9 16:26 SSW 27 12.7 18.6 15:45 7.8 04:38 5.6 0.0 0.0 1.3 11.2 15:58 WSW 28 13.1 18.6 15:10 10.1 09:00 5.2 0.0 0.5 2.4 16.2 08:52 NE 29 15.8 18.8 11:29 13.3 08:54 2.5 0.0 4.7 9.2 29.5 10:25 NE 30 10.8 14.1 14:50 6.9 04:24 7.5 0.0 3.6 2.5 16.9 11:54 SW 31 11.7 14.2 14:23 9.4 09:00 6.6 0.0 2.6 2.4 18.4 14:34 WSW ---------------------------------------------------------------------------------- 11.6 20.4 25 1.3 15 209.5 0.4 49.6 3.9 95.0 12 NNE Max >= 40.0: 0 Max <= 18.0: 23 Min <= 18.0: 31 Min <= 10.0: 23 Max Rain: 7.8 on day 17 Days of Rain: 13 (>= 0.2 mm) 9 (>= 2.0 mm) 0 (>= 20.0 mm) Heat Base: 18.3 Cool Base: 18.3 Method: Integration |