NOAA-Style Climate Reports
Select a Year or Month report
Report for 2023 Oct Monthly Climatological Summary for Oct 2023 Name: North Bayswater Weather City: Bayswater State: Victoria Elevation: 114 m Lat: S 37° 49' 25" Lon: E 145° 17' 47" Temperature (°C), Rain (mm), Wind Speed (km/h) Heat Cool Avg Mean Deg Deg Wind Dom Day Temp High Time Low Time Days Days Rain Speed High Time Dir ---------------------------------------------------------------------------------- 1 14.0 21.7 09:09 6.6 07:33 4.9 0.7 0.0 3.3 9.4 09:00 NW 2 22.5 27.3 17:11 9.9 09:00 0.4 4.5 3.6 8.0 31.0 02:55 NNE 3 14.1 19.2 09:00 11.1 03:45 4.2 0.0 45.6 2.0 12.2 11:42 N 4 10.9 12.8 14:22 9.3 06:35 7.4 0.0 2.6 3.8 22.3 22:43 SSW 5 12.0 14.5 16:26 9.1 05:56 6.3 0.0 11.4 3.4 28.1 10:56 WSW 6 11.2 16.4 14:47 7.6 00:47 7.1 0.0 0.0 2.2 21.2 14:32 S 7 10.6 17.3 15:21 4.6 06:53 7.7 0.0 0.0 2.1 14.4 14:08 S 8 13.0 19.6 15:29 7.3 04:52 5.4 0.1 0.0 2.1 19.1 18:14 SW 9 13.8 19.2 14:15 11.1 04:55 4.5 0.0 0.0 2.1 15.8 14:28 SW 10 13.2 20.0 15:06 6.9 04:05 5.3 0.2 0.0 2.6 16.6 08:56 SSW 11 20.9 26.8 16:06 13.3 09:00 0.2 2.8 1.5 9.3 29.5 05:08 NE 12 12.1 15.9 15:46 10.3 01:05 6.2 0.0 13.0 3.2 20.5 16:01 WSW 13 13.6 17.2 15:35 11.4 06:30 4.7 0.0 0.0 4.2 21.2 13:58 W 14 14.1 18.5 17:06 11.2 06:10 4.2 0.0 0.0 4.9 23.0 11:38 WSW 15 13.2 17.8 15:36 9.5 08:29 5.1 0.0 8.8 3.6 18.0 05:10 W 16 10.6 15.3 15:20 7.6 02:57 7.7 0.0 3.6 4.0 34.2 11:48 SW 17 13.2 19.6 15:41 7.1 06:19 5.2 0.2 0.0 2.5 16.9 16:20 SSW 18 17.2 24.9 17:08 10.5 04:40 3.0 1.9 0.0 3.7 25.6 11:49 NNE 19 19.8 27.4 16:09 12.0 06:19 1.7 3.3 0.0 2.7 19.1 11:12 NW 20 24.2 30.1 15:53 19.3 09:00 0.0 5.9 0.0 6.0 19.8 00:58 NE 21 16.9 23.6 13:30 11.2 07:57 3.0 1.6 0.5 4.8 27.0 15:28 NNW 22 12.1 13.9 12:22 10.7 05:20 6.2 0.0 2.6 6.7 30.6 12:31 WSW 23 14.3 17.9 17:30 11.4 09:00 4.0 0.0 0.0 5.4 31.3 08:57 NE 24 16.4 26.8 15:18 7.9 05:28 3.8 1.9 0.0 8.3 33.5 10:59 WNW 25 10.2 14.9 11:36 6.2 05:51 8.1 0.0 2.1 3.9 28.1 12:34 WSW 26 11.7 15.2 13:08 7.9 06:24 6.6 0.0 0.5 3.1 24.5 14:03 SSW 27 15.7 22.8 16:09 8.8 05:10 3.6 1.0 0.0 3.3 22.0 07:06 NE 28 16.5 22.5 17:54 8.6 06:30 3.0 1.2 0.0 6.8 32.4 17:41 NNE 29 18.5 28.3 15:17 13.0 06:31 2.1 2.3 0.0 3.6 23.0 18:21 W 30 15.6 24.6 15:07 8.9 06:13 3.9 1.2 2.6 5.9 29.9 17:32 W 31 13.8 18.3 17:29 11.2 05:20 4.5 0.0 0.0 4.2 22.7 10:32 SW ---------------------------------------------------------------------------------- 14.7 30.1 20 4.6 7 140.0 28.8 98.4 4.2 34.2 16 WNW Max >= 40.0: 0 Max <= 18.0: 12 Min <= 18.0: 30 Min <= 10.0: 17 Max Rain: 45.6 on day 3 Days of Rain: 13 (>= 0.2 mm) 10 (>= 2.0 mm) 1 (>= 20.0 mm) Heat Base: 18.3 Cool Base: 18.3 Method: Integration |