NOAA-Style Climate Reports
Select a Year or Month report
Report for 2023 Dec Monthly Climatological Summary for Dec 2023 Name: North Bayswater Weather City: Bayswater State: Victoria Elevation: 114 m Lat: S 37° 49' 25" Lon: E 145° 17' 47" Temperature (°C), Rain (mm), Wind Speed (km/h) Heat Cool Avg Mean Deg Deg Wind Dom Day Temp High Time Low Time Days Days Rain Speed High Time Dir ---------------------------------------------------------------------------------- 1 18.9 24.6 14:40 15.6 04:48 0.9 1.5 2.1 3.9 19.1 14:31 SSE 2 15.3 17.1 11:44 13.8 03:35 3.0 0.0 5.2 3.6 19.8 14:33 SW 3 18.7 25.8 15:43 12.6 05:45 0.0 0.4 0.0 3.1 15.8 11:18 ENE 4 24.3 32.7 16:45 14.6 06:17 0.5 6.5 0.0 5.3 24.5 09:50 NNW 5 21.0 30.6 13:31 14.4 06:39 1.1 3.8 0.0 2.5 10.4 10:55 ENE 6 19.4 26.2 14:53 12.3 06:40 1.5 2.7 0.0 2.6 18.0 11:28 SW 7 22.9 28.5 17:39 15.3 09:00 0.1 4.7 0.0 3.6 14.8 05:49 NE 8 24.3 33.9 14:57 17.9 07:43 0.0 6.1 5.7 8.6 33.5 12:48 NNE 9 15.9 18.8 11:30 13.9 02:54 2.4 0.0 6.2 2.9 16.9 12:58 SW 10 18.3 20.8 16:32 15.4 09:00 0.5 0.5 0.5 2.3 14.8 00:10 SW 11 20.0 21.9 12:46 18.7 04:57 0.0 1.7 0.0 1.8 15.1 19:23 SW 12 28.1 35.4 16:41 20.1 09:00 0.0 9.8 0.0 0.7 7.6 10:33 W 13 25.5 35.1 13:01 16.9 06:06 0.1 7.3 3.1 0.6 0.0 09:00 W 14 19.9 27.0 16:06 14.2 06:39 0.7 2.3 0.0 0.6 0.0 09:00 W 15 19.4 26.3 16:39 14.3 07:01 1.2 2.3 0.0 0.6 0.0 09:00 W 16 18.3 23.2 17:13 12.4 06:24 1.5 1.4 0.0 0.5 0.0 09:00 W 17 21.0 27.6 17:14 15.9 03:33 0.6 3.3 0.5 3.0 19.1 15:04 SSE 18 22.1 26.3 12:35 15.9 08:12 0.3 4.0 1.0 0.8 10.1 07:27 ENE 19 14.8 18.4 16:35 11.4 05:09 3.5 0.0 2.1 2.7 18.4 01:11 S 20 18.6 23.9 16:49 14.9 03:33 1.2 1.5 0.0 5.8 24.1 19:45 S 21 20.7 27.4 14:09 14.8 06:00 0.9 3.3 0.0 5.9 29.5 16:22 SE 22 19.8 27.3 14:59 11.6 06:07 1.7 3.2 0.0 3.3 22.7 14:32 SSE 23 20.6 28.6 15:30 13.5 06:27 1.2 3.5 0.0 3.0 16.6 16:36 SW 24 21.2 29.1 15:56 16.9 00:07 0.2 3.1 9.3 4.7 23.0 02:02 SSE 25 18.1 20.9 08:59 17.3 16:25 0.4 0.2 20.7 2.9 19.4 10:32 ESE 26 19.8 26.3 11:52 16.4 05:11 0.4 2.0 5.7 2.3 21.6 13:59 ESE 27 22.1 28.1 13:39 18.3 07:00 0.0 3.8 0.0 3.3 15.5 14:56 SW 28 18.6 23.3 13:59 13.2 06:25 1.2 1.5 0.0 3.0 16.6 17:42 SW 29 18.6 23.7 16:07 14.9 04:34 1.3 1.6 0.0 4.9 16.9 18:54 SW 30 16.6 21.1 15:44 13.4 06:41 2.1 0.4 1.0 4.1 28.8 19:42 SW 31 18.8 24.9 13:50 12.9 05:04 1.6 2.1 0.0 3.8 18.7 20:02 SSW ---------------------------------------------------------------------------------- 20.1 35.4 12 11.4 19 30.1 84.5 63.1 3.1 33.5 8 S Max >= 40.0: 0 Max <= 18.0: 1 Min <= 18.0: 28 Min <= 10.0: 0 Max Rain: 20.7 on day 25 Days of Rain: 13 (>= 0.2 mm) 9 (>= 2.0 mm) 1 (>= 20.0 mm) Heat Base: 18.3 Cool Base: 18.3 Method: Integration |