NOAA-Style Climate Reports
Select a Year or Month report
Report for 2024 Jan Monthly Climatological Summary for Jan 2024 Name: North Bayswater Weather City: Bayswater State: Victoria Elevation: 114 m Lat: S 37° 49' 25" Lon: E 145° 17' 47" Temperature (°C), Rain (mm), Wind Speed (km/h) Heat Cool Avg Mean Deg Deg Wind Dom Day Temp High Time Low Time Days Days Rain Speed High Time Dir ---------------------------------------------------------------------------------- 1 23.3 31.1 15:01 18.1 09:00 0.0 5.1 0.0 3.2 21.2 17:26 SW 2 22.1 32.5 13:47 17.3 03:08 0.2 3.9 10.9 3.3 36.0 20:24 E 3 22.5 29.8 16:38 17.9 05:38 0.0 4.2 2.6 3.3 10.1 21:25 SW 4 21.0 26.3 15:55 15.9 05:51 0.0 2.7 0.0 3.1 16.9 16:26 SW 5 23.2 31.2 16:47 17.0 04:51 0.2 5.1 0.0 2.4 9.7 14:54 SSW 6 27.8 33.4 15:27 22.7 09:00 0.0 9.5 0.0 6.2 14.0 12:18 E 7 21.7 27.3 10:18 20.4 20:52 0.0 3.4 45.6 5.9 16.2 12:50 NNE 8 18.6 21.0 09:02 15.5 06:12 0.5 0.9 23.8 1.9 17.6 15:57 SW 9 22.6 28.5 16:58 17.3 05:34 0.1 4.4 0.0 0.0 0.0 09:00 --- 10 22.3 30.8 11:21 15.8 03:36 0.5 4.5 0.0 6.6 9.4 13:50 WSW 11 22.1 29.1 16:20 16.1 03:50 0.4 4.1 0.0 7.6 7.6 09:00 WSW 12 26.3 35.4 15:43 18.5 06:14 0.0 8.0 0.0 7.6 7.6 09:00 WSW 13 18.3 24.1 13:14 15.3 01:09 1.2 1.2 0.5 7.6 7.6 09:00 WSW 14 21.7 28.3 15:36 16.9 06:33 0.1 3.5 0.0 7.6 7.6 09:00 WSW 15 25.2 31.5 15:59 20.3 05:04 0.0 6.9 1.6 7.6 7.6 09:00 WSW 16 27.3 33.3 15:25 22.3 08:47 0.0 9.0 1.0 7.6 7.6 09:00 WSW 17 18.1 22.5 16:34 13.4 06:38 1.4 1.2 14.5 7.6 7.6 09:00 WSW 18 17.7 21.9 17:40 14.5 06:07 1.4 0.8 1.5 7.6 7.6 09:00 WSW 19 16.4 20.1 18:11 12.7 04:45 2.1 0.2 0.0 7.6 7.6 09:00 WSW 20 22.1 28.4 17:38 16.5 09:00 0.2 4.0 0.0 7.6 7.6 09:00 WSW 21 18.4 23.6 16:04 -5.2 10:19 1.2 1.3 0.0 7.6 7.6 09:00 WSW 22 17.5 23.9 15:35 11.9 06:26 2.1 1.4 0.0 7.6 7.6 09:00 WSW 23 26.4 32.8 17:36 16.1 09:00 0.1 8.1 0.0 7.6 7.6 09:00 WSW 24 24.0 33.6 13:41 17.9 04:06 0.0 5.7 0.0 7.6 7.6 09:00 WSW 25 19.4 25.6 12:59 15.4 06:29 0.8 1.9 5.2 7.6 7.6 09:00 WSW 26 17.5 24.2 16:13 10.6 06:23 2.4 1.6 0.0 7.6 7.6 09:00 WSW 27 19.9 25.8 17:03 14.3 06:52 0.8 2.4 0.0 7.6 7.6 09:00 WSW 28 21.8 27.9 17:43 16.4 06:03 0.3 3.8 0.0 7.6 7.6 09:00 WSW 29 23.3 31.3 12:59 17.1 04:39 0.2 5.1 0.0 7.6 7.6 09:00 WSW 30 21.3 29.9 15:15 14.7 06:33 0.7 3.7 0.0 7.6 7.6 09:00 WSW 31 19.5 25.4 15:18 15.2 02:41 0.9 2.1 0.0 7.6 7.6 09:00 WSW ---------------------------------------------------------------------------------- 21.6 35.4 12 -5.2 21 17.8 119.7 107.2 6.3 36.0 2 WSW Max >= 40.0: 0 Max <= 18.0: 0 Min <= 18.0: 25 Min <= 10.0: 1 Max Rain: 45.6 on day 7 Days of Rain: 10 (>= 0.2 mm) 6 (>= 2.0 mm) 2 (>= 20.0 mm) Heat Base: 18.3 Cool Base: 18.3 Method: Integration |